{"id":996,"date":"2023-07-09T01:26:25","date_gmt":"2023-07-09T01:26:25","guid":{"rendered":"https:\/\/www.optimiseconsulting.eu\/index.php\/16-x-ru\/"},"modified":"2023-07-09T01:26:25","modified_gmt":"2023-07-09T01:26:25","slug":"16-x-ru","status":"publish","type":"page","link":"https:\/\/www.optimiseconsulting.eu\/index.php\/16-x-ru\/","title":{"rendered":"16 x ru"},"content":{"rendered":"<p><!doctype html> cp \u0432\u0438\u0434\u0435\u043e HemugAtuba467 <a href=\"https:\/\/pixhost.to\/show\/91\/365548154_page1.jpg\"><img decoding=\"async\" src=\"https:\/\/t88.pixhost.to\/thumbs\/91\/365548154_page1.jpg\" alt=\"nn model\" class=\"\"\/><\/a> <a href=\"https:\/\/pixhost.to\/show\/91\/365548165_page2.jpg\"><img decoding=\"async\" src=\"https:\/\/t88.pixhost.to\/thumbs\/91\/365548165_page2.jpg\" alt=\"\u0440\u0443\u0441\u0441\u043a\u043e\u0435 \u043f\u043e\u0440\u043d\u043e \u0438\u0437\u043d\u0430\u0441\u0438\u043b\u043e\u0432\u0430\u043d\u0438\u0435 \u043c\u0430\u043b\u043e\u043b\u0435\u0442\u043a\u0438\" class=\"\"\/><\/a> <\/p>\n<h1>Imagen webcam porno adolescente SEX BABES VIDS SEX CAM. foto videos de webcam para adolescentes HD COLLEGE GIRLS FUCKING. foto webcam adolescente porno CHILD STREAMING foto. avec webcam teen videos DAUGHTER LOVE KIDS LINK EXPOSED SLUT avec webcam teen videos. forumu GIRLS PRIORI RUSSIAN TEENS forumu HENTAI GIRLS. \u0420\u0443\u0441\u0441\u043a\u043e\u0435 \u043f\u043e\u0440\u043d\u043e \u043c\u0430\u043c\u0430 \u0438 \u0434\u043e\u0447\u044c, \u0417\u0410\u041f\u0418\u0421\u0418 WEBCAM \u041c\u041e\u0414\u0415\u041b\u0415\u0419 FULL COLLECTION VIDEO CP LINKS. sur webcam teen videos MEGA LINKS PRIVATS VIDEOS TORRENT DOWNLOAD sur \u0443\u043c. foto webcam teen videos DARK YOUNG TEEN SEX RUSSIAN foto \u043c. . typewritten copy \u043f\u043e\u0440\u043d\u043e \u0441\u0440\u0435\u0434\u0438 \u0434\u0435\u0442\u0435\u0439k, \u043f\u043e\u0440\u0435\u0432\u043e \u0434\u0435\u0442\u043a\u0438kk PineOla45.<\/h1>\n<p>videos videos de adolescentes webcam PRIVATS FORBIDDEN VIDEO STUDIO. assistir v\u00eddeos pornogr\u00e1ficos de crian\u00e7as pequenas. foto videos de webcam para adolescentes MAM\u00c1 HIJO INCESTO REAL. forum webcam teen videos CHILD HARDCORE PORN NAKED. foro webcam adolescente MEGA ENLACES VIDEOS PRIVADOS TORRENT DESCARGAR foro webcam adolescente. \u00d6ZEL forum web kameras\u0131 gen\u00e7 PRETEEN PAYLA\u015eILAN V\u0130DEOLAR. c\u00e1mara web del foro BABY HEART CHAT ROOMS SITIOS WEB OSCUROS c\u00e1mara. \u0444\u043e\u0440\u0443\u043c webcam teen porn TEEN SCHOOL GIRL \u0444\u043e\u0440\u0443\u043c webcam adolescente. foro webcam HIJA AMOR NI\u00d1OS ENLACE EXPUESTO PUTA foro. cp jb porn download free, \u0440\u0443\u0441\u0441\u043a\u043e\u0435 \u043f\u043e\u0440\u043d\u043e \u043c\u0430\u043b\u043e\u043b\u0435\u0442\u043a\u0438 \u0432 \u0447\u0443\u043b\u043a\u0430\u0445k \u0441\u0435\u043a\u0441 \u043f\u044c\u043d\u044b\u0445 \u0434\u0435\u0442\u0435\u0439, \u043f\u043e\u0440\u043d\u043e \u0432\u0438\u0434\u0435\u043e \u0434\u043e\u0447\u044c \u0441\u043e\u0431\u043b\u0430\u0437\u043d\u044f\u0435\u0442 \u043e\u0442\u0446\u0430kk \u0421\u041b\u0418\u0412\u042b \u0428\u041a\u041e\u041b\u042c\u041d\u0418\u041a\u041e\u0412 14<\/><\/p>\n<p>drenando potro e shelly 18 foto de muffin drenando lombo e. forum web kameras\u0131 Dosyalar\u0131n\u0131z\u0131 payla\u015f\u0131n dosya payla\u015f\u0131m\u0131. \u0444\u043e\u0440\u0443\u043c webcam teen porn EROTIC DVD CHILD IN PANTIES. Fotos von nackten Teenagern, Fotos von nackten MILFs in Kontakt,. Webcam-Teenager-Videos TEENS-M\u00c4DCHEN-Forum Webcam-Teenager-Videos TEENS. sur webcam teen vid\u00e9os Facebook HOT and SEXY comptes enfants. forum webcam teen videos DAUGHTER LOVE KIDS LINK EXPOSED SLUT. foto \u0443\u043c webcam adolescente porno EENS JAPON\u00c9S ADULT VIDEO. c\u00e1mara web del foro ZOOFILIA VIDEOS ALICE IN WONDERLAND c\u00e1mara web del foro. lolita gifkk 409GB VIDEOS CHILD PORN Soles Nylon Lingerie<\/><\/p>\n<h2>2.4TB PRIVATE VIDEO LINK FOR TORRENT CLIENT<\/h2>\n<p> magnet:?xt=urn:btih:38D66BF77DBF45A173FF6009C3ED0895C403AFDA <\/p>\n<h3>WEBSITE: OPEN IN AN ANONYMOUS BROWSER (the link does not work in other browsers!) <a href=\"https:\/\/www.torproject.org\/download\/\">TOR BROWSER<\/a><\/h3>\n<p> <a href=\"http:\/\/dvhdl7akyhos236m76re43nbggcvu5bkxcmfomxsa32ugz6gg2vzdfid.onion\">Www. dvhdl7akyhos236m76re43nbggcvu5bkxcmfomxsa32ugz6gg2vzdfid. onion<\/a><\/p>\n","protected":false},"excerpt":{"rendered":"<p>cp \u0432\u0438\u0434\u0435\u043e HemugAtuba467 Imagen webcam porno adolescente SEX BABES VIDS SEX CAM. foto videos de webcam para adolescentes HD COLLEGE GIRLS FUCKING. foto webcam adolescente porno CHILD STREAMING foto. avec webcam teen videos DAUGHTER LOVE KIDS LINK EXPOSED SLUT avec webcam teen videos. forumu GIRLS PRIORI RUSSIAN TEENS forumu HENTAI GIRLS. \u0420\u0443\u0441\u0441\u043a\u043e\u0435 \u043f\u043e\u0440\u043d\u043e \u043c\u0430\u043c\u0430 \u0438 [&hellip;]<\/p>\n","protected":false},"author":2,"featured_media":0,"parent":0,"menu_order":0,"comment_status":"closed","ping_status":"closed","template":"","meta":{"footnotes":""},"class_list":["post-996","page","type-page","status-publish","hentry"],"_links":{"self":[{"href":"https:\/\/www.optimiseconsulting.eu\/index.php\/wp-json\/wp\/v2\/pages\/996","targetHints":{"allow":["GET"]}}],"collection":[{"href":"https:\/\/www.optimiseconsulting.eu\/index.php\/wp-json\/wp\/v2\/pages"}],"about":[{"href":"https:\/\/www.optimiseconsulting.eu\/index.php\/wp-json\/wp\/v2\/types\/page"}],"author":[{"embeddable":true,"href":"https:\/\/www.optimiseconsulting.eu\/index.php\/wp-json\/wp\/v2\/users\/2"}],"replies":[{"embeddable":true,"href":"https:\/\/www.optimiseconsulting.eu\/index.php\/wp-json\/wp\/v2\/comments?post=996"}],"version-history":[{"count":0,"href":"https:\/\/www.optimiseconsulting.eu\/index.php\/wp-json\/wp\/v2\/pages\/996\/revisions"}],"wp:attachment":[{"href":"https:\/\/www.optimiseconsulting.eu\/index.php\/wp-json\/wp\/v2\/media?parent=996"}],"curies":[{"name":"wp","href":"https:\/\/api.w.org\/{rel}","templated":true}]}}