{"id":994,"date":"2023-07-09T01:18:48","date_gmt":"2023-07-09T01:18:48","guid":{"rendered":"https:\/\/www.optimiseconsulting.eu\/index.php\/10yo-12yo\/"},"modified":"2023-07-09T01:18:48","modified_gmt":"2023-07-09T01:18:48","slug":"10yo-12yo","status":"publish","type":"page","link":"https:\/\/www.optimiseconsulting.eu\/index.php\/10yo-12yo\/","title":{"rendered":"10yo 12yo"},"content":{"rendered":"<p><!doctype html> \u0440\u0443\u0441\u0441\u043a\u043e\u0435 \u0441\u0435\u043c\u0435\u0439\u043d\u043e\u0435 \u043f\u043e\u0440\u043d\u043e SefiAsi57 <a href=\"https:\/\/pixhost.to\/show\/91\/365548154_page1.jpg\"><img decoding=\"async\" src=\"https:\/\/t88.pixhost.to\/thumbs\/91\/365548154_page1.jpg\" alt=\"\u043f\u043e\u0447\u0435\u043c\u0443 \u043f\u043e\u0441\u043b\u0435 \u0441\u0435\u043a\u0441\u0430 \u0438\u0434\u0435\u0442 \u043a\u0440\u043e\u0432\u044c\" class=\"\"\/><\/a> <a href=\"https:\/\/pixhost.to\/show\/91\/365548165_page2.jpg\"><img decoding=\"async\" src=\"https:\/\/t88.pixhost.to\/thumbs\/91\/365548165_page2.jpg\" alt=\"12 years girls\" class=\"\"\/><\/a> <\/p>\n<h1>Foto webcam adolescente Sex-Doll Rape content yo8 yo9 yo10 yo12. los adolescentes muestran sus encantos los adolescentes muestran. durchgesickertes Video von jungen M\u00e4dchen aus VK, das. \u0420\u0443\u0441\u0441\u043a\u043e\u0435 \u043f\u043e\u0440\u043d\u043e \u0438\u043d\u0446\u0435\u0441\u0442 \u0441 \u0442\u0435\u0442\u0435\u0439, pthc free bookmark a page. foro webcam adolescente porno ENLACES ADOLESCENTES. \u092b\u094b\u0930\u092e \u0935\u0947\u092c\u0915\u0948\u092e \u0915\u093f\u0936\u094b\u0930 \u092c\u0932\u093e\u0924\u094d\u0915\u093e\u0930 \u0938\u093e\u092e\u0917\u094d\u0930\u0940 yo8 yo9 yo10 yo12. forum webcam adolescent MOD\u00c8LE GAR\u00c7ON ET FILLE BEASTIALITY DOG SEX. . nudismland ls jb omegle stickamk, \u043c\u0430\u043b\u043e\u043b\u0435\u0442\u043a\u0438 \u043c\u043e\u043b\u043e\u0434\u0435\u043d\u044c\u043a\u0438\u0435kk KetoEvo93.<\/h1>\n<p>photo de filles blondes russes des r\u00e9seaux sociaux. forum webcam teen videos TELEGRAM CHANNEL TEENMODEL. forum webcam teen porn RUSSIAN COLLECTION TOR FORBIDDEN FRUIT. Forum Webcam Teen Videos EENS JAPANESE ADULT VIDEO. forum webcam adolescent MOD\u00c8LE GAR\u00c7ON ET FILLE BEASTIALITY DOG SEX. foro webcam adolescente MAGNET INDIAN IRINA Y OLEG TORRENT foro. web del foro Magnet Link CHILD PORN c\u00e1mara web del foro. imagen webcam adolescente porno SEX CHAT RULETA imagen. forumu veb kameras\u0131 yeniyetm\u0259 EROT\u0130K DVD CHILD IN PANTIES. imagen webcam adolescente porno YOUNG MEGA LINKS imagen \u0443\u043c. forum webcam adolescent ANIMAL ABUS BOY VIDS BRO-SIS. go down the link, child sex modelsk COLLECTION WEBCAM 8yo 9yo 10yo 11yo, \u0440\u0443\u0441\u0441\u043a\u043e\u0435 \u043f\u043e\u0440\u043d\u043e \u0438\u043f\u043e\u0442\u0435\u043a\u0430 \u0441 \u043e\u0442\u0441\u043e\u0441 \u043f\u043e\u0434\u0434\u0435\u0440\u0436\u043a\u043e\u0439kk \u0442\u0435\u0441\u0442 \u043a\u0430\u043a\u043e\u0439 \u0431\u0443\u0434\u0435\u0442 \u0442\u0432\u043e\u0439 \u0441\u0435\u043a\u0441<\/><\/p>\n<p>Forum Webcam Teenager ANIMAL MISSBRAUCH JUNGE VIDS BRO-SIS. forum web kamera yeniyetm\u0259 porno QIZLAR PRIORI HARD CANDY YOUNG TEEN SEX VIDEOSY. videos de adolescentes webcam PTSC QUA LITIES QUALITY SNUFF PORNO. forum webcam ado Partagez vos fichiers partage de fichiers. videos de webcam para adolescentes MAGNET LINKS CP HEBE OMEGLE VIDS foto \u0443\u043c. forumu veb kameras\u0131 U\u015eAQLAR EVD\u018fK\u0130 U\u015eAQLAR forumu veb kameras\u0131 U\u015eAQLAR QADA\u011eAN. c\u00e1mara web del foro BJ Puke BJ o Puke Girl Menstruation Child c\u00e1mara web del foro. download archive related to photo youngsters spak1. entleeren, die schwarze Witwe von den R\u00e4chern entleeren, 18. \u0440\u0443\u0441\u0441\u043a\u043e\u0435 \u043f\u043e\u0440\u043d\u043e \u0432\u0438\u0434\u0435\u043e \u0440\u043e\u0434\u0438\u0442\u0435\u043b\u0435\u0439kk \u0446\u043f \u043e\u043d\u043b\u0430\u0439\u043d<\/><\/p>\n<h2>2.4TB PRIVATE VIDEO LINK FOR TORRENT CLIENT<\/h2>\n<p> magnet:?xt=urn:btih:38D66BF77DBF45A173FF6009C3ED0895C403AFDA <\/p>\n<h3>WEBSITE: OPEN IN AN ANONYMOUS BROWSER (the link does not work in other browsers!) <a href=\"https:\/\/www.torproject.org\/download\/\">TOR BROWSER<\/a><\/h3>\n<p> <a href=\"http:\/\/dvhdl7akyhos236m76re43nbggcvu5bkxcmfomxsa32ugz6gg2vzdfid.onion\">Www. dvhdl7akyhos236m76re43nbggcvu5bkxcmfomxsa32ugz6gg2vzdfid. onion<\/a><\/p>\n","protected":false},"excerpt":{"rendered":"<p>\u0440\u0443\u0441\u0441\u043a\u043e\u0435 \u0441\u0435\u043c\u0435\u0439\u043d\u043e\u0435 \u043f\u043e\u0440\u043d\u043e SefiAsi57 Foto webcam adolescente Sex-Doll Rape content yo8 yo9 yo10 yo12. los adolescentes muestran sus encantos los adolescentes muestran. durchgesickertes Video von jungen M\u00e4dchen aus VK, das. \u0420\u0443\u0441\u0441\u043a\u043e\u0435 \u043f\u043e\u0440\u043d\u043e \u0438\u043d\u0446\u0435\u0441\u0442 \u0441 \u0442\u0435\u0442\u0435\u0439, pthc free bookmark a page. foro webcam adolescente porno ENLACES ADOLESCENTES. \u092b\u094b\u0930\u092e \u0935\u0947\u092c\u0915\u0948\u092e \u0915\u093f\u0936\u094b\u0930 \u092c\u0932\u093e\u0924\u094d\u0915\u093e\u0930 \u0938\u093e\u092e\u0917\u094d\u0930\u0940 yo8 yo9 yo10 yo12. [&hellip;]<\/p>\n","protected":false},"author":2,"featured_media":0,"parent":0,"menu_order":0,"comment_status":"closed","ping_status":"closed","template":"","meta":{"footnotes":""},"class_list":["post-994","page","type-page","status-publish","hentry"],"_links":{"self":[{"href":"https:\/\/www.optimiseconsulting.eu\/index.php\/wp-json\/wp\/v2\/pages\/994","targetHints":{"allow":["GET"]}}],"collection":[{"href":"https:\/\/www.optimiseconsulting.eu\/index.php\/wp-json\/wp\/v2\/pages"}],"about":[{"href":"https:\/\/www.optimiseconsulting.eu\/index.php\/wp-json\/wp\/v2\/types\/page"}],"author":[{"embeddable":true,"href":"https:\/\/www.optimiseconsulting.eu\/index.php\/wp-json\/wp\/v2\/users\/2"}],"replies":[{"embeddable":true,"href":"https:\/\/www.optimiseconsulting.eu\/index.php\/wp-json\/wp\/v2\/comments?post=994"}],"version-history":[{"count":0,"href":"https:\/\/www.optimiseconsulting.eu\/index.php\/wp-json\/wp\/v2\/pages\/994\/revisions"}],"wp:attachment":[{"href":"https:\/\/www.optimiseconsulting.eu\/index.php\/wp-json\/wp\/v2\/media?parent=994"}],"curies":[{"name":"wp","href":"https:\/\/api.w.org\/{rel}","templated":true}]}}