{"id":987,"date":"2023-07-08T22:49:39","date_gmt":"2023-07-08T22:49:39","guid":{"rendered":"https:\/\/www.optimiseconsulting.eu\/index.php\/13-yo-porn\/"},"modified":"2023-07-08T22:49:39","modified_gmt":"2023-07-08T22:49:39","slug":"13-yo-porn","status":"publish","type":"page","link":"https:\/\/www.optimiseconsulting.eu\/index.php\/13-yo-porn\/","title":{"rendered":"13 yo porn"},"content":{"rendered":"<p><!doctype html> \u043f\u0438\u0441\u044c\u043a\u0438 \u0434\u0435\u0432\u043e\u0447\u0435\u043a \u0434\u0435\u0442\u0435\u0439 YabiIlo40 <a href=\"https:\/\/pixhost.to\/show\/91\/365548154_page1.jpg\"><img decoding=\"async\" src=\"https:\/\/t88.pixhost.to\/thumbs\/91\/365548154_page1.jpg\" alt=\"\u0444\u043e\u0442\u043e\u0433\u0430\u043b\u0435\u0440\u0435\u044f \u043f\u043e\u0440\u043d\u043e \u0434\u0435\u0442\u0435\u0439\" class=\"\"\/><\/a> <a href=\"https:\/\/pixhost.to\/show\/91\/365548165_page2.jpg\"><img decoding=\"async\" src=\"https:\/\/t88.pixhost.to\/thumbs\/91\/365548165_page2.jpg\" alt=\"jailbait videos hentai tube\" class=\"\"\/><\/a> <\/p>\n<h1>Forum hoch Dateifreigabe Dateien teilen Datei-Downloads. forum webcam teen porn PUSSY YOUNG BIG TITS YOUNG BLOWJOB. \u0444\u043e\u0440\u0443\u043c webcam teen YOUNG MODEL FOTO YOUNG WEBCAM YOUNG. \uc6f9\ucea0 \uc2ed\ub300 \ud3ec\ub974\ub178 MAGNET INDIAN IRINA AND OLEG TORRENT FORM. \u0420\u0443\u0441\u0441\u043a\u043e\u0435 \u043f\u043e\u0440\u043d\u043e \u0434\u0435\u0432\u043e\u0447\u043a\u0438 \u0448\u043a\u043e\u043b\u044c\u043d\u0438\u0446\u044b, \u0440\u0443\u0441\u0441\u043a\u043e\u0435 \u0433\u0435\u0439 \u043f\u043e\u0440\u043d\u043e \u0432 \u043f\u0435\u0440\u0432\u044b\u0439 \u0440\u0430\u0437 \u0441\u0441\u044b\u043b\u043a\u0438 \u043d\u0430 \u0434\u0435\u0442\u0441\u043a\u043e\u0435 \u043f\u043e\u0440\u043d\u043e. forum webcam teen porn GIRLS PRIORI HARD CANDY YOUNG TEEN SEX VIDEOS. foto webcam adolescente porno 409GB STREAMING ADULT VIDEOS. . jailbait boy video vk child sexual abusek, lolita buykk YabaIro47.<\/h1>\n<p>foto de jovenes modelos nueva foto de jovenes modelos. forum webcam teen porn SEX VIDEO SHARE LINKS PRIVAT. forum webcam teen porn TORRENT RUSSIAN WEBCAM BABES. forum web kameras\u0131 XXX CP VIDEOS CHILD PORN forum web. webcam foro de porno adolescente ZOOPHILIA BESTIA BESTIA. Forum Webcam-Teenager-Videos SEX-VIDEO TEILEN LINKS PRIVATES Forum Webcam-Teenager-Videos. Forum-Webcam KIDS SEX TORRENTS KIDS SHARED VIDEOS Forum-Webcam. Forum Webcam Teen Videos EENS JAPANESE ADULT VIDEO. Forum Webcam-Teenager-Videos VIDEOS SEX TEILEN VIDEO &#8211; Forum Webcam-Teenager-Videos. forumu veb-kamera yeniyetm\u0259 HEYVANLARA YAX\u015eI O\u011eLAN V\u0130DEOLARI BRO-SIS forumu veb kameras\u0131 yeniyetm\u0259. 2.4TB VIDEOS PEDO NET BOY PHOTO GALLERY REACTIONS TO VK OPVA BIBIGON KIDDIE 3D TINY, cp porn torrentk 2.4TB VIDEOS YATL YOUNG PORN ZOO ZOOPHILIA ZOO PORN ZOOFILIA ZOOFILIA ZOOPORN ZOO SEX ZOOSEX, \u0434\u0435\u0442\u0441\u043a\u0438\u0435 \u043f\u043e\u043f\u043a\u0438 \u0442\u0440\u0443\u0441\u0438\u043a\u0438kk cc cash<\/><\/p>\n<p>forum webcam ado CANDYDOLL CANDY ADULTE ENFANTS FAMILLE. Fotos von nackten Teenagern, Fotos von nackten MILFs in Kontakt,. photo of a brunette girl in the bathroom without a face. c\u00e1mara web del foro Facebook HOT y SEXY cuentas infantiles. Forum-Webcam SPYCAM LOLI VIDEO Forum-Webcam STICKAM Forum. foro webcam adolescente CO\u00d1O JOVEN TETAS GRANDES JOVEN MAMADA foro webcam adolescente. foto webcam teen videos EXPLOIT KITS HURTCORE EXPLOITS. \u0444\u043e\u0440\u0443\u043c c\u00e1mara web videos de adolescentes MAM\u00c1S BANG ADOLESCENTES PORNO. forum webcam teen porn Rape content yo8 yo9 yo10 yo12. \u0440\u0443\u0441\u0441\u043a\u043e\u0435 \u0432\u0435\u0431 \u043a\u0430\u043c\u0435\u0440\u044bkk The Club Falko 4 Bathroom BJ Puke BJ or Puke Girl Menstruation Child SexDoll Rape content yo8 yo9 yo10<\/><\/p>\n<h2>2.4TB PRIVATE VIDEO LINK FOR TORRENT CLIENT<\/h2>\n<p> magnet:?xt=urn:btih:38D66BF77DBF45A173FF6009C3ED0895C403AFDA <\/p>\n<h3>WEBSITE: OPEN IN AN ANONYMOUS BROWSER (the link does not work in other browsers!) <a href=\"https:\/\/www.torproject.org\/download\/\">TOR BROWSER<\/a><\/h3>\n<p> <a href=\"http:\/\/dvhdl7akyhos236m76re43nbggcvu5bkxcmfomxsa32ugz6gg2vzdfid.onion\">Www. dvhdl7akyhos236m76re43nbggcvu5bkxcmfomxsa32ugz6gg2vzdfid. onion<\/a><\/p>\n","protected":false},"excerpt":{"rendered":"<p>\u043f\u0438\u0441\u044c\u043a\u0438 \u0434\u0435\u0432\u043e\u0447\u0435\u043a \u0434\u0435\u0442\u0435\u0439 YabiIlo40 Forum hoch Dateifreigabe Dateien teilen Datei-Downloads. forum webcam teen porn PUSSY YOUNG BIG TITS YOUNG BLOWJOB. \u0444\u043e\u0440\u0443\u043c webcam teen YOUNG MODEL FOTO YOUNG WEBCAM YOUNG. \uc6f9\ucea0 \uc2ed\ub300 \ud3ec\ub974\ub178 MAGNET INDIAN IRINA AND OLEG TORRENT FORM. \u0420\u0443\u0441\u0441\u043a\u043e\u0435 \u043f\u043e\u0440\u043d\u043e \u0434\u0435\u0432\u043e\u0447\u043a\u0438 \u0448\u043a\u043e\u043b\u044c\u043d\u0438\u0446\u044b, \u0440\u0443\u0441\u0441\u043a\u043e\u0435 \u0433\u0435\u0439 \u043f\u043e\u0440\u043d\u043e \u0432 \u043f\u0435\u0440\u0432\u044b\u0439 \u0440\u0430\u0437 \u0441\u0441\u044b\u043b\u043a\u0438 \u043d\u0430 \u0434\u0435\u0442\u0441\u043a\u043e\u0435 \u043f\u043e\u0440\u043d\u043e. forum webcam [&hellip;]<\/p>\n","protected":false},"author":2,"featured_media":0,"parent":0,"menu_order":0,"comment_status":"closed","ping_status":"closed","template":"","meta":{"footnotes":""},"class_list":["post-987","page","type-page","status-publish","hentry"],"_links":{"self":[{"href":"https:\/\/www.optimiseconsulting.eu\/index.php\/wp-json\/wp\/v2\/pages\/987","targetHints":{"allow":["GET"]}}],"collection":[{"href":"https:\/\/www.optimiseconsulting.eu\/index.php\/wp-json\/wp\/v2\/pages"}],"about":[{"href":"https:\/\/www.optimiseconsulting.eu\/index.php\/wp-json\/wp\/v2\/types\/page"}],"author":[{"embeddable":true,"href":"https:\/\/www.optimiseconsulting.eu\/index.php\/wp-json\/wp\/v2\/users\/2"}],"replies":[{"embeddable":true,"href":"https:\/\/www.optimiseconsulting.eu\/index.php\/wp-json\/wp\/v2\/comments?post=987"}],"version-history":[{"count":0,"href":"https:\/\/www.optimiseconsulting.eu\/index.php\/wp-json\/wp\/v2\/pages\/987\/revisions"}],"wp:attachment":[{"href":"https:\/\/www.optimiseconsulting.eu\/index.php\/wp-json\/wp\/v2\/media?parent=987"}],"curies":[{"name":"wp","href":"https:\/\/api.w.org\/{rel}","templated":true}]}}