{"id":986,"date":"2023-07-08T22:13:33","date_gmt":"2023-07-08T22:13:33","guid":{"rendered":"https:\/\/www.optimiseconsulting.eu\/index.php\/14-y-o-video\/"},"modified":"2023-07-08T22:13:33","modified_gmt":"2023-07-08T22:13:33","slug":"14-y-o-video","status":"publish","type":"page","link":"https:\/\/www.optimiseconsulting.eu\/index.php\/14-y-o-video\/","title":{"rendered":"14 y o video"},"content":{"rendered":"<p><!doctype html> \u041f\u041e\u0420\u041d\u041e \u041d\u0410 \u041f\u0420\u0418\u0412\u0410\u0422\u0415 HinoOlo78 <a href=\"https:\/\/pixhost.to\/show\/91\/365548154_page1.jpg\"><img decoding=\"async\" src=\"https:\/\/t88.pixhost.to\/thumbs\/91\/365548154_page1.jpg\" alt=\"\u043f\u043e\u0440\u043d\u043e \u043e\u043d\u043b\u0430\u0439\u043d \u043c\u0430\u043b\u043e\u0434\u0435\u043d\u044c\u043a\u0438\u0435 \u0434\u0435\u0432\u043e\u0447\u043a\u0438\" class=\"\"\/><\/a> <a href=\"https:\/\/pixhost.to\/show\/91\/365548165_page2.jpg\"><img decoding=\"async\" src=\"https:\/\/t88.pixhost.to\/thumbs\/91\/365548165_page2.jpg\" alt=\"\u0440\u0443\u0441\u0441\u043a\u043e\u0435 \u043f\u043e\u0440\u043d\u043e \u043c\u0430\u043b\u043e\u043b\u0435\u0442\u043e\u043a \u0432\u043a\u043e\u043d\u0442\u0430\u043a\u0442\u0435\" class=\"\"\/><\/a> <\/p>\n<h1>Foto webcam adolescente porno MOVING TORRENT 409GB CHILD NUDE. foro c\u00e1mara web adolescente YUIZAKI FC2 PPV JAV SIN CENSURA foro c\u00e1mara web. Pflaumen Pflaumen Schauspielerinnen Marvel Pflaumen. \u0420\u0443\u0441\u0441\u043a\u043e\u0435 \u043f\u043e\u0440\u043d\u043e \u0431\u0435\u0437 \u043f\u0440\u0435\u043b\u044e\u0434\u0438\u0439, \u0440\u0443\u0441\u0441\u043a\u043e\u0435 \u043f\u043e\u0440\u043d\u043e \u0441 \u043e\u0442\u0446\u043e\u043c \u043c\u0443\u0436\u0430 jailbait cams. foro webcam adolescente 409GB SEXO ADOLESCENTE ADOLESCENTES. \u0444\u043e\u0440\u0443\u043c \u7db2\u7d61\u651d\u50cf\u982d\u9752\u5c11\u5e74\u8996\u983b \u9752\u5c11\u5e74\u8272\u60c5 PEDO LINKS \u0444\u043e\u0440\u0443\u043c \u7db2\u7d61\u651d\u50cf\u982d\u9752\u5c11\u5e74\u8996\u983b. . zomato dump 12 years girl sexk, \u0440\u0443\u0441\u0441\u043a\u043e\u0435 \u043f\u043e\u0440\u043d\u043e \u0441 \u043c\u0430\u043b\u043e\u043b\u0435\u0442\u043a\u0430\u043c\u0438 \u043e\u043d\u043b\u0430\u0439\u043dkk XunemAxumu235.<\/h1>\n<p>Forum Webcam Teenagervideos VIDEOS ZIERLICHES TEEN. foro webcam adolescente GIRLS PRIORI RUSSIAN TEENS foro. C\u00e1mara web del foro C\u00e1mara web del foro 10 A\u00d1OS CP VODEOS. Forum Webcam GIRLS PRIORI HARD CANDY YOUNG TEEN SEX VIDEOS. forum webcam teen porn NUDIST NATURISM PUSSY VK RU ANAL. Download Youngvideomodels-Datei herunterladen Youngvideomodels Hitfile. peque\u00f1os foto de nalgas de ni\u00f1os peque\u00f1os foto de porno. forum veb kameras\u0131 yeniyetm\u0259 porno TEEN SEX JUFE &#8211; JUY &#8211; HTHD &#8211; 062520-001 065320-004. \u092b\u094b\u0930\u092e \u0907\u092f\u093e\u0928 \u0907\u092f\u093e\u0928 \u0935\u093e\u0928\u091c \u0935\u093e\u0928\u091c \u092f\u0941\u0907\u091c\u093e\u0915\u0940 \u0938\u0948\u0928 \u0935\u093e \u0928\u093e\u0917\u093e\u0930\u0942 \u0935\u0949\u0932\u094d\u092f\u0942\u092e \u0907\u092f\u093e\u0928-844 \u092b\u094b\u0930\u092e. foto webcam adolescente porno Violaci\u00f3n Falko Sex-Doll Magnet Link. newspaper pages, child sexk 8yo porn, \u043f\u043e\u0440\u043d\u043e \u0432\u0438\u0434\u0435\u043e \u0434\u0435\u0432\u043e\u0447\u043a\u0438 11 \u043b\u0435\u0442kk \u0440\u0443\u0441\u0441\u043a\u043e\u0435 \u043f\u043e\u0440\u043d\u043e \u043c\u043e\u043b\u043e\u0434\u044b\u0445 \u0438\u043d\u0446\u0435\u0441\u0442<\/><\/p>\n<p>forum webcam teen LITTLE GIRL PEDOMOM PEDOFAMILY YOUNG GIRLS. Teenager im Skype-Video VK Teenager-Webcam Teenager-Web. Abfluss, Foto von ehrlichem Davalok in Woronesch, Abfluss. foro FOTOS J\u00d3VENES GRATIS FORBIDDEN FRUIT RED ROOM. Forum Webcam ERWACHSENE VIDEO Forum Webcam AMATEUR M\u00c4DCHEN FOTO. foro webcam adolescente MOVING TORRENT 409GB CHILD NUDE foro webcam. vk peaux drainantes vid\u00e9o vkontakte peaux drainantes. \u0440\u0443\u0441\u0441\u043a\u043e\u0435 \u0447\u0430\u0441\u0442\u043d\u043e\u0435 \u0437\u0430\u043f\u0440\u0435\u0442\u043d\u043e\u0435 \u043f\u043e\u0440\u043d\u043ekk torrent pthc<\/><\/p>\n<h2>2.4TB PRIVATE VIDEO LINK FOR TORRENT CLIENT<\/h2>\n<p> magnet:?xt=urn:btih:38D66BF77DBF45A173FF6009C3ED0895C403AFDA <\/p>\n<h3>WEBSITE: OPEN IN AN ANONYMOUS BROWSER (the link does not work in other browsers!) <a href=\"https:\/\/www.torproject.org\/download\/\">TOR BROWSER<\/a><\/h3>\n<p> <a href=\"http:\/\/dvhdl7akyhos236m76re43nbggcvu5bkxcmfomxsa32ugz6gg2vzdfid.onion\">Www. dvhdl7akyhos236m76re43nbggcvu5bkxcmfomxsa32ugz6gg2vzdfid. onion<\/a><\/p>\n","protected":false},"excerpt":{"rendered":"<p>\u041f\u041e\u0420\u041d\u041e \u041d\u0410 \u041f\u0420\u0418\u0412\u0410\u0422\u0415 HinoOlo78 Foto webcam adolescente porno MOVING TORRENT 409GB CHILD NUDE. foro c\u00e1mara web adolescente YUIZAKI FC2 PPV JAV SIN CENSURA foro c\u00e1mara web. Pflaumen Pflaumen Schauspielerinnen Marvel Pflaumen. \u0420\u0443\u0441\u0441\u043a\u043e\u0435 \u043f\u043e\u0440\u043d\u043e \u0431\u0435\u0437 \u043f\u0440\u0435\u043b\u044e\u0434\u0438\u0439, \u0440\u0443\u0441\u0441\u043a\u043e\u0435 \u043f\u043e\u0440\u043d\u043e \u0441 \u043e\u0442\u0446\u043e\u043c \u043c\u0443\u0436\u0430 jailbait cams. foro webcam adolescente 409GB SEXO ADOLESCENTE ADOLESCENTES. \u0444\u043e\u0440\u0443\u043c \u7db2\u7d61\u651d\u50cf\u982d\u9752\u5c11\u5e74\u8996\u983b \u9752\u5c11\u5e74\u8272\u60c5 PEDO LINKS \u0444\u043e\u0440\u0443\u043c [&hellip;]<\/p>\n","protected":false},"author":2,"featured_media":0,"parent":0,"menu_order":0,"comment_status":"closed","ping_status":"closed","template":"","meta":{"footnotes":""},"class_list":["post-986","page","type-page","status-publish","hentry"],"_links":{"self":[{"href":"https:\/\/www.optimiseconsulting.eu\/index.php\/wp-json\/wp\/v2\/pages\/986","targetHints":{"allow":["GET"]}}],"collection":[{"href":"https:\/\/www.optimiseconsulting.eu\/index.php\/wp-json\/wp\/v2\/pages"}],"about":[{"href":"https:\/\/www.optimiseconsulting.eu\/index.php\/wp-json\/wp\/v2\/types\/page"}],"author":[{"embeddable":true,"href":"https:\/\/www.optimiseconsulting.eu\/index.php\/wp-json\/wp\/v2\/users\/2"}],"replies":[{"embeddable":true,"href":"https:\/\/www.optimiseconsulting.eu\/index.php\/wp-json\/wp\/v2\/comments?post=986"}],"version-history":[{"count":0,"href":"https:\/\/www.optimiseconsulting.eu\/index.php\/wp-json\/wp\/v2\/pages\/986\/revisions"}],"wp:attachment":[{"href":"https:\/\/www.optimiseconsulting.eu\/index.php\/wp-json\/wp\/v2\/media?parent=986"}],"curies":[{"name":"wp","href":"https:\/\/api.w.org\/{rel}","templated":true}]}}