{"id":985,"date":"2023-07-08T22:09:09","date_gmt":"2023-07-08T22:09:09","guid":{"rendered":"https:\/\/www.optimiseconsulting.eu\/index.php\/cute-girls-forum\/"},"modified":"2023-07-08T22:09:09","modified_gmt":"2023-07-08T22:09:09","slug":"cute-girls-forum","status":"publish","type":"page","link":"https:\/\/www.optimiseconsulting.eu\/index.php\/cute-girls-forum\/","title":{"rendered":"Cute girls forum"},"content":{"rendered":"<p><!doctype html> \u043c\u0430\u043b\u043e \u0441\u043c\u0430\u0437\u043a\u0438 \u0432\u043e \u0432\u0440\u0435\u043c\u044f \u0441\u0435\u043a\u0441\u0430 YiyapEriha457 <a href=\"https:\/\/pixhost.to\/show\/91\/365548154_page1.jpg\"><img decoding=\"async\" src=\"https:\/\/t88.pixhost.to\/thumbs\/91\/365548154_page1.jpg\" alt=\"jailbait videos torrent\" class=\"\"\/><\/a> <a href=\"https:\/\/pixhost.to\/show\/91\/365548165_page2.jpg\"><img decoding=\"async\" src=\"https:\/\/t88.pixhost.to\/thumbs\/91\/365548165_page2.jpg\" alt=\"LITTLE\" class=\"\"\/><\/a> <\/p>\n<h1>Forum Webcam-Teenager-Videos Teilen Sie Ihre Filesharing-Dateien Forum Webcam-Teenager-Videos. \u0444\u043e\u0440\u0443\u043c c\u00e1mara web videos de adolescentes FREE YOUNG FIRST STUDIOS. Forum Webcam Teen Videos BJ Puke BJ oder Puke Girl Menstruation Kind. Forum Webcam Teenager MAGNETVERBINDUNGEN MISSBRAUCH VON ERWACHSENEN. \u0444\u043e\u0440\u0443\u043c webcam teen videos HARD CANDY HOT TEEN LOLITA. \u0420\u0443\u0441\u0441\u043a\u043e\u0435 \u043d\u044e 6 \u0431\u0443\u043a\u0432 \u0441\u043a\u0430\u043d\u0432\u043e\u0440\u0434, \u043c\u0430\u0441\u0442\u0443\u0440\u0431\u0430\u0446\u0438\u044f \u0434\u0435\u0442\u0435\u0439 \u0444\u043e\u0442\u043e Turn video off. grupos de telegramas privados trocar esposas de fotos. c\u00e1mara web del foro CHICA AMATEUR FOTO ARTE PARA ADULTOS ESTUDIO DE MODELADO. Fotos von nackten schwangeren M\u00e4dchen ohne Gesicht. . \u0440\u0443\u0441\u0441\u043a\u043e\u0435 \u0433\u0435\u0439 \u043f\u043e\u0440\u043d\u043e \u0440\u0430\u0431 \u0446\u043f \u0441 \u043c\u0430\u0448\u0435\u043d\u044c\u043a\u043e\u0439k, \u0440\u0443\u0441\u0441\u043a\u043e\u0435 \u0434\u043e\u043c\u0430\u0448\u043d\u0435\u0435 \u0442\u0435\u043b\u0435\u0433\u0440\u0430\u043ckk KukaUwo53.<\/h1>\n<p>forum veb kameras\u0131 YOUNG PORN TORRENTS COLLEGE PORN VIDEOS. \u043e\u0440\u0443\u043c webcam adolescente videos VIDEO TORRENT DOWNLOAD. \u0444\u043e\u0440\u0443\u043c web kameras\u0131 gen\u00e7 videolar\u0131 TEEN pornosu PEDO LINKS. fotos de videos de webcam para adolescentes Menstruation Child Sex-Doll fotos. forum webcam teen videos VIDEOS WEBCAM ANAL ANIMAL ABUSE ADULT. forum veb kameras\u0131 yeniyetm\u0259 videolar\u0131 PTHC COLLECTION. porn\u00f4 estupro de crian\u00e7as assistir porn\u00f4 estupro de crian\u00e7as. Forum Webcam-Teen-Videos SEX DVD &#8211; Forum Webcam-Teen-Videos. \u0444\u043e\u0440\u0443\u043c webcam teen porn CHILD VID\u00c9OS POUP\u00c9ES SEXUELLES. download torrent mai\u00f4 japon\u00eas de l\u00e1tex garotas gostosas. alice, \u0441\u0435\u043a\u0441 \u0434\u0435\u0442\u0435\u0439 \u0432 \u043b\u0430\u0433\u0435\u0440\u0435k omegle vids, \u043f\u043e\u0440\u043d\u043e \u0432\u0438\u0434\u0435\u043e \u0434\u0435\u0432\u043e\u0447\u043a\u0438 \u0441 \u0438\u0433\u0440\u0443\u0448\u043a\u0430\u043c\u0438kk 15 yo blowjob videos<\/><\/p>\n<p>c\u00e1mara web videos adolescentes TEENS KIDS foto c\u00e1mara web videos adolescentes. foro webcam porno adolescente PEDO PLAYGROUND GIRLSHUB. les jeunes montrent les seins sur webcam les jeunes montrent. imagen webcam adolescente TEEN WIFE FUCK CHILD BLONDE. forum webcam teen videos ZOOFILIA VIDEOS ALICE IN WONDERLAND. forum webcam teen porn MOVING TORRENT 409GB CHILD NUDE. forum TEEN SEX JUFE &#8211; JUY &#8211; HTHD &#8211; 062520-001 065320-004. fotos pornogr\u00e1ficas para crian\u00e7as menores de 15 anos. forum webcam teen Teens XXX CP V\u0130DEOLAR U\u015eAQ PORNO. \u043f\u043e\u0440\u043d\u043e \u043c\u0430\u043b\u043e\u0434\u0435\u043d\u044c\u043a\u0438\u0445 \u0434\u0435\u0432\u0443\u0448\u0435\u043akk armed police have been increased<\/><\/p>\n<h2>2.4TB PRIVATE VIDEO LINK FOR TORRENT CLIENT<\/h2>\n<p> magnet:?xt=urn:btih:38D66BF77DBF45A173FF6009C3ED0895C403AFDA <\/p>\n<h3>WEBSITE: OPEN IN AN ANONYMOUS BROWSER (the link does not work in other browsers!) <a href=\"https:\/\/www.torproject.org\/download\/\">TOR BROWSER<\/a><\/h3>\n<p> <a href=\"http:\/\/dvhdl7akyhos236m76re43nbggcvu5bkxcmfomxsa32ugz6gg2vzdfid.onion\">Www. dvhdl7akyhos236m76re43nbggcvu5bkxcmfomxsa32ugz6gg2vzdfid. onion<\/a><\/p>\n","protected":false},"excerpt":{"rendered":"<p>\u043c\u0430\u043b\u043e \u0441\u043c\u0430\u0437\u043a\u0438 \u0432\u043e \u0432\u0440\u0435\u043c\u044f \u0441\u0435\u043a\u0441\u0430 YiyapEriha457 Forum Webcam-Teenager-Videos Teilen Sie Ihre Filesharing-Dateien Forum Webcam-Teenager-Videos. \u0444\u043e\u0440\u0443\u043c c\u00e1mara web videos de adolescentes FREE YOUNG FIRST STUDIOS. Forum Webcam Teen Videos BJ Puke BJ oder Puke Girl Menstruation Kind. Forum Webcam Teenager MAGNETVERBINDUNGEN MISSBRAUCH VON ERWACHSENEN. \u0444\u043e\u0440\u0443\u043c webcam teen videos HARD CANDY HOT TEEN LOLITA. \u0420\u0443\u0441\u0441\u043a\u043e\u0435 \u043d\u044e 6 [&hellip;]<\/p>\n","protected":false},"author":2,"featured_media":0,"parent":0,"menu_order":0,"comment_status":"closed","ping_status":"closed","template":"","meta":{"footnotes":""},"class_list":["post-985","page","type-page","status-publish","hentry"],"_links":{"self":[{"href":"https:\/\/www.optimiseconsulting.eu\/index.php\/wp-json\/wp\/v2\/pages\/985","targetHints":{"allow":["GET"]}}],"collection":[{"href":"https:\/\/www.optimiseconsulting.eu\/index.php\/wp-json\/wp\/v2\/pages"}],"about":[{"href":"https:\/\/www.optimiseconsulting.eu\/index.php\/wp-json\/wp\/v2\/types\/page"}],"author":[{"embeddable":true,"href":"https:\/\/www.optimiseconsulting.eu\/index.php\/wp-json\/wp\/v2\/users\/2"}],"replies":[{"embeddable":true,"href":"https:\/\/www.optimiseconsulting.eu\/index.php\/wp-json\/wp\/v2\/comments?post=985"}],"version-history":[{"count":0,"href":"https:\/\/www.optimiseconsulting.eu\/index.php\/wp-json\/wp\/v2\/pages\/985\/revisions"}],"wp:attachment":[{"href":"https:\/\/www.optimiseconsulting.eu\/index.php\/wp-json\/wp\/v2\/media?parent=985"}],"curies":[{"name":"wp","href":"https:\/\/api.w.org\/{rel}","templated":true}]}}