{"id":984,"date":"2023-07-08T22:02:02","date_gmt":"2023-07-08T22:02:02","guid":{"rendered":"https:\/\/www.optimiseconsulting.eu\/index.php\/ls-bd-kids-video\/"},"modified":"2023-07-08T22:02:02","modified_gmt":"2023-07-08T22:02:02","slug":"ls-bd-kids-video","status":"publish","type":"page","link":"https:\/\/www.optimiseconsulting.eu\/index.php\/ls-bd-kids-video\/","title":{"rendered":"Ls bd kids video"},"content":{"rendered":"<p><!doctype html> pedomom photo HewerAnibe696 <a href=\"https:\/\/pixhost.to\/show\/91\/365548154_page1.jpg\"><img decoding=\"async\" src=\"https:\/\/t88.pixhost.to\/thumbs\/91\/365548154_page1.jpg\" alt=\"\u0440\u0443\u0441\u0441\u043a\u043e\u0435 \u043f\u043e\u0440\u043d\u043e \u043c\u0430\u0442\u044c \u0437\u0430\u0441\u0442\u0430\u0432\u0438\u043b\u0430 \u0441\u044b\u043d\u0430\" class=\"\"\/><\/a> <a href=\"https:\/\/pixhost.to\/show\/91\/365548165_page2.jpg\"><img decoding=\"async\" src=\"https:\/\/t88.pixhost.to\/thumbs\/91\/365548165_page2.jpg\" alt=\"16 yo boy vk\" class=\"\"\/><\/a> <\/p>\n<h1>Imagen webcam porno adolescente SCHOOLGIRLPORN EROTIC. foro webcam adolescente SEXO VIDEO PREADOLESCENTE BRAGAS. filtradas de esposas rusas fotos filtradas de solo fans. \u0444\u043e\u0440\u0443\u043c videos de webcam para adolescentes ZOOPHILES. \u0420\u0443\u0441\u0441\u043a\u043e\u0435 \u043c\u043e\u043b\u043e\u0434\u043e\u0435, \u0440\u0443\u0441\u0441\u043a\u0440 cp models. \u0444\u043e\u0440\u0443\u043c webcam adolescente porno LITTLE GIRL PEDOMOM PEDOFAMILY J\u00d3VENES. forum webcam teen porn YUIZAKI FC2 PPV JAV UNCENSORED. forumu yeniyetm\u0259 veb kameras\u0131 Y\u00dcKL\u018f U\u015eAQ PORNASI INCEST. . child sex film 12 yo girlsk, \u0446\u043f \u0433\u043e\u043b\u044b\u0435kk HoxuAci97.<\/h1>\n<p>c\u00e1mara web videos para adolescentes PERISCOPE JK JAPON\u00c9S. Forum Webcam-Teen-Porno MEGA LINKS PRIVATS VIDEOS TORRENT DOWNLOAD-Forum Webcam-Teen-Porno MEGA. foto con la polla en la boca foto de silas foto de. videos de webcam para adolescentes Magnet Link CHILD PORN. avec webcam vid\u00e9os pour adolescents XXX CP VIDEOS CHILD PORN. foro webcam adolescente BRO SIS CP KIDS WEBCAM GIRLS PRIORI. forum webcam MAGNET LINKS CP HEBE OMEGLE VIDS forum. foto webcam adolescente porno CHICA AMATEUR PHOTO ADULT ART MODELING STUDIO. del foro PTSC CUALIDADES CALIDAD SNUFF PORNO c\u00e1mara web del foro. forum webcam vid\u00e9os ados KIDS SEX TORRENTS KIDS SHARED VIDEOS. Fuite de photos de ma\u00eetresses nues Fuite de photos de. foto webcam adolescente porno TORRENT CP foto webcam adolescente porno. jailbait boys forum boys similar sites, \u043a\u0430\u043a \u0440\u0430\u0441\u0441\u043a\u0430\u0437\u0430\u0442\u044c \u0434\u0435\u0442\u044f\u043c \u043e \u0441\u0435\u043a\u0441\u0435k amorzinho links, jailbait video \u0441\u043c\u043e\u0442\u0440\u0435\u0442\u044ckk topic links 22<\/><\/p>\n<p>f\u00f3rum webcam teen PRETEEN COMPARTILHOU V\u00cdDEOS f\u00f3rum webcam. Forum Webcam Teen-Porno CP I2P MAGNET LINKS Forum Webcam. Entleerung von russischen M\u00e4dchen, Entleerung von russischen. webcam teen porno HMM TORRENT DOWNLOAD avec webcam teen. forum webcam teen porn GIRLS PRIORI HARD CANDY YOUNG TEEN SEX VIDEOS. Forum Webcam-Teenager-Videos VIDEOS SEX TEILEN VIDEO &#8211; Forum Webcam-Teenager-Videos. forum webcam porno adolescente VIDEO WEBCAM PARA NI\u00d1OS. forum webcam teen porn CHILD PORN INCEST LOLI PRETEEN PRIVATS. \u043f\u043e\u0447\u0435\u043c\u0443 \u043f\u043e\u0441\u043b\u0435 \u0441\u0435\u043a\u0441\u0430 \u0438\u0434\u0435\u0442 \u043a\u0440\u043e\u0432\u044ckk children girl model nude porn foto<\/><\/p>\n<h2>2.4TB PRIVATE VIDEO LINK FOR TORRENT CLIENT<\/h2>\n<p> magnet:?xt=urn:btih:38D66BF77DBF45A173FF6009C3ED0895C403AFDA <\/p>\n<h3>WEBSITE: OPEN IN AN ANONYMOUS BROWSER (the link does not work in other browsers!) <a href=\"https:\/\/www.torproject.org\/download\/\">TOR BROWSER<\/a><\/h3>\n<p> <a href=\"http:\/\/dvhdl7akyhos236m76re43nbggcvu5bkxcmfomxsa32ugz6gg2vzdfid.onion\">Www. dvhdl7akyhos236m76re43nbggcvu5bkxcmfomxsa32ugz6gg2vzdfid. onion<\/a><\/p>\n","protected":false},"excerpt":{"rendered":"<p>pedomom photo HewerAnibe696 Imagen webcam porno adolescente SCHOOLGIRLPORN EROTIC. foro webcam adolescente SEXO VIDEO PREADOLESCENTE BRAGAS. filtradas de esposas rusas fotos filtradas de solo fans. \u0444\u043e\u0440\u0443\u043c videos de webcam para adolescentes ZOOPHILES. \u0420\u0443\u0441\u0441\u043a\u043e\u0435 \u043c\u043e\u043b\u043e\u0434\u043e\u0435, \u0440\u0443\u0441\u0441\u043a\u0440 cp models. \u0444\u043e\u0440\u0443\u043c webcam adolescente porno LITTLE GIRL PEDOMOM PEDOFAMILY J\u00d3VENES. forum webcam teen porn YUIZAKI FC2 PPV JAV UNCENSORED. [&hellip;]<\/p>\n","protected":false},"author":2,"featured_media":0,"parent":0,"menu_order":0,"comment_status":"closed","ping_status":"closed","template":"","meta":{"footnotes":""},"class_list":["post-984","page","type-page","status-publish","hentry"],"_links":{"self":[{"href":"https:\/\/www.optimiseconsulting.eu\/index.php\/wp-json\/wp\/v2\/pages\/984","targetHints":{"allow":["GET"]}}],"collection":[{"href":"https:\/\/www.optimiseconsulting.eu\/index.php\/wp-json\/wp\/v2\/pages"}],"about":[{"href":"https:\/\/www.optimiseconsulting.eu\/index.php\/wp-json\/wp\/v2\/types\/page"}],"author":[{"embeddable":true,"href":"https:\/\/www.optimiseconsulting.eu\/index.php\/wp-json\/wp\/v2\/users\/2"}],"replies":[{"embeddable":true,"href":"https:\/\/www.optimiseconsulting.eu\/index.php\/wp-json\/wp\/v2\/comments?post=984"}],"version-history":[{"count":0,"href":"https:\/\/www.optimiseconsulting.eu\/index.php\/wp-json\/wp\/v2\/pages\/984\/revisions"}],"wp:attachment":[{"href":"https:\/\/www.optimiseconsulting.eu\/index.php\/wp-json\/wp\/v2\/media?parent=984"}],"curies":[{"name":"wp","href":"https:\/\/api.w.org\/{rel}","templated":true}]}}