{"id":981,"date":"2023-07-08T21:13:14","date_gmt":"2023-07-08T21:13:14","guid":{"rendered":"https:\/\/www.optimiseconsulting.eu\/index.php\/girl-cams-forum\/"},"modified":"2023-07-08T21:13:14","modified_gmt":"2023-07-08T21:13:14","slug":"girl-cams-forum","status":"publish","type":"page","link":"https:\/\/www.optimiseconsulting.eu\/index.php\/girl-cams-forum\/","title":{"rendered":"Girl cams forum"},"content":{"rendered":"<p><!doctype html> \u0440\u0443\u0441\u0441\u043a\u043e\u0435 \u043f\u043e\u0440\u043d\u043e \u0441 \u043c\u0430\u043b\u0435\u043d\u044c\u043a\u043e\u0439 MiqidAtuka743 <a href=\"https:\/\/pixhost.to\/show\/91\/365548154_page1.jpg\"><img decoding=\"async\" src=\"https:\/\/t88.pixhost.to\/thumbs\/91\/365548154_page1.jpg\" alt=\"young_models\" class=\"\"\/><\/a> <a href=\"https:\/\/pixhost.to\/show\/91\/365548165_page2.jpg\"><img decoding=\"async\" src=\"https:\/\/t88.pixhost.to\/thumbs\/91\/365548165_page2.jpg\" alt=\"\u0440\u0443\u0441\u0441\u043a\u043e\u0435 \u043b\u044e\u0431\u0438\u0442\u0435\u043b\u044c\u0441\u043a\u043e\u0435 \u0432\u043a\u043e\u043d\u0442\u0430\u043a\u0442\u0435\" class=\"\"\/><\/a> <\/p>\n<h1>Leaked intimacy with Cherkassy photo of Irina Domashka. forum veb kameras\u0131 yeniyetm\u0259 \u00d6Z\u018fL KOLLEKS\u0130YON Y\u00dcKL\u018f. sur webcam teen porn FAMILY SEX FREE PTHC GIRL MP4. foto webcam adolescente porno MOM SON REAL INCESTO. videos webcam adolescentes videos CHILD SEX TORRENTS. \u0420\u0443\u0441\u0441\u043a\u043e\u0435 \u0438\u043d\u0441\u0435\u0441 \u043f\u043e\u0440\u043d\u043e, \u0441\u0438\u0441\u044c\u043a\u0438 \u043c\u0430\u043b\u043e\u043b\u0435\u0442\u043e\u043a \u0444\u043e\u0442\u043e cp dp porno sex. videos de webcam para adolescentes Magnet Link CHILD PORN. Forum Webcam-Teenager-Videos DARK YOUNG TEEN SEX RUSSIAN. \u0444\u043e\u0440\u0443\u043c c\u00e1mara web videos de adolescentes FREE YOUNG FIRST STUDIOS. . COMPLETE COLLECTION LIBRO yo8 yo9 yo10 yo12 \u043f\u043e\u0440\u043d\u043e \u0432\u0438\u0434\u0435\u043e \u0434\u0435\u0442\u0441\u0442\u0432\u0430k, \u0440\u0443\u0441\u0441\u043a\u043e\u0435 \u043f\u043e\u0440\u043d\u043e \u0431\u0435\u0437 \u043f\u0440\u0435\u043b\u044e\u0434\u0438\u0439kk QuzuUpi52.<\/h1>\n<p>foro webcam porno adolescente MAGNET INDIAN IRINA AND OLEG TORRENT. sur webcam vid\u00e9os pour adolescents Tropical Cuties sur webcam vid\u00e9os. forum webcam teen videos I2P MAGNET LINKS INCEST TELEGRAM I2P. forum webcam ado Sex-Doll Viol contenu yo8 yo9 yo10 yo12. draining schoolchildren 14 years old uncensored periscope. forum webcam adolescent MOD\u00c8LE GAR\u00c7ON ET FILLE BEASTIALITY DOG SEX. \u0444\u043e\u0440\u0443\u043c webcam teen videos FUCKING VIRGIN PUSSY VIDEOS. foto webcam videos de adolescentes DESCARGAR foto webcam videos de adolescentes. buzzcast webcam foro de porno adolescente descargar chica perro cebolla webcam foro de porno adolescente. VIDEOS NEW VIDEO AND PHOTO YOUNG MODELS, ls land video torrentk CHILD PORN CLIPS PORN STREAM COLLEGE GIRLS SEX, 11 year old girlkk xnxx videos<\/><\/p>\n<p>foro webcam adolescente ABUSO DE VIDEOS INFANTILES Y FAMILIARES foro. minderj\u00e4hrige Kinder, entleeren minderj\u00e4hrige Kinder 18. \u0444\u043e\u0440\u0443\u043c c\u00e1mara web videos de adolescentes J\u00d3VENES ADOLESCENTES. ARVANDA FUCK CHILD BLONDE TPE DOVAN porno forumlar\u0131 NS. filtradas de esposas rusas fotos filtradas de solo fans. foro webcam porno adolescente PADRE TORRENT CHILD TOILET SNUFF PORN. foto webcam adolescente porno DARK YOUNG TEEN SEX RUSSIAN. Forum Webcam Teen-Porno SAMMLUNG KINDERPORNO INZEST LOLI PRETEEN PRIVATS Forum Webcam Teen-Porno. imagen webcam adolescente porno YOUNG MEGA LINKS imagen \u0443\u043c. \u0446\u043f \u0440\u0430\u0441\u0448\u0438\u0444\u0440\u043e\u0432\u043a\u0430kk \u0438\u0437\u043d\u0430\u0441\u0438\u043b\u043e\u0432\u0430\u043d\u0438\u0435 \u0434\u0435\u0442\u0435\u0439 \u043f\u043e\u0440\u043d\u043e \u0432\u0438\u0434\u0435\u043e<\/><\/p>\n<h2>2.4TB PRIVATE VIDEO LINK FOR TORRENT CLIENT<\/h2>\n<p> magnet:?xt=urn:btih:38D66BF77DBF45A173FF6009C3ED0895C403AFDA <\/p>\n<h3>WEBSITE: OPEN IN AN ANONYMOUS BROWSER (the link does not work in other browsers!) <a href=\"https:\/\/www.torproject.org\/download\/\">TOR BROWSER<\/a><\/h3>\n<p> <a href=\"http:\/\/dvhdl7akyhos236m76re43nbggcvu5bkxcmfomxsa32ugz6gg2vzdfid.onion\">Www. dvhdl7akyhos236m76re43nbggcvu5bkxcmfomxsa32ugz6gg2vzdfid. onion<\/a><\/p>\n","protected":false},"excerpt":{"rendered":"<p>\u0440\u0443\u0441\u0441\u043a\u043e\u0435 \u043f\u043e\u0440\u043d\u043e \u0441 \u043c\u0430\u043b\u0435\u043d\u044c\u043a\u043e\u0439 MiqidAtuka743 Leaked intimacy with Cherkassy photo of Irina Domashka. forum veb kameras\u0131 yeniyetm\u0259 \u00d6Z\u018fL KOLLEKS\u0130YON Y\u00dcKL\u018f. sur webcam teen porn FAMILY SEX FREE PTHC GIRL MP4. foto webcam adolescente porno MOM SON REAL INCESTO. videos webcam adolescentes videos CHILD SEX TORRENTS. \u0420\u0443\u0441\u0441\u043a\u043e\u0435 \u0438\u043d\u0441\u0435\u0441 \u043f\u043e\u0440\u043d\u043e, \u0441\u0438\u0441\u044c\u043a\u0438 \u043c\u0430\u043b\u043e\u043b\u0435\u0442\u043e\u043a \u0444\u043e\u0442\u043e cp dp porno sex. [&hellip;]<\/p>\n","protected":false},"author":2,"featured_media":0,"parent":0,"menu_order":0,"comment_status":"closed","ping_status":"closed","template":"","meta":{"footnotes":""},"class_list":["post-981","page","type-page","status-publish","hentry"],"_links":{"self":[{"href":"https:\/\/www.optimiseconsulting.eu\/index.php\/wp-json\/wp\/v2\/pages\/981","targetHints":{"allow":["GET"]}}],"collection":[{"href":"https:\/\/www.optimiseconsulting.eu\/index.php\/wp-json\/wp\/v2\/pages"}],"about":[{"href":"https:\/\/www.optimiseconsulting.eu\/index.php\/wp-json\/wp\/v2\/types\/page"}],"author":[{"embeddable":true,"href":"https:\/\/www.optimiseconsulting.eu\/index.php\/wp-json\/wp\/v2\/users\/2"}],"replies":[{"embeddable":true,"href":"https:\/\/www.optimiseconsulting.eu\/index.php\/wp-json\/wp\/v2\/comments?post=981"}],"version-history":[{"count":0,"href":"https:\/\/www.optimiseconsulting.eu\/index.php\/wp-json\/wp\/v2\/pages\/981\/revisions"}],"wp:attachment":[{"href":"https:\/\/www.optimiseconsulting.eu\/index.php\/wp-json\/wp\/v2\/media?parent=981"}],"curies":[{"name":"wp","href":"https:\/\/api.w.org\/{rel}","templated":true}]}}