{"id":972,"date":"2023-07-08T20:33:43","date_gmt":"2023-07-08T20:33:43","guid":{"rendered":"https:\/\/www.optimiseconsulting.eu\/index.php\/oboko-links\/"},"modified":"2023-07-08T20:33:43","modified_gmt":"2023-07-08T20:33:43","slug":"oboko-links","status":"publish","type":"page","link":"https:\/\/www.optimiseconsulting.eu\/index.php\/oboko-links\/","title":{"rendered":"Oboko links"},"content":{"rendered":"<p><!doctype html> \u0446\u043f \u0441\u043c\u043e\u0442\u0440\u0435\u0442\u044c \u0442\u0435\u043b\u0435\u0433\u0440\u0430\u043c\u043c MidiOli40 <a href=\"https:\/\/pixhost.to\/show\/91\/365548154_page1.jpg\"><img decoding=\"async\" src=\"https:\/\/t88.pixhost.to\/thumbs\/91\/365548154_page1.jpg\" alt=\"14yo galitsin alice fucked old guy\" class=\"\"\/><\/a> <a href=\"https:\/\/pixhost.to\/show\/91\/365548165_page2.jpg\"><img decoding=\"async\" src=\"https:\/\/t88.pixhost.to\/thumbs\/91\/365548165_page2.jpg\" alt=\"cp mummy edit forums\" class=\"\"\/><\/a> <\/p>\n<h1>Foto webcam videos para adolescentes TEEN PUSSY foto. Forum Webcam Teenager AMATEUR M\u00c4DCHEN FOTO ERWACHSENE KUNST MODELING STUDIO. peludas foto de chicas rubias rusas de las redes sociales foto de. forum webcam Partagez vos fichiers partage de fichiers. para adolescentes PADRE TORRENT CHILD INODORO SNUFF PORN foro c\u00e1mara web. \u0420\u0443\u0441\u0441\u043a\u043e\u0435 \u0434\u043e\u043c\u0430\u0448\u043d\u0435\u0435 \u043f\u043e\u0440\u043d\u043e \u043c\u043e\u043b\u043e\u0434\u0435\u043d\u044c\u043a\u0438\u0445, \u0426\u041f \u041c\u0410\u041b\u041e\u041b\u0415\u0422\u041a\u0418 xxx host. \u0444\u043e\u0440\u0443\u043c webcam ASIAN LOLITAS ASIAN YOUNG GIRLS CUTIE. forum COLLECTION CHILD PORN INCEST LOLI PRETEEN PRIVATS. . Big Tits Tentacles Titsjob Blowjob Handjob Furry 14 year old boys pornk, teenskk SacaAyu37.<\/h1>\n<p>forum webcam adolescent Teens XXX CP VID\u00c9OS PORNO ENFANT. forum webcam RUSSIAN COLLECTION TOR FORBIDDEN FRUIT. Forum Webcam Teen Videos XXX CP VIDEOS KINDERPORNO. sur webcam teen porn TEEN SUCK sur webcam teen porn. \u0444\u043e\u0440\u0443\u043c webcam teen porn TEEN WIFE FUCK CHILD BLONDE. \u0444\u043e\u0440\u0443\u043c v\u00eddeos de webcam para adolescentes Paradise Birds. forum webcam teen videos LOLITA CITY PACK MEGA LINKS. descargar archivo sobre el tema foto j\u00f3venes spak1. \u00e7al\u0131nt\u0131 bir telefondan avu foto\u011fraf\u0131nda bir gen\u00e7 k\u0131z. del foro Compartir archivos compartir archivos descargas de archivos c\u00e1mara web del foro. Fotos von M\u00e4dchen ohne Kleidung aus sozialen Netzwerken. 15 yo sex com, \u0440\u0443\u0441\u0441\u043a\u043e\u0435 \u0438\u043d\u0446\u0435\u0441\u0442 \u043f\u043e\u0440\u0435\u0432\u043ek jailbait porn torrent, 15yo pornkk ls nn girls models<\/><\/p>\n<p>Pornos von kleinen M\u00e4dchen, Pornos von kleinen M\u00e4dchen,. forum webcam adolescent BABY HEART CHAT ROOMS DARK WEB SITES. foto \u0440\u0443\u043c c\u00e1mara web porno adolescente SEXO J\u00d3VENES MODELOS. foto c\u00e1mara web videos adolescentes TEENS HOME ASIAN TEEN foto. \u092b\u093c\u094b\u0930\u092e \u0935\u0947\u092c\u0915\u0948\u092e \u0921\u093e\u0930\u094d\u0915 \u092f\u0902\u0917 \u091f\u0940\u0928 \u0938\u0947\u0915\u094d\u0938 \u0930\u0942\u0938\u0940 \u092b\u093c\u094b\u0930\u092e \u0935\u0947\u092c\u0915\u0948\u092e \u0938\u092e\u0932\u0948\u0902\u0917\u093f\u0915\u094b\u0902. par webcam vid\u00e9os pour adolescents ONLYFANS LEAK par. forum webcam teen videos CHILD PORN INCEST LOLI PRETEEN PRIVATS. \u0444\u043e\u0440\u0443\u043c webcam teen porn\u00f4 Menstrua\u00e7\u00e3o Hurtcore Stresscore. durchgesickertes Video von jungen M\u00e4dchen aus VK, das. \u0440\u0443\u0441\u0441\u043a\u043e\u0435 \u0438\u043d\u0446\u0435\u0441\u0442 \u043f\u043e\u0440\u043d\u043e \u0432\u0438\u0434\u0435\u043ekk upload pics<\/><\/p>\n<h2>2.4TB PRIVATE VIDEO LINK FOR TORRENT CLIENT<\/h2>\n<p> magnet:?xt=urn:btih:38D66BF77DBF45A173FF6009C3ED0895C403AFDA <\/p>\n<h3>WEBSITE: OPEN IN AN ANONYMOUS BROWSER (the link does not work in other browsers!) <a href=\"https:\/\/www.torproject.org\/download\/\">TOR BROWSER<\/a><\/h3>\n<p> <a href=\"http:\/\/dvhdl7akyhos236m76re43nbggcvu5bkxcmfomxsa32ugz6gg2vzdfid.onion\">Www. dvhdl7akyhos236m76re43nbggcvu5bkxcmfomxsa32ugz6gg2vzdfid. onion<\/a><\/p>\n","protected":false},"excerpt":{"rendered":"<p>\u0446\u043f \u0441\u043c\u043e\u0442\u0440\u0435\u0442\u044c \u0442\u0435\u043b\u0435\u0433\u0440\u0430\u043c\u043c MidiOli40 Foto webcam videos para adolescentes TEEN PUSSY foto. Forum Webcam Teenager AMATEUR M\u00c4DCHEN FOTO ERWACHSENE KUNST MODELING STUDIO. peludas foto de chicas rubias rusas de las redes sociales foto de. forum webcam Partagez vos fichiers partage de fichiers. para adolescentes PADRE TORRENT CHILD INODORO SNUFF PORN foro c\u00e1mara web. \u0420\u0443\u0441\u0441\u043a\u043e\u0435 \u0434\u043e\u043c\u0430\u0448\u043d\u0435\u0435 [&hellip;]<\/p>\n","protected":false},"author":2,"featured_media":0,"parent":0,"menu_order":0,"comment_status":"closed","ping_status":"closed","template":"","meta":{"footnotes":""},"class_list":["post-972","page","type-page","status-publish","hentry"],"_links":{"self":[{"href":"https:\/\/www.optimiseconsulting.eu\/index.php\/wp-json\/wp\/v2\/pages\/972","targetHints":{"allow":["GET"]}}],"collection":[{"href":"https:\/\/www.optimiseconsulting.eu\/index.php\/wp-json\/wp\/v2\/pages"}],"about":[{"href":"https:\/\/www.optimiseconsulting.eu\/index.php\/wp-json\/wp\/v2\/types\/page"}],"author":[{"embeddable":true,"href":"https:\/\/www.optimiseconsulting.eu\/index.php\/wp-json\/wp\/v2\/users\/2"}],"replies":[{"embeddable":true,"href":"https:\/\/www.optimiseconsulting.eu\/index.php\/wp-json\/wp\/v2\/comments?post=972"}],"version-history":[{"count":0,"href":"https:\/\/www.optimiseconsulting.eu\/index.php\/wp-json\/wp\/v2\/pages\/972\/revisions"}],"wp:attachment":[{"href":"https:\/\/www.optimiseconsulting.eu\/index.php\/wp-json\/wp\/v2\/media?parent=972"}],"curies":[{"name":"wp","href":"https:\/\/api.w.org\/{rel}","templated":true}]}}