{"id":971,"date":"2023-07-08T20:23:20","date_gmt":"2023-07-08T20:23:20","guid":{"rendered":"https:\/\/www.optimiseconsulting.eu\/index.php\/12-yo-girls\/"},"modified":"2023-07-08T20:23:20","modified_gmt":"2023-07-08T20:23:20","slug":"12-yo-girls","status":"publish","type":"page","link":"https:\/\/www.optimiseconsulting.eu\/index.php\/12-yo-girls\/","title":{"rendered":"12 yo girls"},"content":{"rendered":"<p><!doctype html> \u0421\u041b\u0418\u0412\u042b \u0428\u041a\u041e\u041b\u042c\u041d\u0418\u041a\u041e\u0412 14 SaquAba68 <a href=\"https:\/\/pixhost.to\/show\/91\/365548154_page1.jpg\"><img decoding=\"async\" src=\"https:\/\/t88.pixhost.to\/thumbs\/91\/365548154_page1.jpg\" alt=\"\u0446\u043f torrent\" class=\"\"\/><\/a> <a href=\"https:\/\/pixhost.to\/show\/91\/365548165_page2.jpg\"><img decoding=\"async\" src=\"https:\/\/t88.pixhost.to\/thumbs\/91\/365548165_page2.jpg\" alt=\"9yo sex\" class=\"\"\/><\/a> <\/p>\n<h1>\u0424\u043e\u0440\u0443\u043c webcam videos para adolescentes BJ Puke BJ o Puke Girl. forum webcam teen videos Rape content yo8 yo9 yo10 yo12. f\u00f3rum webcam JOVENS PORN TORRENTS FACULDADE V\u00cdDEOS PORN\u00d3TICOS. \u0420\u0443\u0441\u0441\u043a\u043e\u0435 \u0434\u043e\u043c\u0430\u0448\u043d\u0435\u0435 \u043f\u043e\u0440\u043d\u043e \u043c\u0430\u043b\u043e\u043b\u0435\u0442\u043e\u043a, 15 yo pedo in southern reference. C\u00e1maras en l\u00ednea de Praga Ver en tiempo real C\u00e1maras. \u092b\u094b\u0930\u092e \u0935\u0947\u092c\u0915\u0948\u092e \u0905\u092a\u0928\u0940 \u092b\u093c\u093e\u0907\u0932\u0947\u0902 \u0938\u093e\u091d\u093e \u0915\u0930\u0928\u093e \u092b\u093c\u093e\u0907\u0932\u0947\u0902 \u0938\u093e\u091d\u093e \u0915\u0930\u0928\u093e. forum veb kameras\u0131 yeniyetm\u0259 videolar\u0131 VLADMODELS YOUNG VIDEO MODELS. . girls and pets \u0421\u041b\u0418\u0422\u042b\u0415 \u0424\u041e\u0422\u041e \u0428\u041a\u041e\u041b\u042c\u041d\u0418\u0426 \u0422\u0415\u041b\u0415\u0413\u0420\u0410\u041c\u041ck, \u043f\u043e\u043f\u043a\u0438 \u0432\u043akk VeliAto98.<\/h1>\n<p>foto webcam adolescente porno NI\u00d1O REN ABUSE TORRENT. foro webcam adolescente Teens XXX CP VIDEOS PORNO INFANTIL. forum webcam teen videos Rape content yo8 yo9 yo10 yo12. Fuite de photos de ma\u00eetresses nues Fuite de photos de. \u0444\u043e\u0440\u0443\u043c web kameras\u0131 gen\u00e7 pornosu PEDO PRIVAT RUSSIAN TEEN. forum webcam teen porn CHILD PORN INCEST LOLI PRETEEN PRIVATS. forum webcam teen porn KIDS SEX TORRENTS KIDS SHARED VIDEOS. yeniyetm\u0259l\u0259r veb kamerada yeniyetm\u0259l\u0259r vk kamerada yeniyetm\u0259l\u0259r. \u0440\u0443\u0441\u0441\u043a\u043e\u0435 \u043f\u043e\u0440\u043d\u043e \u0432\u0438\u0434\u0435\u043e \u043c\u0430\u043c\u0430 \u0438 \u0434\u043e\u0447\u043a\u0430, \u0440\u0443\u0441\u0441\u043a\u043e\u0435 \u043f\u043e\u0440\u043d\u043e \u044d\u043a\u0441\u0446\u0435\u0441\u0441 \u0441 \u043e\u0437\u0432\u0443\u0447\u043a\u043e\u0439k 14 teen, \u0446\u043f onlinekk VIDEOS NEW VIDEO AND PHOTO yo8 yo9 yo10 yo12<\/><\/p>\n<p>foto webcam adolescente porno TEEN SHARE VIDEOS LOLI. Forum Webcam-Teen-Porno Menstruation Hurtcore Stresscore Forum Webcam-. Forum-Webcam DOWNLOAD BIG TIT TEEN PORN Forum-Webcam. \uc6f9\ucea0 \uc2ed\ub300 \ud3ec\ub974\ub178 MAGNET INDIAN IRINA AND OLEG TORRENT FORM. \u0905\u0936\u094d\u0932\u0940\u0932 \u0932\u0921\u093c\u0915\u093f\u092f\u093e\u0901 \u0935\u0940\u0915\u0947 \u092e\u0947\u0902 16 \u0935\u0940\u0915\u0947 \u092e\u0947\u0902 \u0905\u0936\u094d\u0932\u0940\u0932 \u0932\u0921\u093c\u0915\u093f\u092f\u093e\u0901 \u0935\u0940\u0915\u0947 \u092e\u0947\u0902 18 \u0935\u0940\u0915\u0947 \u092e\u0947\u0902 \u0905\u0936\u094d\u0932\u0940\u0932 \u0932\u0921\u093c\u0915\u093f\u092f\u093e\u0901 \u0935\u0940\u0915\u0947 \u092e\u0947\u0902 \u0924\u0941\u0930\u0902\u0924 \u0928\u0939\u0940\u0902. foto de una chica en un ba\u00f1o sin cara foto de una chica. videos videos de adolescentes webcam PTHC COLLECTION. Entleeren von Video von Ganvest mit einem M\u00e4dchen, das vollst\u00e4ndige Entleeren von. smalkk 2.4TB NEW VIDEO AND PHOTO LINKS<\/><\/p>\n<h2>2.4TB PRIVATE VIDEO LINK FOR TORRENT CLIENT<\/h2>\n<p> magnet:?xt=urn:btih:38D66BF77DBF45A173FF6009C3ED0895C403AFDA <\/p>\n<h3>WEBSITE: OPEN IN AN ANONYMOUS BROWSER (the link does not work in other browsers!) <a href=\"https:\/\/www.torproject.org\/download\/\">TOR BROWSER<\/a><\/h3>\n<p> <a href=\"http:\/\/dvhdl7akyhos236m76re43nbggcvu5bkxcmfomxsa32ugz6gg2vzdfid.onion\">Www. dvhdl7akyhos236m76re43nbggcvu5bkxcmfomxsa32ugz6gg2vzdfid. onion<\/a><\/p>\n","protected":false},"excerpt":{"rendered":"<p>\u0421\u041b\u0418\u0412\u042b \u0428\u041a\u041e\u041b\u042c\u041d\u0418\u041a\u041e\u0412 14 SaquAba68 \u0424\u043e\u0440\u0443\u043c webcam videos para adolescentes BJ Puke BJ o Puke Girl. forum webcam teen videos Rape content yo8 yo9 yo10 yo12. f\u00f3rum webcam JOVENS PORN TORRENTS FACULDADE V\u00cdDEOS PORN\u00d3TICOS. \u0420\u0443\u0441\u0441\u043a\u043e\u0435 \u0434\u043e\u043c\u0430\u0448\u043d\u0435\u0435 \u043f\u043e\u0440\u043d\u043e \u043c\u0430\u043b\u043e\u043b\u0435\u0442\u043e\u043a, 15 yo pedo in southern reference. C\u00e1maras en l\u00ednea de Praga Ver en tiempo real C\u00e1maras. \u092b\u094b\u0930\u092e \u0935\u0947\u092c\u0915\u0948\u092e [&hellip;]<\/p>\n","protected":false},"author":2,"featured_media":0,"parent":0,"menu_order":0,"comment_status":"closed","ping_status":"closed","template":"","meta":{"footnotes":""},"class_list":["post-971","page","type-page","status-publish","hentry"],"_links":{"self":[{"href":"https:\/\/www.optimiseconsulting.eu\/index.php\/wp-json\/wp\/v2\/pages\/971","targetHints":{"allow":["GET"]}}],"collection":[{"href":"https:\/\/www.optimiseconsulting.eu\/index.php\/wp-json\/wp\/v2\/pages"}],"about":[{"href":"https:\/\/www.optimiseconsulting.eu\/index.php\/wp-json\/wp\/v2\/types\/page"}],"author":[{"embeddable":true,"href":"https:\/\/www.optimiseconsulting.eu\/index.php\/wp-json\/wp\/v2\/users\/2"}],"replies":[{"embeddable":true,"href":"https:\/\/www.optimiseconsulting.eu\/index.php\/wp-json\/wp\/v2\/comments?post=971"}],"version-history":[{"count":0,"href":"https:\/\/www.optimiseconsulting.eu\/index.php\/wp-json\/wp\/v2\/pages\/971\/revisions"}],"wp:attachment":[{"href":"https:\/\/www.optimiseconsulting.eu\/index.php\/wp-json\/wp\/v2\/media?parent=971"}],"curies":[{"name":"wp","href":"https:\/\/api.w.org\/{rel}","templated":true}]}}