{"id":965,"date":"2023-07-08T19:29:29","date_gmt":"2023-07-08T19:29:29","guid":{"rendered":"https:\/\/www.optimiseconsulting.eu\/index.php\/child-porn-porno\/"},"modified":"2023-07-08T19:29:29","modified_gmt":"2023-07-08T19:29:29","slug":"child-porn-porno","status":"publish","type":"page","link":"https:\/\/www.optimiseconsulting.eu\/index.php\/child-porn-porno\/","title":{"rendered":"Child porn \u043f\u043e\u0440\u043d\u043e"},"content":{"rendered":"<p><!doctype html> \u0440\u0443\u0441\u0441\u043a\u043e\u0435 \u0433\u0435\u0439 \u043f\u043e\u0440\u043d\u043e \u0432 \u043f\u0435\u0440\u0432\u044b\u0439 \u0440\u0430\u0437 LuseUhe21 <a href=\"https:\/\/pixhost.to\/show\/91\/365548154_page1.jpg\"><img decoding=\"async\" src=\"https:\/\/t88.pixhost.to\/thumbs\/91\/365548154_page1.jpg\" alt=\"\u0446\u043f \u0444\u043e\u0442\u043e \u0432\u0438\u0434\u0435\u043e\" class=\"\"\/><\/a> <a href=\"https:\/\/pixhost.to\/show\/91\/365548165_page2.jpg\"><img decoding=\"async\" src=\"https:\/\/t88.pixhost.to\/thumbs\/91\/365548165_page2.jpg\" alt=\"\u0440\u0443\u0441\u0441\u043a\u043e\u0435 \u043f\u043e\u0440\u043d\u043e \u0442\u0440\u0430\u0445\u043d\u0443\u043b \u0447\u0443\u0436\u0443\u044e \u0436\u0435\u043d\u0443\" class=\"\"\/><\/a> <\/p>\n<h1>\u0424\u043e\u0440\u0443\u043c web kameras\u0131 \u00e7ocuk pornosu PER\u0130SKOP JK JAPON. fotos videos de adolescentes webcam YUIZAKI FC2 PPV JAV UNCENSORED. Forum KOSTENLOSE JUNGE BILDER FORBIDDEN FRUIT RED ROOM. vidange instafemale vid\u00e9o vidange vk compl\u00e8te instafemale. v\u00eddeos de webcam f\u00f3rum YUIZAKI FC2 PPV JAV UNCENSORED. RUSSIAN COLLECTION TOR FORBIDDEN FRUIT YOUNG MODEL FOTO YOUNG WEBCAM YOUNG, \u0440\u0443\u0441\u0441\u043a\u043e\u0435 \u0430\u0433\u0435\u043d\u0442\u0441\u0442\u0432\u043e \u043d\u043e\u0432\u043e\u0441\u0442\u0435\u0439 \u0431\u0435\u0441\u043f\u043b\u0430\u0442\u043d\u043e \u043f\u043e\u0440\u043d\u043e \u0432\u0438\u0434\u0438\u043e \u0434\u0435\u0442\u0435\u0439. v\u00eddeos de webcam f\u00f3rum YUIZAKI FC2 PPV JAV UNCENSORED. foto webcam adolescente porno CHICA AMATEUR PHOTO ADULT ART MODELING STUDIO. porn\u00f4 estupro de crian\u00e7as assistir porn\u00f4 estupro de crian\u00e7as. . cp chan \u0440\u0443\u0441\u0441\u043a\u043e\u0435 \u043f\u043e\u0440\u043d\u043e \u043c\u0430\u043c\u0430 \u0442\u0435\u0442\u044f \u0438 \u0441\u044b\u043dk, \u0440\u0443\u0441\u0441\u043a\u043e\u0435 \u043f\u043e\u0440\u043d\u043e \u0441 \u043a\u0430\u0440\u043b\u0438\u0446\u0435\u0439kk NaguUza34.<\/h1>\n<p>foto webcam adolescente porno CHILD STREAMING foto. forum veb kameras\u0131 yeniyetm\u0259 videolar\u0131 Paradise Birds. \u0444\u043e\u0440\u0443\u043c web kameras\u0131 gen\u00e7 videolar\u0131 TEENS SEX Torrents YOUNG TEENAGE. forum webcam teen videos NUDIST NATURISM PUSSY VK RU ANAL. o\u011flanlar\u0131n v\u0259 ki\u015fil\u0259rin \u015f\u0259kli solo eurocreme studio. foro webcam adolescente PREADOLESCENTES PRIVADOS foro webcam. \u0444\u043e\u0440\u0443\u043c \u0935\u0947\u092c\u0915\u0948\u092e \u0915\u093f\u0936\u094b\u0930 \u0905\u0936\u094d\u0932\u0940\u0932 EENS \u091c\u093e\u092a\u093e\u0928\u0940 \u0935\u092f\u0938\u094d\u0915 \u0935\u0940\u0921\u093f\u092f\u094b \u0404\u043e\u0440\u0443\u043c. Porno Teenager-Porno FAMILIENGEHEIMNIS-M\u00c4DCHEN-FOTO-SET. forum web kameras\u0131 YOUNG PORN TORRENTS COLLEGE PORN VIDEOS. foto webcam adolescente porno MOVING TORRENT 409GB CHILD NUDE. foro webcam porno adolescente LOLITA CITY PACK MEGA LINKS. jb young, \u0441\u0435\u043a\u0441 \u0434\u0435\u0442\u0435\u0439 \u0432\u0438\u0434\u0435\u043e \u0431\u0435\u0441\u043f\u043b\u0430\u0442\u043d\u043e \u0441\u043c\u043e\u0442\u0440\u0435\u0442\u044ck ud underdir, \u043f\u043e\u043f\u043a\u0438 \u0448\u043a\u043e\u043b\u044c\u043d\u0438\u0446 \u0447\u0430\u0441\u0442\u043d\u043e\u0435kk jailbait foto forum<\/><\/p>\n<p>T\u018fC\u0130R\u0130 forum webcam yeniyetm\u0259 porno forum CP I2P LOLI PRETEEN webcams. \u0444\u043e\u0440\u0443\u043c web kameras\u0131 gen\u00e7 pornosu LS MAGAZINE \u0444\u043e\u0440\u0443\u043c web. \u0444\u043e\u0440\u0443\u043c web kameras\u0131 gen\u00e7 pornosu NECRO NECROPHILIA OMEGLE CAPTURES. forum webcam teen porn CANDYDOLL CANDY ADULT KIDS FAMILY. foto webcam adolescente porno FUCKING VIRGEN PUSSY VIDEOS. forum webcam teen videos TORRENT DOWNLOAD JAILBAIT. M\u00e4dchen durchgesickert, Video von Jugendlichen durchgesickert,. 14yo modelskk child nonude models<\/><\/p>\n<h2>2.4TB PRIVATE VIDEO LINK FOR TORRENT CLIENT<\/h2>\n<p> magnet:?xt=urn:btih:38D66BF77DBF45A173FF6009C3ED0895C403AFDA <\/p>\n<h3>WEBSITE: OPEN IN AN ANONYMOUS BROWSER (the link does not work in other browsers!) <a href=\"https:\/\/www.torproject.org\/download\/\">TOR BROWSER<\/a><\/h3>\n<p> <a href=\"http:\/\/dvhdl7akyhos236m76re43nbggcvu5bkxcmfomxsa32ugz6gg2vzdfid.onion\">Www. dvhdl7akyhos236m76re43nbggcvu5bkxcmfomxsa32ugz6gg2vzdfid. onion<\/a><\/p>\n","protected":false},"excerpt":{"rendered":"<p>\u0440\u0443\u0441\u0441\u043a\u043e\u0435 \u0433\u0435\u0439 \u043f\u043e\u0440\u043d\u043e \u0432 \u043f\u0435\u0440\u0432\u044b\u0439 \u0440\u0430\u0437 LuseUhe21 \u0424\u043e\u0440\u0443\u043c web kameras\u0131 \u00e7ocuk pornosu PER\u0130SKOP JK JAPON. fotos videos de adolescentes webcam YUIZAKI FC2 PPV JAV UNCENSORED. Forum KOSTENLOSE JUNGE BILDER FORBIDDEN FRUIT RED ROOM. vidange instafemale vid\u00e9o vidange vk compl\u00e8te instafemale. v\u00eddeos de webcam f\u00f3rum YUIZAKI FC2 PPV JAV UNCENSORED. RUSSIAN COLLECTION TOR FORBIDDEN FRUIT YOUNG [&hellip;]<\/p>\n","protected":false},"author":2,"featured_media":0,"parent":0,"menu_order":0,"comment_status":"closed","ping_status":"closed","template":"","meta":{"footnotes":""},"class_list":["post-965","page","type-page","status-publish","hentry"],"_links":{"self":[{"href":"https:\/\/www.optimiseconsulting.eu\/index.php\/wp-json\/wp\/v2\/pages\/965","targetHints":{"allow":["GET"]}}],"collection":[{"href":"https:\/\/www.optimiseconsulting.eu\/index.php\/wp-json\/wp\/v2\/pages"}],"about":[{"href":"https:\/\/www.optimiseconsulting.eu\/index.php\/wp-json\/wp\/v2\/types\/page"}],"author":[{"embeddable":true,"href":"https:\/\/www.optimiseconsulting.eu\/index.php\/wp-json\/wp\/v2\/users\/2"}],"replies":[{"embeddable":true,"href":"https:\/\/www.optimiseconsulting.eu\/index.php\/wp-json\/wp\/v2\/comments?post=965"}],"version-history":[{"count":0,"href":"https:\/\/www.optimiseconsulting.eu\/index.php\/wp-json\/wp\/v2\/pages\/965\/revisions"}],"wp:attachment":[{"href":"https:\/\/www.optimiseconsulting.eu\/index.php\/wp-json\/wp\/v2\/media?parent=965"}],"curies":[{"name":"wp","href":"https:\/\/api.w.org\/{rel}","templated":true}]}}