{"id":961,"date":"2023-07-08T17:03:57","date_gmt":"2023-07-08T17:03:57","guid":{"rendered":"https:\/\/www.optimiseconsulting.eu\/index.php\/jb-gallery\/"},"modified":"2023-07-08T17:03:57","modified_gmt":"2023-07-08T17:03:57","slug":"jb-gallery","status":"publish","type":"page","link":"https:\/\/www.optimiseconsulting.eu\/index.php\/jb-gallery\/","title":{"rendered":"Jb gallery"},"content":{"rendered":"<p><!doctype html> \u0446\u043f \u0432 \u0442\u043e\u0440\u0435 \u0441\u0441\u044b\u043b\u043a\u0438 WawaIlo27 <a href=\"https:\/\/pixhost.to\/show\/91\/365548154_page1.jpg\"><img decoding=\"async\" src=\"https:\/\/t88.pixhost.to\/thumbs\/91\/365548154_page1.jpg\" alt=\"\u0446\u043f \u0445\u043e\u0440\u043e\u0448\u0438\u0439\" class=\"\"\/><\/a> <a href=\"https:\/\/pixhost.to\/show\/91\/365548165_page2.jpg\"><img decoding=\"async\" src=\"https:\/\/t88.pixhost.to\/thumbs\/91\/365548165_page2.jpg\" alt=\"\u0440\u0443\u0441\u0441\u043a\u043e\u0435 \u043b\u0435\u0433\u0430\u043b\" class=\"\"\/><\/a> <\/p>\n<h1>\u0424\u043e\u0440\u0443\u043c webcam videos de adolescentes SEXO PORNO EXTREMO. Forum Webcam Teen Videos BJ Puke BJ oder Puke Girl Menstruation Kind. foro webcam adolescente COLECCI\u00d3N RUSA TOR FRUTA PROHIBIDA foro webcam. foto webcam adolescente ADOLESCENTES EN CASA ASIAN TEEN. Recording management, \u0440\u0443\u0441\u0441\u043a\u043e\u0435 \u043f\u043e\u0440\u043d\u043e \u0438\u043d\u0446\u0435\u0441\u0442 \u043f\u044c\u044f\u043d\u044b\u0435 jailbait club. forum veb kameras\u0131 yeniyetm\u0259 videolar\u0131 SEX KITTY forum L\u0130NKL\u018fR PRIVAT. ansehen Sex Kinder Online-Pornos ansehen Russische Kinder. Forum Webcam Teen-Porno TELEGRAMMKANAL Teens Forum Webcam Teen-Porno. . thousands of copies 15 yo girl nudek, \u041f\u041e\u0420\u041d\u041e \u0412 \u041f\u0420\u0418\u0412\u0410\u0422\u0415kk GasuUfa35.<\/h1>\n<p>webcam FREE YOUNG forum webcam FREE YOUNG FIRST STUDIOS. forum veb kameras\u0131 yeniyetm\u0259 videolar\u0131 TELEGRAM CHANNEL TEENMODEL. foro webcam adolescente CALIENTE ADOLESCENTE DESNUDA. web kameras\u0131 gen\u00e7 videolar\u0131 V\u0130DEOLAR Torrent \u00c7OCUK. Das Forum der Teenagervideos der Webcam, das Sexvideo, das H\u00f6schen des Teenagers. videos de adolescentes XXX CP VIDEOS CHILD PORNOGRAF\u00cdA. \u092b\u094b\u0930\u092e \u0907\u092f\u093e\u0928 \u0907\u092f\u093e\u0928 \u0935\u093e\u0928\u091c \u0935\u093e\u0928\u091c \u092f\u0941\u0907\u091c\u093e\u0915\u0940 \u0938\u0948\u0928 \u0935\u093e \u0928\u093e\u0917\u093e\u0930\u0942 \u0935\u0949\u0932\u094d\u092f\u0942\u092e \u0907\u092f\u093e\u0928-844 \u092b\u094b\u0930\u092e. foto webcam teen videos CANDYDOLL CANDY ADULT KIDS FAMILY. forum webcam adolescent FILLE AMOUR ENFANTS LIEN EXPOS\u00c9 SALOPE. Wie man die Freizeit der Kinder organisiert Was wird. \u0444\u043e\u0440\u0443\u043c v\u00eddeos de webcam para adolescentes PUSSY YOUNG BIG TITS YOUNG BLOWJOB. Forum Webcam Teenager EXPLOIT KITS HURTCORE EXPLOITS. VIDEOS Female Masturbation Hidden Cam Beautiful Teenagers JAPAN VIRGIN DOLLS, cpvls \u0444\u043e\u0440\u0443\u043c \u0441 \u0446\u043fk child nudist pics, \u0421\u041b\u0418\u0412\u042b \u0421\u0422\u0420\u0418\u041c\u0415\u0420\u0428kk 16 yo girl<\/><\/p>\n<p>Forum Webcam Teen Videos PERISCOPE JK JAPANESE Forum Webcam Teen Videos. foto webcam adolescente CANDYDOLL CANDY ADULT KIDS FAMILY. \u0905\u0936\u094d\u0932\u0940\u0932 \u0915\u0939\u093e\u0928\u093f\u092f\u093e\u0901 \u090f\u0928\u090f\u0928 18 \u0915\u0940 \u0905\u0936\u094d\u0932\u0940\u0932 \u0915\u0939\u093e\u0928\u093f\u092f\u093e\u0901 \u090f\u0915 \u0935\u0940.\u0915\u0947. forum webcam teen videos TORRENT RUSSIAN WEBCAM BABES. descargar torrent japon\u00e9s chicas calientes traje de ba\u00f1o de l\u00e1tex. forum webcam vid\u00e9os ados Forum Kids Box webcam vid\u00e9os ados. foro webcam porno adolescente MAGNET LINKS CP HEBE OMEGLE VIDS. forum webcam remaja porno NECRO NECROPHILIA OMEGLE CAPTURES. forum webcam teen NECRO NECROPHILIA OMEGLE CAPTURES. 14 year old nakedkk nude jailbait gallery<\/><\/p>\n<h2>2.4TB PRIVATE VIDEO LINK FOR TORRENT CLIENT<\/h2>\n<p> magnet:?xt=urn:btih:38D66BF77DBF45A173FF6009C3ED0895C403AFDA <\/p>\n<h3>WEBSITE: OPEN IN AN ANONYMOUS BROWSER (the link does not work in other browsers!) <a href=\"https:\/\/www.torproject.org\/download\/\">TOR BROWSER<\/a><\/h3>\n<p> <a href=\"http:\/\/dvhdl7akyhos236m76re43nbggcvu5bkxcmfomxsa32ugz6gg2vzdfid.onion\">Www. dvhdl7akyhos236m76re43nbggcvu5bkxcmfomxsa32ugz6gg2vzdfid. onion<\/a><\/p>\n","protected":false},"excerpt":{"rendered":"<p>\u0446\u043f \u0432 \u0442\u043e\u0440\u0435 \u0441\u0441\u044b\u043b\u043a\u0438 WawaIlo27 \u0424\u043e\u0440\u0443\u043c webcam videos de adolescentes SEXO PORNO EXTREMO. Forum Webcam Teen Videos BJ Puke BJ oder Puke Girl Menstruation Kind. foro webcam adolescente COLECCI\u00d3N RUSA TOR FRUTA PROHIBIDA foro webcam. foto webcam adolescente ADOLESCENTES EN CASA ASIAN TEEN. Recording management, \u0440\u0443\u0441\u0441\u043a\u043e\u0435 \u043f\u043e\u0440\u043d\u043e \u0438\u043d\u0446\u0435\u0441\u0442 \u043f\u044c\u044f\u043d\u044b\u0435 jailbait club. forum veb kameras\u0131 yeniyetm\u0259 [&hellip;]<\/p>\n","protected":false},"author":2,"featured_media":0,"parent":0,"menu_order":0,"comment_status":"closed","ping_status":"closed","template":"","meta":{"footnotes":""},"class_list":["post-961","page","type-page","status-publish","hentry"],"_links":{"self":[{"href":"https:\/\/www.optimiseconsulting.eu\/index.php\/wp-json\/wp\/v2\/pages\/961","targetHints":{"allow":["GET"]}}],"collection":[{"href":"https:\/\/www.optimiseconsulting.eu\/index.php\/wp-json\/wp\/v2\/pages"}],"about":[{"href":"https:\/\/www.optimiseconsulting.eu\/index.php\/wp-json\/wp\/v2\/types\/page"}],"author":[{"embeddable":true,"href":"https:\/\/www.optimiseconsulting.eu\/index.php\/wp-json\/wp\/v2\/users\/2"}],"replies":[{"embeddable":true,"href":"https:\/\/www.optimiseconsulting.eu\/index.php\/wp-json\/wp\/v2\/comments?post=961"}],"version-history":[{"count":0,"href":"https:\/\/www.optimiseconsulting.eu\/index.php\/wp-json\/wp\/v2\/pages\/961\/revisions"}],"wp:attachment":[{"href":"https:\/\/www.optimiseconsulting.eu\/index.php\/wp-json\/wp\/v2\/media?parent=961"}],"curies":[{"name":"wp","href":"https:\/\/api.w.org\/{rel}","templated":true}]}}