{"id":957,"date":"2023-07-08T16:21:22","date_gmt":"2023-07-08T16:21:22","guid":{"rendered":"https:\/\/www.optimiseconsulting.eu\/index.php\/cp-dp-ssylka\/"},"modified":"2023-07-08T16:21:22","modified_gmt":"2023-07-08T16:21:22","slug":"cp-dp-ssylka","status":"publish","type":"page","link":"https:\/\/www.optimiseconsulting.eu\/index.php\/cp-dp-ssylka\/","title":{"rendered":"Cp dp \u0441\u0441\u044b\u043b\u043a\u0430"},"content":{"rendered":"<p><!doctype html> cp pthc lolita forum CebaEde18 <a href=\"https:\/\/pixhost.to\/show\/91\/365548154_page1.jpg\"><img decoding=\"async\" src=\"https:\/\/t88.pixhost.to\/thumbs\/91\/365548154_page1.jpg\" alt=\"cp girls\" class=\"\"\/><\/a> <a href=\"https:\/\/pixhost.to\/show\/91\/365548165_page2.jpg\"><img decoding=\"async\" src=\"https:\/\/t88.pixhost.to\/thumbs\/91\/365548165_page2.jpg\" alt=\"\u0440\u0443\u0441\u0441\u043a\u043e\u0435 \u043f\u043e\u0440\u043d\u043e \u0438\u043d\u0446\u0435\u0441\u0442 \u0432\u0442\u0440\u043e\u0435\u043c\" class=\"\"\/><\/a> <\/p>\n<h1>De verano ciruelas 16 colegialas de verano ciruelas 18 ciruelas. \u0444\u043e\u0440\u0443\u043c \u0935\u0947\u092c\u0915\u0948\u092e \u0915\u093f\u0936\u094b\u0930 \u0905\u0936\u094d\u0932\u0940\u0932 EENS \u091c\u093e\u092a\u093e\u0928\u0940 \u0935\u092f\u0938\u094d\u0915 \u0935\u0940\u0921\u093f\u092f\u094b \u0404\u043e\u0440\u0443\u043c. foto webcam videos para adolescentes PRETEEN PRIVATS. foto c\u00e1mara web videos adolescentes RIND LAS NI\u00d1AS EXX ME LASTIMARON. RAPE JAPANESE LOLI PRETEEN PRIVATS SEX VIDEOS TORRENT DOWNLOAD REAL INCEST MAGNET LINKS CP, 10yo sex DarkVSrar. forum web kameras\u0131 yeniyetm\u0259 TEEN CLIPS SCHOOLGIRL. avec webcam teen porn SEX JAV CHILD PORN INCEST avec. foro de amantes del incesto foro de amantes del collie. . \u0440\u0443\u0441\u0441\u043a\u043e\u0435 \u0434\u043e\u043c\u0430\u0448\u043d\u0435\u0435 \u043f\u043e\u0440\u043d\u043e \u043c\u043e\u043b\u043e\u0434\u0435\u043d\u044c\u043a\u0438\u0445 cp dp children pornk, 12 year girlkk ToyiEku48.<\/h1>\n<p>forum webcam teen porn LITTLE GIRL PEDOMOM PEDOFAMILY YOUNG GIRLS. f\u00f3rum webcam teen FILHA LOVE KIDS LINK EXPOSED SLUT f\u00f3rum. ansehen Fotos von Pornos von kleinen Kindern ansehen. forum webcam teen porn DARK YOUNG TEEN SEX RUSSIAN. forum webcam adolescent BABY HEART CHAT ROOMS DARK WEB SITES. \u0444\u043e\u0440\u0443\u043c webcam teen porn VID\u00c9OS WEBCAM ANAL ANIMAL ABUS ADULT. PORNO adolescente Hurt-core y Stress-core foto webcam. \u0444\u043e\u0440\u0443\u043c webcam teen porn TEEN WIFE FUCK CHILD BLONDE. foto \u0440\u0443\u043c c\u00e1mara web porno adolescente SEXO J\u00d3VENES MODELOS. cp child downloads, \u0440\u0443\u0441\u0441\u043a\u043e\u0435 \u043f\u043e\u0440\u043d\u043e \u0441 \u0432\u043e\u043b\u043e\u0441\u0430\u043c\u0438k zeus botnet, \u043f\u043e\u043f\u043a\u0438 \u043f\u043e\u0434\u0440\u043e\u0441\u0442\u043a\u043e\u0432kk \u0446\u043f \u0444\u043e\u0442\u043e\u0430\u0440\u0445\u0438\u0432 \u0434\u043e\u043c\u0430\u0448\u043d\u0438\u0439<\/><\/p>\n<p>porno \u015f\u0259kill\u0259ri u\u015faq v\u0259 yeniyetm\u0259l\u0259rin porno \u015f\u0259kill\u0259ri. \u0444\u043e\u0440\u0443\u043c webcam teen porn ENFANTS \u00c0 LA MAISON ENFANTS \u0444\u043e\u0440\u0443\u043c webcam teen. forum webcam teen porn GIRL WEBCAM SKYPE OMEGLE VIDS. forumu JAILBAIT DARKNET BAITHERANDERSANDSKH forumu. \u0444\u043e\u0440\u0443\u043c webcam porno adolescente EXPLOIT KITS HURTCORE EXPLOITS. forum webcam teen PTSC QUALITIES QUALITY SNUFF PORNO. C\u00e1mara web del foro para NI\u00d1OS 409GB TRANSMISI\u00d3N DE VIDEOS PARA ADULTOS. webcam adolescent CHILD STREAM VIDEOS forum webcam adolescent ENFANT. \u0440\u0443\u0441\u0441\u043a\u043e\u0435 \u0432\u0438\u0434\u0435\u043e \u043f\u043e\u0440\u043d\u043e 2020 \u0431\u0440\u0430\u0442 \u0438 \u0441\u0435\u0441\u0442\u0440\u0430kk JAILBAIT FORUM<\/><\/p>\n<h2>2.4TB PRIVATE VIDEO LINK FOR TORRENT CLIENT<\/h2>\n<p> magnet:?xt=urn:btih:38D66BF77DBF45A173FF6009C3ED0895C403AFDA <\/p>\n<h3>WEBSITE: OPEN IN AN ANONYMOUS BROWSER (the link does not work in other browsers!) <a href=\"https:\/\/www.torproject.org\/download\/\">TOR BROWSER<\/a><\/h3>\n<p> <a href=\"http:\/\/dvhdl7akyhos236m76re43nbggcvu5bkxcmfomxsa32ugz6gg2vzdfid.onion\">Www. dvhdl7akyhos236m76re43nbggcvu5bkxcmfomxsa32ugz6gg2vzdfid. onion<\/a><\/p>\n","protected":false},"excerpt":{"rendered":"<p>cp pthc lolita forum CebaEde18 De verano ciruelas 16 colegialas de verano ciruelas 18 ciruelas. \u0444\u043e\u0440\u0443\u043c \u0935\u0947\u092c\u0915\u0948\u092e \u0915\u093f\u0936\u094b\u0930 \u0905\u0936\u094d\u0932\u0940\u0932 EENS \u091c\u093e\u092a\u093e\u0928\u0940 \u0935\u092f\u0938\u094d\u0915 \u0935\u0940\u0921\u093f\u092f\u094b \u0404\u043e\u0440\u0443\u043c. foto webcam videos para adolescentes PRETEEN PRIVATS. foto c\u00e1mara web videos adolescentes RIND LAS NI\u00d1AS EXX ME LASTIMARON. RAPE JAPANESE LOLI PRETEEN PRIVATS SEX VIDEOS TORRENT DOWNLOAD REAL INCEST MAGNET LINKS [&hellip;]<\/p>\n","protected":false},"author":2,"featured_media":0,"parent":0,"menu_order":0,"comment_status":"closed","ping_status":"closed","template":"","meta":{"footnotes":""},"class_list":["post-957","page","type-page","status-publish","hentry"],"_links":{"self":[{"href":"https:\/\/www.optimiseconsulting.eu\/index.php\/wp-json\/wp\/v2\/pages\/957","targetHints":{"allow":["GET"]}}],"collection":[{"href":"https:\/\/www.optimiseconsulting.eu\/index.php\/wp-json\/wp\/v2\/pages"}],"about":[{"href":"https:\/\/www.optimiseconsulting.eu\/index.php\/wp-json\/wp\/v2\/types\/page"}],"author":[{"embeddable":true,"href":"https:\/\/www.optimiseconsulting.eu\/index.php\/wp-json\/wp\/v2\/users\/2"}],"replies":[{"embeddable":true,"href":"https:\/\/www.optimiseconsulting.eu\/index.php\/wp-json\/wp\/v2\/comments?post=957"}],"version-history":[{"count":0,"href":"https:\/\/www.optimiseconsulting.eu\/index.php\/wp-json\/wp\/v2\/pages\/957\/revisions"}],"wp:attachment":[{"href":"https:\/\/www.optimiseconsulting.eu\/index.php\/wp-json\/wp\/v2\/media?parent=957"}],"curies":[{"name":"wp","href":"https:\/\/api.w.org\/{rel}","templated":true}]}}