{"id":956,"date":"2023-07-08T15:39:11","date_gmt":"2023-07-08T15:39:11","guid":{"rendered":"https:\/\/www.optimiseconsulting.eu\/index.php\/pollution-klang\/"},"modified":"2023-07-08T15:39:11","modified_gmt":"2023-07-08T15:39:11","slug":"pollution-klang","status":"publish","type":"page","link":"https:\/\/www.optimiseconsulting.eu\/index.php\/pollution-klang\/","title":{"rendered":"Pollution klang"},"content":{"rendered":"<p><!doctype html> \u0440\u0443\u0441\u0441\u043a\u043e\u0435 \u0432\u0435\u0431 \u043a\u0430\u043c\u0435\u0440\u0430 \u0447\u0430\u0441\u0442\u043d\u043e\u0435 \u0432\u0438\u0434\u0435\u043e LegaIgu27 <a href=\"https:\/\/pixhost.to\/show\/91\/365548154_page1.jpg\"><img decoding=\"async\" src=\"https:\/\/t88.pixhost.to\/thumbs\/91\/365548154_page1.jpg\" alt=\"\u0440\u0443\u0441\u0441\u043a\u043e\u0435\u043f\u043e\u0440\u043d\u043e\" class=\"\"\/><\/a> <a href=\"https:\/\/pixhost.to\/show\/91\/365548165_page2.jpg\"><img decoding=\"async\" src=\"https:\/\/t88.pixhost.to\/thumbs\/91\/365548165_page2.jpg\" alt=\"\u0421\u041b\u0418\u0412 \u0424\u041e\u0422\u041e \u0421\u0422\u0420\u0418\u041c\u0415\u0420\u0428\u0418\" class=\"\"\/><\/a> <\/p>\n<h1>CP PJK KDV C\u00e1mara web del foro RBV PORN KIDS c\u00e1mara web del foro. forum webcam porno teen PORN SEX DVD forum webcam porno teen. webcam adolescent CHILD STREAM VIDEOS forum webcam adolescent ENFANT. Forum SAMMLUNG KINDERPORNO INZEST LOLI PRETEEN PRIVATS. youngster undressed schoolgirl in periscope periscope 18. Quora dark web quora darknet, \u0440\u0443\u0441\u0441\u043a\u043e\u0435 \u0433\u0435\u0439 \u043f\u043e\u0440\u043d\u043e \u043f\u043e \u043a\u0430\u0442\u0435\u0433\u043e\u0440\u0438\u044f\u043c numerous references. forum veb kameras\u0131 yeniyetm\u0259 videolar\u0131 SEX CHAT ROULETTE. Forum-Webcam Sex-Doll-Vergewaltigungsinhalt 8 Jahre alt 9 Jahre alt 10 Jahre alt 12 Jahre Forum-Webcam. . JAPANESE CHINA 15 yo sex comk, \u0440\u0443\u0441\u0441\u043a\u043e\u0435 \u043f\u043e\u0440\u043d\u043e \u043c\u0430\u043c\u0430 \u043f\u0430\u043f\u0430 \u0431\u0440\u0430\u0442 \u0441\u0435\u0441\u0442\u0440\u0430kk TufugUkaqe739.<\/h1>\n<p>\u0444\u043e\u0440\u0443\u043c webcam teen videos Share your Files sharing files. foto webcam adolescente J\u00d3VENES NI\u00d1OS PREADOLESCENTES foto \u043c webcam teen YOUNG. \u0444\u043e\u0440\u0443\u043c webcam teen videos VIDEOS WEBCAM ANAL ANIMAL ABUS ADULT. \u0444\u043e\u0440\u0443\u043c c\u00e1mara web videos de adolescentes J\u00d3VENES ADOLESCENTES. foro webcam adolescente porno JULYJAILBAIT foro webcam adolescente porno. jeune a montr\u00e9 les seins dans le p\u00e9riscope le jeune. Forum Webcam-Teen-Videos SEX DVD &#8211; Forum Webcam-Teen-Videos. desnudas foto de fuga de j\u00f3venes desnudos foto de fuga. c\u00e1mara web del foro Share your Files sharing files c\u00e1mara web. \u0446\u043f \u043f\u043e\u0440\u043d\u043e \u043c\u0430\u043b\u044c\u0447\u0438\u043a\u0438, nude preteen lolitas modelsk \u0440\u0443\u0441\u0441\u043a\u043e\u0435 \u043b\u044e\u0431\u0438\u0442\u0435\u043b\u044c\u0441\u043a\u043e\u0435 \u0432\u043a\u043e\u043d\u0442\u0430\u043a\u0442\u0435, \u0440\u0443\u0441\u0441\u043a\u043e\u0435 \u043f\u043e\u0440\u043d\u043e \u0441\u043e\u0432\u0440\u0430\u0449\u0435\u043d\u0438\u0435 \u043c\u0430\u043b\u043e\u043b\u0435\u0442\u043e\u043a \u0437\u0430\u0441\u0442\u0430\u0432\u043b\u044f\u044e\u0442 \u0441\u043e\u0441\u0430\u0442\u044c \u0434\u0440\u043e\u0447\u0438\u0442\u044ckk VIDEO TORRENT DOWNLOAD<\/><\/p>\n<p>Forum Webcam Teenager PRETTY NUDIST FAMILY PICS VIDS. Forum Webcam Teenager HARD CANDY HEISSES TEEN LOLITA. foro webcam videos adolescentes OPVA TOR ENLACES OSCURO foro. fotos videos de webcam para adolescentes HELIOS NATURA videos. forum webcam teen porn SEX VIDEO SHARE LINKS PRIVAT. \u0444\u043e\u0440\u0443\u043c web kameras\u0131 gen\u00e7 pornosu GEN\u00c7 KIZ \u0444\u043e\u0440\u0443\u043c web kameras\u0131. \u0905\u0936\u094d\u0932\u0940\u0932 \u0932\u0921\u093c\u0915\u093f\u092f\u093e\u0901 \u0935\u0940\u0915\u0947 \u092e\u0947\u0902 16 \u0935\u0940\u0915\u0947 \u092e\u0947\u0902 \u0905\u0936\u094d\u0932\u0940\u0932 \u0932\u0921\u093c\u0915\u093f\u092f\u093e\u0901 \u0935\u0940\u0915\u0947 \u092e\u0947\u0902 18 \u0935\u0940\u0915\u0947 \u092e\u0947\u0902 \u0905\u0936\u094d\u0932\u0940\u0932 \u0932\u0921\u093c\u0915\u093f\u092f\u093e\u0901 \u0935\u0940\u0915\u0947 \u092e\u0947\u0902 \u0924\u0941\u0930\u0902\u0924 \u0928\u0939\u0940\u0902. forum veb kameras\u0131 yeniyetm\u0259 videolar\u0131 PRIVATS FORBIDDEN VIDEO STUDIO. para adolescentes con webcam SEXO MODELOS J\u00d3VENES videos de videos para adolescentes con webcam SEXO MODELOS J\u00d3VENES Menstruaci\u00f3n videos de. \u0446\u043f \u0434\u043f \u0434\u043e\u043c\u0430\u0448\u043d\u0435\u0435 \u043a\u0430\u043c\u0435\u043d\u043a\u0438 \u0448\u043a\u043e\u043b\u044c\u043d\u0438\u0446\u044bkk TORRENT DOWNLOAD JAILBAIT<\/><\/p>\n<h2>2.4TB PRIVATE VIDEO LINK FOR TORRENT CLIENT<\/h2>\n<p> magnet:?xt=urn:btih:38D66BF77DBF45A173FF6009C3ED0895C403AFDA <\/p>\n<h3>WEBSITE: OPEN IN AN ANONYMOUS BROWSER (the link does not work in other browsers!) <a href=\"https:\/\/www.torproject.org\/download\/\">TOR BROWSER<\/a><\/h3>\n<p> <a href=\"http:\/\/dvhdl7akyhos236m76re43nbggcvu5bkxcmfomxsa32ugz6gg2vzdfid.onion\">Www. dvhdl7akyhos236m76re43nbggcvu5bkxcmfomxsa32ugz6gg2vzdfid. onion<\/a><\/p>\n","protected":false},"excerpt":{"rendered":"<p>\u0440\u0443\u0441\u0441\u043a\u043e\u0435 \u0432\u0435\u0431 \u043a\u0430\u043c\u0435\u0440\u0430 \u0447\u0430\u0441\u0442\u043d\u043e\u0435 \u0432\u0438\u0434\u0435\u043e LegaIgu27 CP PJK KDV C\u00e1mara web del foro RBV PORN KIDS c\u00e1mara web del foro. forum webcam porno teen PORN SEX DVD forum webcam porno teen. webcam adolescent CHILD STREAM VIDEOS forum webcam adolescent ENFANT. Forum SAMMLUNG KINDERPORNO INZEST LOLI PRETEEN PRIVATS. youngster undressed schoolgirl in periscope periscope 18. Quora [&hellip;]<\/p>\n","protected":false},"author":2,"featured_media":0,"parent":0,"menu_order":0,"comment_status":"closed","ping_status":"closed","template":"","meta":{"footnotes":""},"class_list":["post-956","page","type-page","status-publish","hentry"],"_links":{"self":[{"href":"https:\/\/www.optimiseconsulting.eu\/index.php\/wp-json\/wp\/v2\/pages\/956","targetHints":{"allow":["GET"]}}],"collection":[{"href":"https:\/\/www.optimiseconsulting.eu\/index.php\/wp-json\/wp\/v2\/pages"}],"about":[{"href":"https:\/\/www.optimiseconsulting.eu\/index.php\/wp-json\/wp\/v2\/types\/page"}],"author":[{"embeddable":true,"href":"https:\/\/www.optimiseconsulting.eu\/index.php\/wp-json\/wp\/v2\/users\/2"}],"replies":[{"embeddable":true,"href":"https:\/\/www.optimiseconsulting.eu\/index.php\/wp-json\/wp\/v2\/comments?post=956"}],"version-history":[{"count":0,"href":"https:\/\/www.optimiseconsulting.eu\/index.php\/wp-json\/wp\/v2\/pages\/956\/revisions"}],"wp:attachment":[{"href":"https:\/\/www.optimiseconsulting.eu\/index.php\/wp-json\/wp\/v2\/media?parent=956"}],"curies":[{"name":"wp","href":"https:\/\/api.w.org\/{rel}","templated":true}]}}