{"id":950,"date":"2023-07-08T14:03:23","date_gmt":"2023-07-08T14:03:23","guid":{"rendered":"https:\/\/www.optimiseconsulting.eu\/index.php\/jailbait-video\/"},"modified":"2023-07-08T14:03:23","modified_gmt":"2023-07-08T14:03:23","slug":"jailbait-video","status":"publish","type":"page","link":"https:\/\/www.optimiseconsulting.eu\/index.php\/jailbait-video\/","title":{"rendered":"Jailbait \u0432\u0438\u0434\u0435\u043e"},"content":{"rendered":"<p><!doctype html> 9 yo porn video ZuseUmi32 <a href=\"https:\/\/pixhost.to\/show\/91\/365548154_page1.jpg\"><img decoding=\"async\" src=\"https:\/\/t88.pixhost.to\/thumbs\/91\/365548154_page1.jpg\" alt=\"\u0434\u0435\u0442\u0441\u043a\u043e \u043f\u043e\u0440\u043d\u043e\" class=\"\"\/><\/a> <a href=\"https:\/\/pixhost.to\/show\/91\/365548165_page2.jpg\"><img decoding=\"async\" src=\"https:\/\/t88.pixhost.to\/thumbs\/91\/365548165_page2.jpg\" alt=\"\u0446\u043f \u0432\u0438\u0434\u0435\u043b\" class=\"\"\/><\/a> <\/p>\n<h1>Grupos de telegramas privados trocar esposas de fotos. forum webcam teen porn DARK YOUNG TEEN SEX RUSSIAN. \u0444\u043e\u0440\u0443\u043c videos de webcam para adolescentes descargar chica perro cebolla. \u0444\u043e\u0440\u0443\u043c teen webcam porn C OLEC\u00c7\u00c3O PORNOGRAFIA INCESTANTE LOLI PRETEEN PRIVATS. Forum Webcam Teen Porno LOLITA CITY PACK MEGA LINKS. Premium pack mega cp links amateur girl jailbait, \u0414\u041e\u041c\u0410\u0428\u041d\u0415\u0415 \u041f\u041e\u0420\u041d\u041e \u0424\u041e\u0422\u041e \u0414\u0415\u0422\u0415\u0419 \u0440\u0443\u0441\u0441\u043a\u043e\u0435 \u043f\u043e\u0440\u043d\u043e \u0441\u0435\u043c\u0435\u0439\u043d\u0430\u044f \u043f\u0430\u0440\u0430 \u0438 \u0434\u0435\u0432\u0443\u0448\u043a\u0430. foro c\u00e1mara web adolescente BJ Puke BJ o Puke Girl Menstruaci\u00f3n. forum webcam adolescent VIDEO TORRENT T\u00c9L\u00c9CHARGER forum. . reposiciona la foto cp jailbaitk, kiddie porn linkskk TufugUkaqe739.<\/h1>\n<p>\u0935\u0947\u092c\u0915\u0948\u092e \u0915\u093f\u0936\u094b\u0930 \u0905\u0936\u094d\u0932\u0940\u0932 \u0915\u093e\u092e\u0941\u0915 \u0921\u0940\u0935\u0940\u0921\u0940 CH \u092a\u0948\u0902\u091f\u0940 \u092e\u0947\u0902 \u0906\u0908\u090f\u0932\u0921\u0940 \u0935\u0947\u092c\u0915\u0948\u092e \u092a\u0930 \u0915\u093f\u0936\u094b\u0930 \u0905\u0936\u094d\u0932\u0940\u0932. f\u00f3rum webcam teen FILHA LOVE KIDS LINK EXPOSED SLUT f\u00f3rum. webcam MODELOS NI\u00d1O Y CHICA BESTIALIDAD SEXO DE PERROS. forumu PULSUZ G\u018fNC \u015e\u0259kill\u0259r QADA\u011eAN MEYVE QIRMIZI OTAQ. foto webcam videos de adolescentes PJK KDV RBV foto webcam videos de adolescentes. Webcam Teen herunterladen Porno KINDERPORNO DOWNLOAD. forum web kameras\u0131 XXX CP VIDEOS CHILD PORN forum web. foto c\u00e1mara web videos adolescentes TEENS CHILD PORNO MY PRIVATS foto. forum webcam adolescent ENFANTS CULPABILIT\u00c9 PEDOS VIDEO forum webcam adolescent ENFANTS TOILETTE. \u0446\u043f \u0434\u043f \u0432\u0438\u0434\u0435\u043e, \u0446\u043f 14 15k open a page, \u0440\u0443\u0441\u0441\u043a\u043e\u0435 \u0432\u0438\u0434\u0435\u043e \u0438\u043d\u0446\u0435\u0441\u0442 \u0441 \u043c\u0430\u043c\u043e\u0439kk zxjfjm5iinmgezyj<\/><\/p>\n<p>foto webcam videos adolescentes TORRENT DOWNLOAD CHILD. forum webcam teen videos 409GB STREAMING ADULT VIDEOS. Forum Webcam Teen Porno TEEN SEX JUFE &#8211; JUY &#8211; HTHD &#8211; 062520-001 065320-004. photo de jeunes mannequins nouvelle photo de jeunes mannequins. foto webcam adolescente porno EYAN EYAN WANZ WANZ YUIZAKI SAN WA NAGERU VOL EYAN-844. drenando colegialas jovenes vk drenando colegialas jovenes dp cp telegramas. foro c\u00e1mara web adolescente HARD CANDY HOT TEEN LOLITA. vulgar crossbows from social networks photo shemales. \u0440\u0443\u0441\u0441\u043a\u043e\u0435 \u0432\u0435\u0431 \u043a\u0430\u043c\u0435\u0440\u0430kk CHILD PORN INCEST LOLI PRETEEN PRIVATS BRO SIS CP KIDS WEBCAM<\/><\/p>\n<h2>2.4TB PRIVATE VIDEO LINK FOR TORRENT CLIENT<\/h2>\n<p> magnet:?xt=urn:btih:38D66BF77DBF45A173FF6009C3ED0895C403AFDA <\/p>\n<h3>WEBSITE: OPEN IN AN ANONYMOUS BROWSER (the link does not work in other browsers!) <a href=\"https:\/\/www.torproject.org\/download\/\">TOR BROWSER<\/a><\/h3>\n<p> <a href=\"http:\/\/dvhdl7akyhos236m76re43nbggcvu5bkxcmfomxsa32ugz6gg2vzdfid.onion\">Www. dvhdl7akyhos236m76re43nbggcvu5bkxcmfomxsa32ugz6gg2vzdfid. onion<\/a><\/p>\n","protected":false},"excerpt":{"rendered":"<p>9 yo porn video ZuseUmi32 Grupos de telegramas privados trocar esposas de fotos. forum webcam teen porn DARK YOUNG TEEN SEX RUSSIAN. \u0444\u043e\u0440\u0443\u043c videos de webcam para adolescentes descargar chica perro cebolla. \u0444\u043e\u0440\u0443\u043c teen webcam porn C OLEC\u00c7\u00c3O PORNOGRAFIA INCESTANTE LOLI PRETEEN PRIVATS. Forum Webcam Teen Porno LOLITA CITY PACK MEGA LINKS. Premium pack mega [&hellip;]<\/p>\n","protected":false},"author":2,"featured_media":0,"parent":0,"menu_order":0,"comment_status":"closed","ping_status":"closed","template":"","meta":{"footnotes":""},"class_list":["post-950","page","type-page","status-publish","hentry"],"_links":{"self":[{"href":"https:\/\/www.optimiseconsulting.eu\/index.php\/wp-json\/wp\/v2\/pages\/950","targetHints":{"allow":["GET"]}}],"collection":[{"href":"https:\/\/www.optimiseconsulting.eu\/index.php\/wp-json\/wp\/v2\/pages"}],"about":[{"href":"https:\/\/www.optimiseconsulting.eu\/index.php\/wp-json\/wp\/v2\/types\/page"}],"author":[{"embeddable":true,"href":"https:\/\/www.optimiseconsulting.eu\/index.php\/wp-json\/wp\/v2\/users\/2"}],"replies":[{"embeddable":true,"href":"https:\/\/www.optimiseconsulting.eu\/index.php\/wp-json\/wp\/v2\/comments?post=950"}],"version-history":[{"count":0,"href":"https:\/\/www.optimiseconsulting.eu\/index.php\/wp-json\/wp\/v2\/pages\/950\/revisions"}],"wp:attachment":[{"href":"https:\/\/www.optimiseconsulting.eu\/index.php\/wp-json\/wp\/v2\/media?parent=950"}],"curies":[{"name":"wp","href":"https:\/\/api.w.org\/{rel}","templated":true}]}}