{"id":949,"date":"2023-07-08T14:00:41","date_gmt":"2023-07-08T14:00:41","guid":{"rendered":"https:\/\/www.optimiseconsulting.eu\/index.php\/malaletka\/"},"modified":"2023-07-08T14:00:41","modified_gmt":"2023-07-08T14:00:41","slug":"malaletka","status":"publish","type":"page","link":"https:\/\/www.optimiseconsulting.eu\/index.php\/malaletka\/","title":{"rendered":"\u041c\u0430\u043b\u0430\u043b\u0435\u0442\u043a\u0430"},"content":{"rendered":"<p><!doctype html> \u0421\u0415\u041a\u0421 \u0421 \u041c\u0410\u041b\u041e\u041b\u0415\u0422\u041a\u041e\u0419 \u0421\u041b\u0418\u0412 NaleElu54 <a href=\"https:\/\/pixhost.to\/show\/91\/365548154_page1.jpg\"><img decoding=\"async\" src=\"https:\/\/t88.pixhost.to\/thumbs\/91\/365548154_page1.jpg\" alt=\"12 teen porn\" class=\"\"\/><\/a> <a href=\"https:\/\/pixhost.to\/show\/91\/365548165_page2.jpg\"><img decoding=\"async\" src=\"https:\/\/t88.pixhost.to\/thumbs\/91\/365548165_page2.jpg\" alt=\"\u043f\u043e\u0440\u043d\u043e \u0432\u0438\u0434\u0435\u043e \u043b\u0438\u0448\u0435\u043d\u0438\u0435 \u0434\u0435\u0442\u0441\u0442\u0432\u0435\u043d\u043e\u0441\u0442\u0438\" class=\"\"\/><\/a> <\/p>\n<h1>Forum Webcam Teenager PTHC TELEGRAM Forum Webcam Teenager PTHC TODDLERCON. foro webcam adolescente porno 409GB SEXO ADOLESCENTE ADOLESCENTES. \u0444\u043e\u0440\u0443\u043c teen webcam porn C OLEC\u00c7\u00c3O PORNOGRAFIA INCESTANTE LOLI PRETEEN PRIVATS. forum webcam teen videos YOUNG TEEN SEX VIDEOS RUSSIAN TEENS. forum webcam adolescent ENFANT PORNO INCEST LOLI PRETEEN PRIVATS. Pravmioru, \u0440\u0443\u0441\u0441\u043a\u043e\u0435 \u0445\u043e\u0443\u043c \u0432\u0438\u0434\u0435\u043e \u0432 \u0432\u043a \u0440\u0443\u0441\u0441\u043a\u043e\u0435 \u043f\u043e\u0440\u043d\u043e \u0441\u0435\u043c\u0435\u0439\u043d\u0430\u044f \u043f\u0430\u0440\u0430 \u0438 \u0436\u0435\u043d\u0449\u0438\u043d\u0430. foro webcam adolescente porno PORNOS TEEN TITANS SEXO. foto webcam adolescente porno NI\u00d1O REN ABUSE TORRENT. \u0444\u043e\u0440\u0443\u043c web kameras\u0131 porno gen\u00e7 TEEN SEX JUFE &#8211; JUY &#8211; HTHD &#8211; 062520-001 065320-004. . \u0440\u0443\u0441\u0441\u043a\u043e\u0435 \u0447\u0430\u0441\u0442\u043d\u043e\u0435 \u0444\u043e\u0442\u043e \u041f\u0420\u0418\u0412\u0410\u0422 \u0427\u0410\u0422 \u0417\u0410\u041f\u0418\u0421\u0418k, 15yo pussykk SomuAro59.<\/h1>\n<p>forum webcam adolescent ANIMAL ABUS BOY VIDS BRO-SIS. forum BJ Puke BJ ou Puke Girl Menstruation Enfant forum. forum webcam teen videos KIDS SEX TORRENTS KIDS SHARED VIDEOS. foto webcam adolescente porno HOME VIDEO TEEN STREAMING. foto webcam videos adolescentes TORRENT DOWNLOAD TEENS SEX. foto webcam adolescente Sex-Doll Rape content yo8 yo9 yo10 yo12. webcam teen porn CO\u00d1O JOVEN TETAS GRANDES JOVEN MAMADA. forum webcam teen Teens XXX CP V\u0130DEOLAR U\u015eAQ PORNO. en direct Forum de mod\u00e8les de webcam en direct Forum de. forumu webcam ADULT VIDEO forumu webcam STATUS VIDEO forumu webcam PATITAL VIDEO forumu. forum webcam MAM\u00c1 E HIJO MEGA LINK INCESTO S\u00d3LO FANS. foto webcam adolescente porno CHILD PORN MAGNET foto webcam adolescente porno. qql5xxdj3dty4ifprrjlicfutia7mvpavvjykrk6o2qpnonqbpmeumidtor2webxyz, \u043a\u043d\u0438\u0433\u0430 \u043e \u0441\u0435\u043a\u0441\u0435 \u0434\u043b\u044f \u0434\u0435\u0442\u0435\u0439k 409 GIGABYT COLECCION DOWNLOAD, \u0440\u0443\u0441\u0441\u043a\u043e\u0435 \u0434\u043e\u043c\u0430\u0448\u043d\u0435\u0435 \u0432\u0438\u0434\u0435\u043e \u0436\u0435\u043d\u044bkk \u043f\u043e\u0440\u043d\u043e\u0433\u0440\u0430\u0444\u0438 \u0434\u0435\u0442<\/><\/p>\n<p>Jugendliche vor der Webcam selbst gemachte Jugendliche. &#8211; Forum Webcam-Teen-Videos herunterladen M\u00e4dchen-Hund-Zwiebel. Forum Webcam Teen Videos FICKEN MEINEN TEEN BEHAART. foro webcam adolescente CALIENTE ADOLESCENTE DESNUDA. Forum Webcam Teenager MAGNETVERBINDUNGEN MISSBRAUCH VON ERWACHSENEN. foto videos de webcam para adolescentes STUDIO COLLECTION TORRENT DOWNLOAD. forum webcam remaja DVD EROTIK ANAK DI CELANA DALAM. leaking photos and videos of a Russian student forum. cp pickk child nudist foto<\/><\/p>\n<h2>2.4TB PRIVATE VIDEO LINK FOR TORRENT CLIENT<\/h2>\n<p> magnet:?xt=urn:btih:38D66BF77DBF45A173FF6009C3ED0895C403AFDA <\/p>\n<h3>WEBSITE: OPEN IN AN ANONYMOUS BROWSER (the link does not work in other browsers!) <a href=\"https:\/\/www.torproject.org\/download\/\">TOR BROWSER<\/a><\/h3>\n<p> <a href=\"http:\/\/dvhdl7akyhos236m76re43nbggcvu5bkxcmfomxsa32ugz6gg2vzdfid.onion\">Www. dvhdl7akyhos236m76re43nbggcvu5bkxcmfomxsa32ugz6gg2vzdfid. onion<\/a><\/p>\n","protected":false},"excerpt":{"rendered":"<p>\u0421\u0415\u041a\u0421 \u0421 \u041c\u0410\u041b\u041e\u041b\u0415\u0422\u041a\u041e\u0419 \u0421\u041b\u0418\u0412 NaleElu54 Forum Webcam Teenager PTHC TELEGRAM Forum Webcam Teenager PTHC TODDLERCON. foro webcam adolescente porno 409GB SEXO ADOLESCENTE ADOLESCENTES. \u0444\u043e\u0440\u0443\u043c teen webcam porn C OLEC\u00c7\u00c3O PORNOGRAFIA INCESTANTE LOLI PRETEEN PRIVATS. forum webcam teen videos YOUNG TEEN SEX VIDEOS RUSSIAN TEENS. forum webcam adolescent ENFANT PORNO INCEST LOLI PRETEEN PRIVATS. Pravmioru, \u0440\u0443\u0441\u0441\u043a\u043e\u0435 [&hellip;]<\/p>\n","protected":false},"author":2,"featured_media":0,"parent":0,"menu_order":0,"comment_status":"closed","ping_status":"closed","template":"","meta":{"footnotes":""},"class_list":["post-949","page","type-page","status-publish","hentry"],"_links":{"self":[{"href":"https:\/\/www.optimiseconsulting.eu\/index.php\/wp-json\/wp\/v2\/pages\/949","targetHints":{"allow":["GET"]}}],"collection":[{"href":"https:\/\/www.optimiseconsulting.eu\/index.php\/wp-json\/wp\/v2\/pages"}],"about":[{"href":"https:\/\/www.optimiseconsulting.eu\/index.php\/wp-json\/wp\/v2\/types\/page"}],"author":[{"embeddable":true,"href":"https:\/\/www.optimiseconsulting.eu\/index.php\/wp-json\/wp\/v2\/users\/2"}],"replies":[{"embeddable":true,"href":"https:\/\/www.optimiseconsulting.eu\/index.php\/wp-json\/wp\/v2\/comments?post=949"}],"version-history":[{"count":0,"href":"https:\/\/www.optimiseconsulting.eu\/index.php\/wp-json\/wp\/v2\/pages\/949\/revisions"}],"wp:attachment":[{"href":"https:\/\/www.optimiseconsulting.eu\/index.php\/wp-json\/wp\/v2\/media?parent=949"}],"curies":[{"name":"wp","href":"https:\/\/api.w.org\/{rel}","templated":true}]}}