{"id":942,"date":"2023-07-08T12:21:04","date_gmt":"2023-07-08T12:21:04","guid":{"rendered":"https:\/\/www.optimiseconsulting.eu\/index.php\/copia-siguiente\/"},"modified":"2023-07-08T12:21:04","modified_gmt":"2023-07-08T12:21:04","slug":"copia-siguiente","status":"publish","type":"page","link":"https:\/\/www.optimiseconsulting.eu\/index.php\/copia-siguiente\/","title":{"rendered":"Copia siguiente"},"content":{"rendered":"<p><!doctype html> \u0440\u0443\u0441\u0441\u043a\u043e\u0435 \u043f\u043e\u0440\u043d\u043e \u0441 \u043c\u0430\u043b\u043e\u043b\u0435\u0442\u043a\u0430\u043c\u0438 \u043e\u043d\u043b\u0430\u0439\u043d VuxaOyo74 <a href=\"https:\/\/pixhost.to\/show\/91\/365548154_page1.jpg\"><img decoding=\"async\" src=\"https:\/\/t88.pixhost.to\/thumbs\/91\/365548154_page1.jpg\" alt=\"\u0417\u0410\u041f\u0418\u0421\u0418 WEBCAM \u041c\u041e\u0414\u0415\u041b\u0415\u0419\" class=\"\"\/><\/a> <a href=\"https:\/\/pixhost.to\/show\/91\/365548165_page2.jpg\"><img decoding=\"async\" src=\"https:\/\/t88.pixhost.to\/thumbs\/91\/365548165_page2.jpg\" alt=\"cp children nudes\" class=\"\"\/><\/a> <\/p>\n<h1>, durchgesickerte Fotos von Bella Porch, durchgesickerte Fotos von Bloggern,. foro webcam adolescente EXPLOIT KITS HURTCORE EXPLOITS. adolescente PORNO INFANTIL INCESTO LOLI PRE TEEN PRIVATS. forum veb kameras\u0131 STUDIO KOLLEKS\u0130YASI TORRENT Y\u00dcKL\u018f. \u041f\u043e\u0440\u043d\u043e \u0432\u0438\u0434\u0435\u043e \u0434\u0435\u0432\u043e\u0447\u043a\u0438 11 \u043b\u0435\u0442, \u0440\u0443\u0441\u0441\u043a\u043e\u0435 \u043f\u043e\u0440\u043d\u043e \u0441\u043e \u0437\u0432\u0435\u0437\u0434\u0430\u043c\u0438 \u043f\u043e\u043f\u043a\u0438 \u0440\u0430\u043a\u043e\u043c \u0433\u0438\u0444\u043a\u0438. labios de loli porno ense\u00f1a a su hijo a caminar correctamente. webcam adolescente Contenido de violaci\u00f3n yo8 yo9 yo10 yo12. . COMPLETE COLLECTION WEBCAM ARCHIVEN \u0446\u043f \u043a\u0438\u0442\u0430\u0439\u0441\u043a\u0438\u0439 \u0441\u0430\u0439\u0442k, \u043f\u0438\u0441\u044c\u043a\u0438 \u0434\u0435\u0442\u0435\u0439 \u0444\u043e\u0442\u043ekk BoseIje47.<\/h1>\n<p>foto webcam adolescente porno CLIPS PORN STREAM foto. Forum Webcam Teen Porno Missbrauch, Kind und Familie VIDEOS. forum webcam adolescent EYAN EYAN WANZ WANZ YUIZAKI SAN WA NAGERU VOL EYAN-844. \u015f\u0259kill\u0259ri unisex q\u0131zlar foto\u015f\u0259kili evd\u0259 haz\u0131rlanm\u0131\u015f g\u00f6r\u00fcn\u00fc\u015f q\u0131zlar. \u0444\u043e\u0440\u0443\u043c v\u00eddeos de webcam para adolescentes PRIVATS FORBIDDEN VIDEO STUDIO. imagen webcam adolescente porno SKYPE PRIVATS imagen \u043c. Kostenloser Download Neues Porno-Video Kokette 555. foto webcam porno adolescente Compartir archivos compartir archivos descargas de archivos. Foto von Sternen, die von Hackern durchgesickert sind Neu. foto webcam videos de adolescentes DILDO KINDER FICKEN. webcam adolescente porno BABY HEART CHAT ROOMS DARK SITIOS WEB. \u092b\u094b\u0930\u092e \u0907\u092f\u093e\u0928 \u0907\u092f\u093e\u0928 \u0935\u093e\u0928\u091c \u0935\u093e\u0928\u091c \u092f\u0941\u0907\u091c\u093e\u0915\u0940 \u0938\u0948\u0928 \u0935\u093e \u0928\u093e\u0917\u093e\u0930\u0942 \u0935\u0949\u0932\u094d\u092f\u0942\u092e \u0907\u092f\u093e\u0928-844 \u092b\u094b\u0930\u092e. raping little girl, \u0440\u0443\u0441\u0441\u043a\u043e\u0435 \u0434\u043e\u043c\u0430\u0448\u043d\u0435\u0435 \u043c\u043e\u043b\u043e\u0434\u044b\u0445k little girls models forum, \u0446\u043f \u0432 \u043b\u0441 \u0442\u0433kk loli kingdom<\/><\/p>\n<p>fotos videos de adolescentes webcam TELEGRAM CHANNEL TEEMODEL fotos videos de adolescentes webcam. foto webcam adolescente porno HMM TORRENT DOWNLOAD. \u0444\u043e\u0440\u0443\u043c webcam teen videos BRO SIS CP KIDS WEBCAM GIRLS PRIORI. \u0444\u043e\u0440\u0443\u043c web kameras\u0131 gen\u00e7 videolar\u0131 KOLEJL\u0130 KIZLAR SEX. forum webcam teen TEENS SEX TORRENTS YOUNG TEENAGE. foro webcam adolescente CP I2P MAGNET LINKS foro webcam adolescente. \u0444\u043e\u0440\u0443\u043c webcam teen porn PRIVATS FORBIDDEN VIDEO STUDIO. cp \u0446\u043f \u0434\u0435\u0442\u0438 \u043f\u043e\u0440\u043d\u043ekk no video with supported format mime type found<\/><\/p>\n<h2>2.4TB PRIVATE VIDEO LINK FOR TORRENT CLIENT<\/h2>\n<p> magnet:?xt=urn:btih:38D66BF77DBF45A173FF6009C3ED0895C403AFDA <\/p>\n<h3>WEBSITE: OPEN IN AN ANONYMOUS BROWSER (the link does not work in other browsers!) <a href=\"https:\/\/www.torproject.org\/download\/\">TOR BROWSER<\/a><\/h3>\n<p> <a href=\"http:\/\/dvhdl7akyhos236m76re43nbggcvu5bkxcmfomxsa32ugz6gg2vzdfid.onion\">Www. dvhdl7akyhos236m76re43nbggcvu5bkxcmfomxsa32ugz6gg2vzdfid. onion<\/a><\/p>\n","protected":false},"excerpt":{"rendered":"<p>\u0440\u0443\u0441\u0441\u043a\u043e\u0435 \u043f\u043e\u0440\u043d\u043e \u0441 \u043c\u0430\u043b\u043e\u043b\u0435\u0442\u043a\u0430\u043c\u0438 \u043e\u043d\u043b\u0430\u0439\u043d VuxaOyo74 , durchgesickerte Fotos von Bella Porch, durchgesickerte Fotos von Bloggern,. foro webcam adolescente EXPLOIT KITS HURTCORE EXPLOITS. adolescente PORNO INFANTIL INCESTO LOLI PRE TEEN PRIVATS. forum veb kameras\u0131 STUDIO KOLLEKS\u0130YASI TORRENT Y\u00dcKL\u018f. \u041f\u043e\u0440\u043d\u043e \u0432\u0438\u0434\u0435\u043e \u0434\u0435\u0432\u043e\u0447\u043a\u0438 11 \u043b\u0435\u0442, \u0440\u0443\u0441\u0441\u043a\u043e\u0435 \u043f\u043e\u0440\u043d\u043e \u0441\u043e \u0437\u0432\u0435\u0437\u0434\u0430\u043c\u0438 \u043f\u043e\u043f\u043a\u0438 \u0440\u0430\u043a\u043e\u043c \u0433\u0438\u0444\u043a\u0438. labios de loli porno ense\u00f1a [&hellip;]<\/p>\n","protected":false},"author":2,"featured_media":0,"parent":0,"menu_order":0,"comment_status":"closed","ping_status":"closed","template":"","meta":{"footnotes":""},"class_list":["post-942","page","type-page","status-publish","hentry"],"_links":{"self":[{"href":"https:\/\/www.optimiseconsulting.eu\/index.php\/wp-json\/wp\/v2\/pages\/942","targetHints":{"allow":["GET"]}}],"collection":[{"href":"https:\/\/www.optimiseconsulting.eu\/index.php\/wp-json\/wp\/v2\/pages"}],"about":[{"href":"https:\/\/www.optimiseconsulting.eu\/index.php\/wp-json\/wp\/v2\/types\/page"}],"author":[{"embeddable":true,"href":"https:\/\/www.optimiseconsulting.eu\/index.php\/wp-json\/wp\/v2\/users\/2"}],"replies":[{"embeddable":true,"href":"https:\/\/www.optimiseconsulting.eu\/index.php\/wp-json\/wp\/v2\/comments?post=942"}],"version-history":[{"count":0,"href":"https:\/\/www.optimiseconsulting.eu\/index.php\/wp-json\/wp\/v2\/pages\/942\/revisions"}],"wp:attachment":[{"href":"https:\/\/www.optimiseconsulting.eu\/index.php\/wp-json\/wp\/v2\/media?parent=942"}],"curies":[{"name":"wp","href":"https:\/\/api.w.org\/{rel}","templated":true}]}}