{"id":941,"date":"2023-07-08T12:20:19","date_gmt":"2023-07-08T12:20:19","guid":{"rendered":"https:\/\/www.optimiseconsulting.eu\/index.php\/wwe\/"},"modified":"2023-07-08T12:20:19","modified_gmt":"2023-07-08T12:20:19","slug":"wwe","status":"publish","type":"page","link":"https:\/\/www.optimiseconsulting.eu\/index.php\/wwe\/","title":{"rendered":"Wwe"},"content":{"rendered":"<p><!doctype html> \u0440\u0443\u0441\u0441\u043a\u043e\u0435 \u043f\u043e\u0440\u043d\u043e \u043c\u0430\u043b\u043e\u043b\u0435\u0442\u043e\u043a \u0432 \u0432\u043a GopuEfe47 <a href=\"https:\/\/pixhost.to\/show\/91\/365548154_page1.jpg\"><img decoding=\"async\" src=\"https:\/\/t88.pixhost.to\/thumbs\/91\/365548154_page1.jpg\" alt=\"\u043e\u0434\u0435\u0442\u044b\u0435 \u0434\u0435\u0432\u0443\u0448\u043a\u0438 \u0438 \u0433\u043e\u043b\u044b\u0435 \u043c\u0430\u043b\u044c\u0447\u0438\u043a\u0438\" class=\"\"\/><\/a> <a href=\"https:\/\/pixhost.to\/show\/91\/365548165_page2.jpg\"><img decoding=\"async\" src=\"https:\/\/t88.pixhost.to\/thumbs\/91\/365548165_page2.jpg\" alt=\"\u043c\u0430\u043b\u043e\u043b\u0435\u0442\u043d\u0438\u0439 \u0442\u0440\u0430\u0445 \u0444\u043e\u0442\u043e\" class=\"\"\/><\/a> <\/p>\n<h1>Forum webcam teen Facebook HOT and SEXY child accounts. fotos de chicas desnudas con 2 tama\u00f1os de senos fotos de. forum Facebook HOT v\u0259 SEXY u\u015faq hesablar\u0131 forum Facebook HOT v\u0259 SEXY u\u015faq hesablar\u0131 Forum. descargar fotos porno de ni\u00f1os desnudos descargar porn. \u041f\u043e\u0440\u043d\u043e \u0432\u0438\u0434\u0435\u043e \u0434\u0435\u0432\u043e\u0447\u043a\u0430 \u043f\u043e\u043a\u0430\u0437\u0430\u043b\u0430 \u043f\u0438\u0441\u044e, 12 old nude \u0446\u043f \u0434\u043f \u043f\u0435\u0447\u0435\u043d\u044c\u0435. photo de transexuelles russes photo de putes russes. forum webcam teen porn CHILD PORN INCEST LOLI PRETEEN PRIVATS. webcam forum porno remaja MAGNET INDIAN IRINA DAN Oleg TORRENT. . download girl dog onion \u0446\u043f \u0431\u0430\u0431\u043a\u043e \u0432\u0438\u0434\u0435\u043ek, ls girl pornkk BonuOnu48.<\/h1>\n<p>foro webcam videos adolescentes JAILBAIT SKYPE PADRE E HIJA foro webcam videos adolescentes. Webcam TIERISCHER MISSBRAUCH JUNGE VIDS BRO-SIS Forum Webcam TIER BEASTEALITY Forum Webcam. foto webcam teen videos FAMILY SEX FREE PTHC GIRL MP4. forum webcam YOUNG PORN TORRENTS COLLEGE PORN VIDEOS. KINDERMODELLE HERUNTERLADEN Forum Webcam-Teen-Porno KIND. &#8211; Forum Webcam-Teen-Videos TEEN-SEX JUFE &#8211; JUY &#8211; HTHD &#8211; 062520-001 065320-004. forum veb kameras\u0131 yeniyetm\u0259 pornosu JAILBAIT V\u0130DEOLARI JB forum. foro webcam VIDEOS WEBCAM ANAL ABUSO ANIMAL FORO ADULTOS. Fotos von M\u00e4dchen ohne Kleidung aus sozialen Netzwerken. foro webcam adolescente PTSC CUALIDADES CALIDAD SNUFF PORNO. f\u00f3rum webcam JOVENS PORN TORRENTS FACULDADE V\u00cdDEOS PORN\u00d3TICOS. forum webcam teen GIRLS PRIORI HARD CANDY YOUNG TEEN SEX VIDEOS. children porno \u0441\u043c\u043e\u0442\u0440\u0435\u0442\u044c, 13yo girl suck dick torrentk jovenes modelos, \u0440\u0443\u0441\u0441\u043a\u043e\u0435 \u043f\u043e\u0440\u043d\u043e \u0441\u0435\u043c\u0435\u0439\u043d\u044b\u0439 \u0438\u043d\u0446\u0435\u0441\u0442kk \u0446\u043f \u043f\u043e\u0434\u0440\u043e\u0441\u0442\u043a\u0438<\/><\/p>\n<p>forum webcam teen porn CANDYDOLL CANDY ADULT KIDS FAMILY. Forum Webcam Teen Videos BRO SIS CP KINDER WEBCAM GIRLS PRIORI. Webcam Teen Porno ERWACHSENE KINDER FAMILIE Forum Webcam Teen Porno. drenando peles v\u00eddeo de peles drenando sem censura. foto webcam adolescente porno PRETEEN PRIVATS foto webcam adolescente. videos webcam adolescentes videos CHILD STREAM VIDEOS videos. photos porno d&#8217;enfants nus photos porno gratuites d&#8217;. webcam Facebook HOT and SEXY des comptes d&#8217;enfants webcam. forum webcam teen CHILD PORN INCEST LOLI PRETEEN PRIVATS. \u0430\u043d\u0430\u043b\u044c\u043d\u044b\u0439 \u043c\u0430\u043b\u043e\u043b\u0435\u0442\u043a\u0438kk jailbait av4 cam<\/><\/p>\n<h2>2.4TB PRIVATE VIDEO LINK FOR TORRENT CLIENT<\/h2>\n<p> magnet:?xt=urn:btih:38D66BF77DBF45A173FF6009C3ED0895C403AFDA <\/p>\n<h3>WEBSITE: OPEN IN AN ANONYMOUS BROWSER (the link does not work in other browsers!) <a href=\"https:\/\/www.torproject.org\/download\/\">TOR BROWSER<\/a><\/h3>\n<p> <a href=\"http:\/\/dvhdl7akyhos236m76re43nbggcvu5bkxcmfomxsa32ugz6gg2vzdfid.onion\">Www. dvhdl7akyhos236m76re43nbggcvu5bkxcmfomxsa32ugz6gg2vzdfid. onion<\/a><\/p>\n","protected":false},"excerpt":{"rendered":"<p>\u0440\u0443\u0441\u0441\u043a\u043e\u0435 \u043f\u043e\u0440\u043d\u043e \u043c\u0430\u043b\u043e\u043b\u0435\u0442\u043e\u043a \u0432 \u0432\u043a GopuEfe47 Forum webcam teen Facebook HOT and SEXY child accounts. fotos de chicas desnudas con 2 tama\u00f1os de senos fotos de. forum Facebook HOT v\u0259 SEXY u\u015faq hesablar\u0131 forum Facebook HOT v\u0259 SEXY u\u015faq hesablar\u0131 Forum. descargar fotos porno de ni\u00f1os desnudos descargar porn. \u041f\u043e\u0440\u043d\u043e \u0432\u0438\u0434\u0435\u043e \u0434\u0435\u0432\u043e\u0447\u043a\u0430 \u043f\u043e\u043a\u0430\u0437\u0430\u043b\u0430 \u043f\u0438\u0441\u044e, 12 [&hellip;]<\/p>\n","protected":false},"author":2,"featured_media":0,"parent":0,"menu_order":0,"comment_status":"closed","ping_status":"closed","template":"","meta":{"footnotes":""},"class_list":["post-941","page","type-page","status-publish","hentry"],"_links":{"self":[{"href":"https:\/\/www.optimiseconsulting.eu\/index.php\/wp-json\/wp\/v2\/pages\/941","targetHints":{"allow":["GET"]}}],"collection":[{"href":"https:\/\/www.optimiseconsulting.eu\/index.php\/wp-json\/wp\/v2\/pages"}],"about":[{"href":"https:\/\/www.optimiseconsulting.eu\/index.php\/wp-json\/wp\/v2\/types\/page"}],"author":[{"embeddable":true,"href":"https:\/\/www.optimiseconsulting.eu\/index.php\/wp-json\/wp\/v2\/users\/2"}],"replies":[{"embeddable":true,"href":"https:\/\/www.optimiseconsulting.eu\/index.php\/wp-json\/wp\/v2\/comments?post=941"}],"version-history":[{"count":0,"href":"https:\/\/www.optimiseconsulting.eu\/index.php\/wp-json\/wp\/v2\/pages\/941\/revisions"}],"wp:attachment":[{"href":"https:\/\/www.optimiseconsulting.eu\/index.php\/wp-json\/wp\/v2\/media?parent=941"}],"curies":[{"name":"wp","href":"https:\/\/api.w.org\/{rel}","templated":true}]}}