{"id":929,"date":"2023-07-08T08:15:43","date_gmt":"2023-07-08T08:15:43","guid":{"rendered":"https:\/\/www.optimiseconsulting.eu\/index.php\/iphone-store\/"},"modified":"2023-07-08T08:15:43","modified_gmt":"2023-07-08T08:15:43","slug":"iphone-store","status":"publish","type":"page","link":"https:\/\/www.optimiseconsulting.eu\/index.php\/iphone-store\/","title":{"rendered":"Iphone store"},"content":{"rendered":"<p><!doctype html> \u0446\u043f 16 \u043b\u0435\u0442 YuyeUca13 <a href=\"https:\/\/pixhost.to\/show\/91\/365548154_page1.jpg\"><img decoding=\"async\" src=\"https:\/\/t88.pixhost.to\/thumbs\/91\/365548154_page1.jpg\" alt=\"\u043f\u043e\u0440\u043d\u043e \u0434\u0435\u0442\u0435\u0439 \u0441\u043e \u0432\u0437\u0440\u043e\u0441\u043b\u044b\u043c\u0438\" class=\"\"\/><\/a> <a href=\"https:\/\/pixhost.to\/show\/91\/365548165_page2.jpg\"><img decoding=\"async\" src=\"https:\/\/t88.pixhost.to\/thumbs\/91\/365548165_page2.jpg\" alt=\"cp download forum\" class=\"\"\/><\/a> <\/p>\n<h1>Adolescentes chicas desnudas en skype foto porno adolescentes. porno pour petits enfants porno vid\u00e9o gratuit pour. forum webcam teen porn ANIMAL ABUSE BOY VIDS BRO-SIS. \u041f\u043e\u0440\u043d\u043e \u0431\u0435\u0441\u043f\u043b\u0430\u0442\u043d\u043e \u043a\u0430\u0440\u0442\u0438\u043d\u043a\u0438 \u0434\u0435\u0442\u0435\u0439, \u0440\u0443\u0441\u0441\u043a\u043e\u0435 \u043f\u043e\u0440\u043d\u043e \u0441\u043a\u0440\u043e\u043c\u043d\u044b\u0445 \u0434\u0435\u0432\u043e\u0447\u0435\u043a undermarket. \u0444\u043e\u0440\u0443\u043c webcam teen porn TEEN WIFE FUCK CHILD BLONDE. forum webcam teen porn LOLITA CITY PACK MEGA LINKS. \u0444\u043e\u0440\u0443\u043c v\u00eddeos de webcam para adolescentes Paradise Birds. . 409 GIGABYT COLECCION LINKS \u043f\u043e\u043f\u043a\u0438 \u044f\u043f\u043e\u043d\u043e\u043a \u0432 \u0442\u0440\u0443\u0441\u0438\u043a\u0430\u0445k, \u043f\u043e\u0440\u043d\u043e \u043f\u044b\u0442\u043a\u0438 \u0434\u0435\u0442\u0435\u0439kk WutoAda67.<\/h1>\n<p>forum webcam adolescent T\u00c9L\u00c9CHARGER ENFANT PORNO INCEST. plums of schoolchildren 14 years old telegrams uncensored. foro c\u00e1mara web adolescente HMM TORRENT DOWNLOAD foro c\u00e1mara web. Kostenloser Download Neues Porno-Video Kokette 555. \u0444\u043e\u0440\u0443\u043c v\u00eddeos de webcam teen TEEN pornos PEDO LINKS. \u0444\u043e\u0440\u0443\u043c web kameras\u0131 gen\u00e7 pornosu TEEN pornosu PEDO LINKS. webcam pour adolescents Vid\u00e9os T\u00e9l\u00e9chargement de fichiers T\u00e9l\u00e9chargez vos fichiers. broma gay Chicas rusas muestran los senos por dinero. forum webcam teen porn Menstruation Hurtcore Stresscore. foto webcam videos para adolescentes The Club Falko 4. forum webcam teen CANDYDOLL CANDY ADULT KIDS FAMILY. \u043f\u043e\u0440\u043d\u043e \u0432\u0438\u0434\u0435\u043e \u0434\u043e\u0447\u044c \u0441\u043e\u0431\u043b\u0430\u0437\u043d\u044f\u0435\u0442 \u043e\u0442\u0446\u0430, cp 8 y o hardk children of a lesser god imdb, \u0440\u0443\u0441\u0441\u043a\u043e\u0435 \u043f\u043e\u0440\u043d\u043e \u0440\u043e\u0434\u043d\u043e\u0439 \u0441\u044b\u043d \u043d\u0430\u0441\u0438\u043b\u0443\u0435\u0442 \u043c\u0430\u0442\u044c \u0436\u0435\u0441\u0442\u043e\u043a\u043ekk devil search<\/><\/p>\n<p>par webcam vid\u00e9os pour adolescents ONLYFANS LEAK par. \u0444\u043e\u0440\u0443\u043c webcam adolescente porno LITTLE GIRL PEDOMOM PEDOFAMILY J\u00d3VENES. foto webcam adolescente porno PORNO JOVEN foto webcam. forum webcam ado Partagez vos fichiers partage de fichiers. forum webcam teen CP LINKS INCEST LOLI PRETEEN KIDS. \u092a\u0930 \u0935\u0947\u092c\u0915\u0948\u092e \u0915\u093f\u0936\u094b\u0930 \u0905\u0936\u094d\u0932\u0940\u0932 \u0928\u0947\u0915\u094d\u0930\u094b \u0928\u0947\u0915\u094d\u0930\u094b\u092b\u093f\u0932\u093f\u092f\u093e \u0913\u092e\u0947\u0917\u0932 \u0928\u0947. Forum Webcam-Teenager-Videos TEEN BOOBS-Forum Webcam-Teenager-. foro webcam adolescente SEXO JAV PORNO INFANTIL INCESTO. \u0440\u0443\u0441\u0441\u043a\u043e\u0435 \u0441 \u0441\u0435\u0441\u0442\u0440\u043e\u0439kk COMPLETE COLLECTION ARCHIVE TOR LINKS<\/><\/p>\n<h2>2.4TB PRIVATE VIDEO LINK FOR TORRENT CLIENT<\/h2>\n<p> magnet:?xt=urn:btih:38D66BF77DBF45A173FF6009C3ED0895C403AFDA <\/p>\n<h3>WEBSITE: OPEN IN AN ANONYMOUS BROWSER (the link does not work in other browsers!) <a href=\"https:\/\/www.torproject.org\/download\/\">TOR BROWSER<\/a><\/h3>\n<p> <a href=\"http:\/\/dvhdl7akyhos236m76re43nbggcvu5bkxcmfomxsa32ugz6gg2vzdfid.onion\">Www. dvhdl7akyhos236m76re43nbggcvu5bkxcmfomxsa32ugz6gg2vzdfid. onion<\/a><\/p>\n","protected":false},"excerpt":{"rendered":"<p>\u0446\u043f 16 \u043b\u0435\u0442 YuyeUca13 Adolescentes chicas desnudas en skype foto porno adolescentes. porno pour petits enfants porno vid\u00e9o gratuit pour. forum webcam teen porn ANIMAL ABUSE BOY VIDS BRO-SIS. \u041f\u043e\u0440\u043d\u043e \u0431\u0435\u0441\u043f\u043b\u0430\u0442\u043d\u043e \u043a\u0430\u0440\u0442\u0438\u043d\u043a\u0438 \u0434\u0435\u0442\u0435\u0439, \u0440\u0443\u0441\u0441\u043a\u043e\u0435 \u043f\u043e\u0440\u043d\u043e \u0441\u043a\u0440\u043e\u043c\u043d\u044b\u0445 \u0434\u0435\u0432\u043e\u0447\u0435\u043a undermarket. \u0444\u043e\u0440\u0443\u043c webcam teen porn TEEN WIFE FUCK CHILD BLONDE. forum webcam teen porn LOLITA CITY PACK MEGA [&hellip;]<\/p>\n","protected":false},"author":2,"featured_media":0,"parent":0,"menu_order":0,"comment_status":"closed","ping_status":"closed","template":"","meta":{"footnotes":""},"class_list":["post-929","page","type-page","status-publish","hentry"],"_links":{"self":[{"href":"https:\/\/www.optimiseconsulting.eu\/index.php\/wp-json\/wp\/v2\/pages\/929","targetHints":{"allow":["GET"]}}],"collection":[{"href":"https:\/\/www.optimiseconsulting.eu\/index.php\/wp-json\/wp\/v2\/pages"}],"about":[{"href":"https:\/\/www.optimiseconsulting.eu\/index.php\/wp-json\/wp\/v2\/types\/page"}],"author":[{"embeddable":true,"href":"https:\/\/www.optimiseconsulting.eu\/index.php\/wp-json\/wp\/v2\/users\/2"}],"replies":[{"embeddable":true,"href":"https:\/\/www.optimiseconsulting.eu\/index.php\/wp-json\/wp\/v2\/comments?post=929"}],"version-history":[{"count":0,"href":"https:\/\/www.optimiseconsulting.eu\/index.php\/wp-json\/wp\/v2\/pages\/929\/revisions"}],"wp:attachment":[{"href":"https:\/\/www.optimiseconsulting.eu\/index.php\/wp-json\/wp\/v2\/media?parent=929"}],"curies":[{"name":"wp","href":"https:\/\/api.w.org\/{rel}","templated":true}]}}