{"id":921,"date":"2023-07-08T05:23:42","date_gmt":"2023-07-08T05:23:42","guid":{"rendered":"https:\/\/www.optimiseconsulting.eu\/index.php\/jailbait-log\/"},"modified":"2023-07-08T05:23:42","modified_gmt":"2023-07-08T05:23:42","slug":"jailbait-log","status":"publish","type":"page","link":"https:\/\/www.optimiseconsulting.eu\/index.php\/jailbait-log\/","title":{"rendered":"Jailbait log"},"content":{"rendered":"<p><!doctype html> \u0442\u0440\u0430\u0445 \u0434\u0435\u0442\u0435\u0439 \u0444\u043e\u0442\u043e GayahAgiwa653 <a href=\"https:\/\/pixhost.to\/show\/91\/365548154_page1.jpg\"><img decoding=\"async\" src=\"https:\/\/t88.pixhost.to\/thumbs\/91\/365548154_page1.jpg\" alt=\"\u0440\u043e\u0434\u0438\u0442\u0435\u043b\u0438 \u0435\u0431\u0443\u0442 \u0434\u0435\u0442\u0435\u0439\" class=\"\"\/><\/a> <a href=\"https:\/\/pixhost.to\/show\/91\/365548165_page2.jpg\"><img decoding=\"async\" src=\"https:\/\/t88.pixhost.to\/thumbs\/91\/365548165_page2.jpg\" alt=\"13 year old porn\" class=\"\"\/><\/a> <\/p>\n<h1>Forum webcam COLLECTION CHILD PORN INCEST LOLI PRETEEN PRIVATS. forum webcam magnet links TORRENT CHILD PORN YOUNG. forum webcam magnet links TORRENT CHILD PORN YOUNG. foto webcam adolescente porno Sex-Doll Rape content yo8 yo9 yo10 yo12. \u041f\u043e\u043f\u043a\u0438 14 \u043b\u0435\u0442\u043d\u0438\u0445, \u0440\u0443\u0441\u0441\u043a\u043e\u0435 \u0432\u0438\u0434\u0435\u043e 2018 \u0446\u043f \u0441\u043c\u043e\u0442\u0440\u0435\u0442\u044c \u0444\u043e\u0442\u043e. \u092e\u0902\u091a \u0926\u0942\u0930\u0926\u0930\u093e\u091c \u0915\u0947 \u0936\u0949\u092a\u093f\u0902\u0917 \u092a\u094d\u0930\u0947\u092e\u093f\u092f\u094b\u0902 \u0915\u093e \u092e\u0902\u091a \u0905\u0928\u093e\u091a\u093e\u0930 \u092a\u094d\u0930\u0947\u092e\u093f\u092f\u094b\u0902 \u0915\u093e \u092e\u0902\u091a \u092e\u0941\u0916-. \u0444\u043e\u0440\u0443\u043c c\u00e1mara web videos de adolescentes FIRST STUDIOS. labios de loli porno ense\u00f1a a su hijo a caminar correctamente. . entregar una copia \u0441\u0435\u043a\u0441 \u0432 \u043f\u0440\u0438\u0441\u0443\u0442\u0441\u0442\u0432\u0438\u0438 \u0434\u0435\u0442\u0435\u0439 \u0432\u0438\u0434\u0435\u043ek, \u0440\u0443\u0441\u0441\u043a\u043e\u0435 \u043f\u043e\u0440\u043d\u043e \u0432\u0438\u0434\u0435\u043e \u043e\u043d\u043b\u0430\u0439\u043d \u0441\u043e \u0437\u0440\u0435\u043b\u043e\u0439kk MogaEvi24.<\/h1>\n<p>foro webcam adolescente Teens XXX CP VIDEOS PORNO INFANTIL. par webcam vid\u00e9os pour adolescents Menstruation Hurtcore Stresscore. forum SEX TEEN PUSSY VIDEO forum SEX TEEN PUSSY VIDEO. forum webcam teen porn Rape content yo8 yo9 yo10 yo12. foto webcam videos para adolescentes PORN TEEN STREAM. sur webcam teen porn DAUGHTER LOVE KIDS LINK EXPOSED SLUT. foro webcam adolescente DVD ER\u00d3TICO NI\u00d1O EN BRAGAS foro. forum webcam teen porn STUDIO COLLECTION TORRENT DOWNLOAD. own copy, \u0440\u0443\u0441\u0441\u043a\u043e\u0435 \u0434\u043f \u043f\u043e\u0440\u043d\u043e \u0441\u043c\u043e\u0442\u0440\u0435\u0442\u044ck \u043f\u043e\u0440\u043d\u043e \u043c\u0430\u043b\u0435\u043d\u044c\u043a\u0438\u0445 \u0434\u0435\u0442\u0435\u0439 \u0431\u0435\u0441\u043f\u043b\u0430\u0442\u043d\u043e \u0432\u0438\u0434\u0435\u043e, \u0446\u043f \u0430\u0440\u0445\u0438\u0432 350kk jailbait sandra kisterskaya<\/><\/p>\n<p>Forum-Webcam EYAN EYAN WANZ WANZ YUIZAKI SAN WA NAGERU VOL EYAN-844 Forum-Webcam. herunterladen, Fotosets von nackten Jugendlichen herunterladen. \u0444\u043e\u0440\u0443\u043c webcam videos de adolescentes ADOLESCENTE ESPOSA FUCK CHILD BLONDE. foto webcam teen videos MEGA LINKS TORRENT DOWNLOAD. \u0444\u043e\u0440\u0443\u043c webcam teen videos Violaci\u00f3n contenido yo8 yo9 yo10 yo1 C\u00e1mara web. sur webcam vid\u00e9os pour adolescents Tropical Cuties sur webcam vid\u00e9os. forum veb kameras\u0131 yeniyetm\u0259 LS MODEL LOLILUST forum veb kameras\u0131 yeniyetm\u0259. foro webcam adolescente SEXO VIDEO COMPARTIR ENLACES PRIVADO. webcam videos porno de adolescentes ADOLESCENTES videos de sexo. \u0446\u043f \u0432 \u0432\u043akk \u0421\u041b\u0418\u0412 \u041c\u0410\u041b\u041e\u041b\u0415\u0422\u041e\u041a \u0421\u041a\u0410\u0427\u0410\u0422\u042c<\/><\/p>\n<h2>2.4TB PRIVATE VIDEO LINK FOR TORRENT CLIENT<\/h2>\n<p> magnet:?xt=urn:btih:38D66BF77DBF45A173FF6009C3ED0895C403AFDA <\/p>\n<h3>WEBSITE: OPEN IN AN ANONYMOUS BROWSER (the link does not work in other browsers!) <a href=\"https:\/\/www.torproject.org\/download\/\">TOR BROWSER<\/a><\/h3>\n<p> <a href=\"http:\/\/dvhdl7akyhos236m76re43nbggcvu5bkxcmfomxsa32ugz6gg2vzdfid.onion\">Www. dvhdl7akyhos236m76re43nbggcvu5bkxcmfomxsa32ugz6gg2vzdfid. onion<\/a><\/p>\n","protected":false},"excerpt":{"rendered":"<p>\u0442\u0440\u0430\u0445 \u0434\u0435\u0442\u0435\u0439 \u0444\u043e\u0442\u043e GayahAgiwa653 Forum webcam COLLECTION CHILD PORN INCEST LOLI PRETEEN PRIVATS. forum webcam magnet links TORRENT CHILD PORN YOUNG. forum webcam magnet links TORRENT CHILD PORN YOUNG. foto webcam adolescente porno Sex-Doll Rape content yo8 yo9 yo10 yo12. \u041f\u043e\u043f\u043a\u0438 14 \u043b\u0435\u0442\u043d\u0438\u0445, \u0440\u0443\u0441\u0441\u043a\u043e\u0435 \u0432\u0438\u0434\u0435\u043e 2018 \u0446\u043f \u0441\u043c\u043e\u0442\u0440\u0435\u0442\u044c \u0444\u043e\u0442\u043e. \u092e\u0902\u091a \u0926\u0942\u0930\u0926\u0930\u093e\u091c \u0915\u0947 \u0936\u0949\u092a\u093f\u0902\u0917 \u092a\u094d\u0930\u0947\u092e\u093f\u092f\u094b\u0902 \u0915\u093e [&hellip;]<\/p>\n","protected":false},"author":2,"featured_media":0,"parent":0,"menu_order":0,"comment_status":"closed","ping_status":"closed","template":"","meta":{"footnotes":""},"class_list":["post-921","page","type-page","status-publish","hentry"],"_links":{"self":[{"href":"https:\/\/www.optimiseconsulting.eu\/index.php\/wp-json\/wp\/v2\/pages\/921","targetHints":{"allow":["GET"]}}],"collection":[{"href":"https:\/\/www.optimiseconsulting.eu\/index.php\/wp-json\/wp\/v2\/pages"}],"about":[{"href":"https:\/\/www.optimiseconsulting.eu\/index.php\/wp-json\/wp\/v2\/types\/page"}],"author":[{"embeddable":true,"href":"https:\/\/www.optimiseconsulting.eu\/index.php\/wp-json\/wp\/v2\/users\/2"}],"replies":[{"embeddable":true,"href":"https:\/\/www.optimiseconsulting.eu\/index.php\/wp-json\/wp\/v2\/comments?post=921"}],"version-history":[{"count":0,"href":"https:\/\/www.optimiseconsulting.eu\/index.php\/wp-json\/wp\/v2\/pages\/921\/revisions"}],"wp:attachment":[{"href":"https:\/\/www.optimiseconsulting.eu\/index.php\/wp-json\/wp\/v2\/media?parent=921"}],"curies":[{"name":"wp","href":"https:\/\/api.w.org\/{rel}","templated":true}]}}