{"id":916,"date":"2023-07-08T04:21:56","date_gmt":"2023-07-08T04:21:56","guid":{"rendered":"https:\/\/www.optimiseconsulting.eu\/index.php\/detka-pornografi\/"},"modified":"2023-07-08T04:21:56","modified_gmt":"2023-07-08T04:21:56","slug":"detka-pornografi","status":"publish","type":"page","link":"https:\/\/www.optimiseconsulting.eu\/index.php\/detka-pornografi\/","title":{"rendered":"\u0414\u0435\u0442\u043a\u0430 \u043f\u043e\u0440\u043d\u043e\u0433\u0440\u0430\u0444\u0438"},"content":{"rendered":"<p><!doctype html> \u043f\u043e\u0440\u043d\u043e \u0434\u0435\u0442\u0435\u0439 \u0441\u043e \u0432\u0437\u0440\u043e\u0441\u043b\u044b\u043c\u0438 KujedArize342 <a href=\"https:\/\/pixhost.to\/show\/91\/365548154_page1.jpg\"><img decoding=\"async\" src=\"https:\/\/t88.pixhost.to\/thumbs\/91\/365548154_page1.jpg\" alt=\"\u043f\u043e\u0440\u043d\u043e \u0441\u0430\u043c\u044b\u0445 \u043c\u0430\u043b\u0435\u043d\u044c\u043a\u0438\u0445 \u0434\u0435\u0442\u0435\u0439\" class=\"\"\/><\/a> <a href=\"https:\/\/pixhost.to\/show\/91\/365548165_page2.jpg\"><img decoding=\"async\" src=\"https:\/\/t88.pixhost.to\/thumbs\/91\/365548165_page2.jpg\" alt=\"\u0440\u0443\u0441\u0441\u043a\u043e\u0435 \u043f\u043e\u0440\u043d\u043e \u043c\u0430\u043c\u0430 \u043d\u0435 \u0445\u043e\u0442\u0435\u043b\u0430\" class=\"\"\/><\/a> <\/p>\n<h1>Forum webcam teen videos SEX JAV CHILD PORN INCEST. forum webcam ado Sex-Doll Viol contenu yo8 yo9 yo10 yo12. \u0444\u043e\u0440\u0443\u043c webcam teen porno Viol contenu yo8 yo9 yo10 yo12. par webcam vid\u00e9os pour adolescents CP I2P MAGNET LINKS. Forum Webcam Teen-Porno Teens XXX CP VIDEOS KINDERPORNO. \u041f\u043e\u0447\u0435\u043c\u0443 \u043f\u043e\u0441\u043b\u0435 \u0441\u0435\u043a\u0441\u0430 \u0438\u0434\u0435\u0442 \u043a\u0440\u043e\u0432\u044c, \u0440\u0443\u0441\u0441\u043a\u043e\u0435 \u043f\u043e\u0440\u043d\u043e \u0441 \u043c\u043e\u043b\u043e\u0434\u043e\u0439 \u043f\u043e\u0434\u0440\u0443\u0433\u043e\u0439 video screensaver. \u0444\u043e\u0440\u0443\u043c\u7db2\u7d61\u651d\u50cf\u982d\u9752\u5c11\u5e74\u8996\u983b TEEN SEX JUFE &#8211; JUY &#8211; HTHD &#8211; 062520-001 065320-004. foto c\u00e1mara web videos para adolescentes TEEN ADULT CLIPS CHILD. c\u00e1mara web del foro Facebook HOT y SEXY cuentas infantiles. . jailbait video collection \u0440\u0443\u0441\u0441\u043a\u043e\u0435 \u043f\u043e\u0440\u043d\u043e \u0432\u0438\u0434\u0435\u043e \u043c\u0430\u0442\u044c \u0441 \u0441\u044b\u043d\u043e\u043ck, \u0446\u043f \u0448\u043a\u043e\u043b\u044c\u043d\u0438\u0446 \u0442\u0435\u043b\u0435\u0433\u0440\u0430\u043c\u043ckk KajoOfo73.<\/h1>\n<p>forum webcam yeniyetm\u0259 porno NECRO NECROPHILIA OMEGLE CAPTURES. UNIVERSITARIOS foro ADOLESCENTES J\u00d3VENES VIDEOS DE SEXO PARA ADOLESCENTES J\u00d3VENES Foro de ADOLESCENTES RUSOS VIDEOS DE SEXO PARA ADOLESCENTES. Forum Webcam-Teen-Porno PTHC COLLECTION Forum Webcam-. video webcam videos para adolescentes TORRENT RUSSIAN WEBCAM BABES. entleeren ber\u00fchmte Pers\u00f6nlichkeiten Russlands entleeren. Entleerung von russischen M\u00e4dchen, Entleerung von russischen. webcam forum AMATEUR GIRL PHOTO ADULT ART MODELING STUDIO. foro webcam porno adolescente KIDS SEX TORRENTS KIDS SHARED VIDEOS foro webcam. \u0444\u043e\u0440\u0443\u043c webcam teen videos VID\u00c9OS WEBCAM ANAL ANIMAL ABUS ADULT. Forum-Webcam Sex-Doll-Vergewaltigungsinhalt 8 Jahre alt 9 Jahre alt 10 Jahre alt 12 Jahre Forum-Webcam. fotos con bong cams fotos de chicas desnudas fotos de. jailbaitlovers, 14yo teenk recording side, \u0440\u0443\u0441\u0441\u043a\u043e\u0435 \u0432 \u0430\u0432\u0442\u043e \u0441\u043a\u0440\u044b\u0442\u0430\u044f \u043a\u0430\u043c\u0435\u0440\u0430kk ARCHIVE ARCHIVOS DOWNLOAD<\/><\/p>\n<p>foro webcam adolescente SEXO VIDEO COMPARTIR ENLACES PRIVADO. foto webcam videos para adolescentes The Club Falko 4. foto webcam adolescente porno Collection NUDE DRUNK. filtradas de esposas rusas fotos filtradas de solo fans. web kameras\u0131 gen\u00e7 videolar\u0131 forumu ZOO CANDYDOLL CANDY. \u0444\u043e\u0440\u0443\u043c web kameras\u0131 gen\u00e7 videolar SEX JAV \u00c7OCUK PORNOSU ENSS. des cams en direct cams en direct de prague cams en direct en ligne. JUNGES PORN Torrents College-Pornovideos Forum Webcam-Teen-Porno JUNGES. \u0421\u041b\u0418\u0422\u042b\u0415 \u0424\u041e\u0422\u041e \u0422\u0418\u041a\u0422\u041e\u041a\u0415\u0420\u0428kk MAGNET LINKS CP HEBE OMEGLE VIDS<\/><\/p>\n<h2>2.4TB PRIVATE VIDEO LINK FOR TORRENT CLIENT<\/h2>\n<p> magnet:?xt=urn:btih:38D66BF77DBF45A173FF6009C3ED0895C403AFDA <\/p>\n<h3>WEBSITE: OPEN IN AN ANONYMOUS BROWSER (the link does not work in other browsers!) <a href=\"https:\/\/www.torproject.org\/download\/\">TOR BROWSER<\/a><\/h3>\n<p> <a href=\"http:\/\/dvhdl7akyhos236m76re43nbggcvu5bkxcmfomxsa32ugz6gg2vzdfid.onion\">Www. dvhdl7akyhos236m76re43nbggcvu5bkxcmfomxsa32ugz6gg2vzdfid. onion<\/a><\/p>\n","protected":false},"excerpt":{"rendered":"<p>\u043f\u043e\u0440\u043d\u043e \u0434\u0435\u0442\u0435\u0439 \u0441\u043e \u0432\u0437\u0440\u043e\u0441\u043b\u044b\u043c\u0438 KujedArize342 Forum webcam teen videos SEX JAV CHILD PORN INCEST. forum webcam ado Sex-Doll Viol contenu yo8 yo9 yo10 yo12. \u0444\u043e\u0440\u0443\u043c webcam teen porno Viol contenu yo8 yo9 yo10 yo12. par webcam vid\u00e9os pour adolescents CP I2P MAGNET LINKS. Forum Webcam Teen-Porno Teens XXX CP VIDEOS KINDERPORNO. \u041f\u043e\u0447\u0435\u043c\u0443 \u043f\u043e\u0441\u043b\u0435 \u0441\u0435\u043a\u0441\u0430 \u0438\u0434\u0435\u0442 [&hellip;]<\/p>\n","protected":false},"author":2,"featured_media":0,"parent":0,"menu_order":0,"comment_status":"closed","ping_status":"closed","template":"","meta":{"footnotes":""},"class_list":["post-916","page","type-page","status-publish","hentry"],"_links":{"self":[{"href":"https:\/\/www.optimiseconsulting.eu\/index.php\/wp-json\/wp\/v2\/pages\/916","targetHints":{"allow":["GET"]}}],"collection":[{"href":"https:\/\/www.optimiseconsulting.eu\/index.php\/wp-json\/wp\/v2\/pages"}],"about":[{"href":"https:\/\/www.optimiseconsulting.eu\/index.php\/wp-json\/wp\/v2\/types\/page"}],"author":[{"embeddable":true,"href":"https:\/\/www.optimiseconsulting.eu\/index.php\/wp-json\/wp\/v2\/users\/2"}],"replies":[{"embeddable":true,"href":"https:\/\/www.optimiseconsulting.eu\/index.php\/wp-json\/wp\/v2\/comments?post=916"}],"version-history":[{"count":0,"href":"https:\/\/www.optimiseconsulting.eu\/index.php\/wp-json\/wp\/v2\/pages\/916\/revisions"}],"wp:attachment":[{"href":"https:\/\/www.optimiseconsulting.eu\/index.php\/wp-json\/wp\/v2\/media?parent=916"}],"curies":[{"name":"wp","href":"https:\/\/api.w.org\/{rel}","templated":true}]}}