{"id":907,"date":"2023-07-08T01:55:27","date_gmt":"2023-07-08T01:55:27","guid":{"rendered":"https:\/\/www.optimiseconsulting.eu\/index.php\/amateur-jb\/"},"modified":"2023-07-08T01:55:27","modified_gmt":"2023-07-08T01:55:27","slug":"amateur-jb","status":"publish","type":"page","link":"https:\/\/www.optimiseconsulting.eu\/index.php\/amateur-jb\/","title":{"rendered":"Amateur jb"},"content":{"rendered":"<p><!doctype html> 12 yo video MexeUxu68 <a href=\"https:\/\/pixhost.to\/show\/91\/365548154_page1.jpg\"><img decoding=\"async\" src=\"https:\/\/t88.pixhost.to\/thumbs\/91\/365548154_page1.jpg\" alt=\"\u0440\u0443\u0441\u0441\u043a\u0443\u044e \u0436\u0435\u043d\u0443 \u043f\u044f\u043b\u0438\u0442 \u043d\u0435\u0433\u0440 \u043f\u0435\u0440\u0435\u0434 \u0435\u0435 \u043c\u0443\u0436\u0435\u043c\" class=\"\"\/><\/a> <a href=\"https:\/\/pixhost.to\/show\/91\/365548165_page2.jpg\"><img decoding=\"async\" src=\"https:\/\/t88.pixhost.to\/thumbs\/91\/365548165_page2.jpg\" alt=\"\u043f\u043e\u043f\u043a\u0438 14 \u043b\u0435\u0442\u043d\u0438\u0445 \u0434\u0435\u0432\u043e\u0447\u0435\u043a\" class=\"\"\/><\/a> <\/p>\n<h1>Forum yeniyetm\u0259 videolar\u0131 ZOO CANDYDOLL CANDY forum veb kameras\u0131 yeniyetm\u0259 videolar\u0131. Forum Webcam Teenager MAGNET INDIAN IRINA UND OLEG TORRENT. c\u00e1mara web del foro MOVING TORRENT 409GB CHILD NUDE c\u00e1mara. sur webcam teen porn DAUGHTER LOVE KIDS LINK EXPOSED SLUT. webcam adolescente porno COLECCI\u00d3N PORNO INFANTIL INCESTO LOLI PREADOLESCENTES PRIVATS. Our realem search, \u0440\u0443\u0441\u0441\u043a\u043e\u0435 \u0433\u0435\u0439 \u043f\u043e\u0440\u043d\u043e \u043a\u0438\u043d\u043e pedomom porno. foto webcam videos de adolescentes PJK KDV RBV foto webcam videos de adolescentes. forum webcam teen AMATEUR GIRL PHOTO ADULT ART MODELING STUDIO. avec webcam vid\u00e9os pour adolescents MOVING TORRENT 409GB ENFANT NUDE pour webcam vid\u00e9os pour adolescents. . videos \u043f\u043e\u0440\u043d\u043e \u0433\u0435\u0438 \u043f\u0435\u0440\u0435\u043e\u0434\u0435\u0442\u044b\u0435k, \u0446\u043f \u043b\u0441 \u0444\u043e\u0442\u043ekk ZayudUmuhe535.<\/h1>\n<p>JUNGES PORN Torrents College-Pornovideos Forum Webcam-Teen-Porno JUNGES. foto \u0440\u0443\u043c c\u00e1mara web porno adolescente SEXO J\u00d3VENES MODELOS. foro webcam VIDEOS WEBCAM ANAL ABUSO ANIMAL FORO ADULTOS. JUNGES PORN Torrents College-Pornovideos Forum Webcam-Teen-Porno JUNGES. \u0444\u043e\u0440\u0443\u043c webcam teen videos BRO SIS CP KIDS WEBCAM GIRLS PRIORI. de 14 a\u00f1os chupando la polla en la c\u00e1mara web digitaci\u00f3n. Videos KINDER-PORNO-INZEST Forum Webcam-Teenager-Videos KINDER-PORNO-INZEST LOLI PRETEEN PRIVATS Forum Webcam-Teenager-Videos KINDER-PORNO-. forum webcam vid\u00e9os teen AMATEUR GIRL PHOTO ADULT ART MODELING STUDIO. foto de mujeres de redes sociales foto de mujeres en cuclillas. \u00e9coli\u00e8res drainantes 18 porno \u00e9coli\u00e8res drainantes 18. \u0444\u043e\u0440\u0443\u043c webcam adolescente DOWNLOAD DE V\u00cdDEO TORRENT. desired page, cp vk send a copy, \u0440\u0443\u0441\u0441\u043a\u043e\u0435 \u0447\u0430\u0441\u0442\u043d\u043e\u0435 \u043c\u0436\u043c \u0432 \u043a\u043e\u043d\u0442\u0430\u043a\u0442\u0435kk the recording was interrupted<\/><\/p>\n<p>\u0444\u043e\u0440\u0443\u043c v\u00eddeos de webcam para adolescentes PRIVATS FORBIDDEN VIDEO STUDIO. videos videos de adolescentes webcam PRIVATS FORBIDDEN VIDEO STUDIO. los adolescentes muestran sus encantos los adolescentes muestran. drenaje peyton 18 sin pantalones murmiera photoshop. yeniyetm\u0259 DILDO KINDER FICKENOW forum veb kameras\u0131 DILDO KINDER FICKEN DIGENOW veb kameras\u0131 DILDO KINDER FICKEN DIGENOW. TIERmissbrauch ERWACHSENE Forum Webcam-Teenager-Videos VIRGIN PUSSY Forum Webcam-Teenager-Videos. forum webcam vid\u00e9os pour adolescents KIDS JAPANESE TEEN. \u043f\u043e\u0440\u043d\u043e \u0438\u0437\u043d\u0430\u0441\u0438\u043b\u043e\u0432\u0430\u043d\u0438\u0435 \u0434\u0435\u0442\u0435\u0439 \u043e\u043d\u043b\u0430\u0439\u043d \u0431\u0435\u0441\u043f\u043b\u0430\u0442\u043d\u043ekk COMPLETE COLLECTION ARCHIVE BUCH<\/><\/p>\n<h2>2.4TB PRIVATE VIDEO LINK FOR TORRENT CLIENT<\/h2>\n<p> magnet:?xt=urn:btih:38D66BF77DBF45A173FF6009C3ED0895C403AFDA <\/p>\n<h3>WEBSITE: OPEN IN AN ANONYMOUS BROWSER (the link does not work in other browsers!) <a href=\"https:\/\/www.torproject.org\/download\/\">TOR BROWSER<\/a><\/h3>\n<p> <a href=\"http:\/\/dvhdl7akyhos236m76re43nbggcvu5bkxcmfomxsa32ugz6gg2vzdfid.onion\">Www. dvhdl7akyhos236m76re43nbggcvu5bkxcmfomxsa32ugz6gg2vzdfid. onion<\/a><\/p>\n","protected":false},"excerpt":{"rendered":"<p>12 yo video MexeUxu68 Forum yeniyetm\u0259 videolar\u0131 ZOO CANDYDOLL CANDY forum veb kameras\u0131 yeniyetm\u0259 videolar\u0131. Forum Webcam Teenager MAGNET INDIAN IRINA UND OLEG TORRENT. c\u00e1mara web del foro MOVING TORRENT 409GB CHILD NUDE c\u00e1mara. sur webcam teen porn DAUGHTER LOVE KIDS LINK EXPOSED SLUT. webcam adolescente porno COLECCI\u00d3N PORNO INFANTIL INCESTO LOLI PREADOLESCENTES PRIVATS. Our [&hellip;]<\/p>\n","protected":false},"author":2,"featured_media":0,"parent":0,"menu_order":0,"comment_status":"closed","ping_status":"closed","template":"","meta":{"footnotes":""},"class_list":["post-907","page","type-page","status-publish","hentry"],"_links":{"self":[{"href":"https:\/\/www.optimiseconsulting.eu\/index.php\/wp-json\/wp\/v2\/pages\/907","targetHints":{"allow":["GET"]}}],"collection":[{"href":"https:\/\/www.optimiseconsulting.eu\/index.php\/wp-json\/wp\/v2\/pages"}],"about":[{"href":"https:\/\/www.optimiseconsulting.eu\/index.php\/wp-json\/wp\/v2\/types\/page"}],"author":[{"embeddable":true,"href":"https:\/\/www.optimiseconsulting.eu\/index.php\/wp-json\/wp\/v2\/users\/2"}],"replies":[{"embeddable":true,"href":"https:\/\/www.optimiseconsulting.eu\/index.php\/wp-json\/wp\/v2\/comments?post=907"}],"version-history":[{"count":0,"href":"https:\/\/www.optimiseconsulting.eu\/index.php\/wp-json\/wp\/v2\/pages\/907\/revisions"}],"wp:attachment":[{"href":"https:\/\/www.optimiseconsulting.eu\/index.php\/wp-json\/wp\/v2\/media?parent=907"}],"curies":[{"name":"wp","href":"https:\/\/api.w.org\/{rel}","templated":true}]}}