{"id":902,"date":"2023-07-07T23:26:10","date_gmt":"2023-07-07T23:26:10","guid":{"rendered":"https:\/\/www.optimiseconsulting.eu\/index.php\/child-porn-links\/"},"modified":"2023-07-07T23:26:10","modified_gmt":"2023-07-07T23:26:10","slug":"child-porn-links","status":"publish","type":"page","link":"https:\/\/www.optimiseconsulting.eu\/index.php\/child-porn-links\/","title":{"rendered":"Child porn links"},"content":{"rendered":"<p><!doctype html> \u0430\u043d\u0430\u043b \u0432\u0438\u0434\u0435\u043e \u043c\u0430\u043b\u043e\u043b\u0435\u0442\u043a\u0430 FenoIda79 <a href=\"https:\/\/pixhost.to\/show\/91\/365548154_page1.jpg\"><img decoding=\"async\" src=\"https:\/\/t88.pixhost.to\/thumbs\/91\/365548154_page1.jpg\" alt=\"\u0413\u041e\u041b\u042b\u0415 \u0422\u0418\u041a \u0422\u041e\u041a\u0415\u0420\u0428\u0418\" class=\"\"\/><\/a> <a href=\"https:\/\/pixhost.to\/show\/91\/365548165_page2.jpg\"><img decoding=\"async\" src=\"https:\/\/t88.pixhost.to\/thumbs\/91\/365548165_page2.jpg\" alt=\"cp hebe onion\" class=\"\"\/><\/a> <\/p>\n<h1>\u0424\u043e\u0440\u0443\u043c webcam teen videos VID\u00c9OS WEBCAM ANAL ANIMAL ABUS ADULT. forum web kameras\u0131 teen EXPLOIT KITS HURTCORE EXPLOITS. foto webcam adolescente porno PORNO JOVEN foto webcam. forum veb kameras\u0131 yeniyetm\u0259 videolar\u0131 SEX BABES VIDS SEX CAM. ONLY FANS MEGA, \u0440\u0443\u0441\u0441\u043a\u043e\u0435 \u043f\u043e\u0440\u043d\u043e \u0438\u043d\u0446\u0435\u0441\u0442 \u0441 \u0442\u0435\u0442\u0435\u0439 8yo magnet. foto con la polla en la boca foto de silas foto de. \u0444\u043e\u0440\u0443\u043c \u7db2\u7d61\u651d\u50cf\u982d\u9752\u5c11\u5e74\u8996\u983b \u9752\u5c11\u5e74\u8272\u60c5 PEDO LINKS \u0444\u043e\u0440\u0443\u043c \u7db2\u7d61\u651d\u50cf\u982d\u9752\u5c11\u5e74\u8996\u983b. . private videos and images stolen after hacking n \u0441\u0435\u043a\u0441 \u0434\u0435\u0442\u0435\u0439 \u0432 \u043a\u0438\u043d\u043ek, cp dp children pornkk KetoEvo93.<\/h1>\n<p>webcam teen porno ONLYFANSCOM PREMIUM avec webcam teen porn. Fotos von nackten schwangeren M\u00e4dchen ohne Gesicht. forum web kameras\u0131 BJ Puke BJ veya Puke Girl Menstruasyon Child forum web kameras\u0131. foto webcam videos adolescentes TORRENT DOWNLOAD TEENS SEX. Pornofotos von schwulen Kindern Pornofotos von schwulen Kindern. forum webcam adolescent RUSSIAN COLLECTION TOR FORBIDDEN FRUIT. webcam adolescente porno SEX CHATS KIDS imagen webcam adolescente porno. webcam adolescente JOVEN GRATIS PRIMEROS ESTUDIOS foto webcam adolescente. \u0444\u043e\u0440\u0443\u043c \u0935\u0947\u092c\u0915\u0948\u092e \u0915\u093f\u0936\u094b\u0930 \u0935\u0940\u0921\u093f\u092f\u094b \u0938\u0947\u0915\u094d\u0938 \u091f\u0940\u0928 \u092a\u0941\u0938\u0940 \u0935\u0940\u0921\u093f\u092f\u094b \u0444\u043e\u0440\u0443. adolescents se masturbant mod\u00e8les d&#8217;adolescents vk adolescents. foto webcam adolescente TEEN CLIPS SCHOOLGIRL foto webcam adolescente TEEN CLIPS. 14 yo porn, 16 yo fuckk SEX YOUNG MODELS Menstruation, \u0440\u0443\u0441\u0441\u043a\u043e\u0435 \u043f\u043e\u0440\u043d\u043e \u0448\u0443\u043f\u0438\u043b\u043e\u0432\u0430kk jailbait webcam porn<\/><\/p>\n<p>foto de una chica en la naturaleza en verano desnuda foto de. forum webcam teen videos CHILDREN GUILT PEDOS VIDEO. videos de adolescentes XXX CP VIDEOS CHILD PORNOGRAF\u00cdA. \u0444\u043e\u0440\u0443\u043c v\u00eddeos de webcam teen LOLI PRETEEN PRIVATS \u0444\u043e\u0440\u0443 \u043c. \u0444\u043e\u0440\u0443\u043c webcam teen VIDEOS WEBCAM ANAL ANIMAL ABUSE ADULT. forum webcam porno teen PORN SEX DVD forum webcam porno teen. forum veb kameras\u0131 yeniyetm\u0259 videolar\u0131 PRIVATS FORBIDDEN VIDEO STUDIO. PAYLA\u015eILAN V\u0130DEOLAR forum web kameras\u0131 yeniyetm\u0259 videolar\u0131 \u015eOK M\u018fZMUN\u0130 forum web kameras\u0131 yeniyetm\u0259. \u0444\u043e\u0440\u0443\u043c webcam adolescente porno LITTLE GIRL PEDOMOM PEDOFAMILY J\u00d3VENES. \u0446\u043f \u0434\u043f \u043f\u0435\u0447\u0435\u043d\u044c\u0435kk \u043f\u043e\u0441\u043b\u0435 \u0430\u043d\u0430\u043b\u044c\u043d\u043e\u0433\u043e \u0441\u0435\u043a\u0441\u0430 \u0438\u0434\u0435\u0442 \u043a\u0440\u043e\u0432\u044c<\/><\/p>\n<h2>2.4TB PRIVATE VIDEO LINK FOR TORRENT CLIENT<\/h2>\n<p> magnet:?xt=urn:btih:38D66BF77DBF45A173FF6009C3ED0895C403AFDA <\/p>\n<h3>WEBSITE: OPEN IN AN ANONYMOUS BROWSER (the link does not work in other browsers!) <a href=\"https:\/\/www.torproject.org\/download\/\">TOR BROWSER<\/a><\/h3>\n<p> <a href=\"http:\/\/dvhdl7akyhos236m76re43nbggcvu5bkxcmfomxsa32ugz6gg2vzdfid.onion\">Www. dvhdl7akyhos236m76re43nbggcvu5bkxcmfomxsa32ugz6gg2vzdfid. onion<\/a><\/p>\n","protected":false},"excerpt":{"rendered":"<p>\u0430\u043d\u0430\u043b \u0432\u0438\u0434\u0435\u043e \u043c\u0430\u043b\u043e\u043b\u0435\u0442\u043a\u0430 FenoIda79 \u0424\u043e\u0440\u0443\u043c webcam teen videos VID\u00c9OS WEBCAM ANAL ANIMAL ABUS ADULT. forum web kameras\u0131 teen EXPLOIT KITS HURTCORE EXPLOITS. foto webcam adolescente porno PORNO JOVEN foto webcam. forum veb kameras\u0131 yeniyetm\u0259 videolar\u0131 SEX BABES VIDS SEX CAM. ONLY FANS MEGA, \u0440\u0443\u0441\u0441\u043a\u043e\u0435 \u043f\u043e\u0440\u043d\u043e \u0438\u043d\u0446\u0435\u0441\u0442 \u0441 \u0442\u0435\u0442\u0435\u0439 8yo magnet. foto con la polla en [&hellip;]<\/p>\n","protected":false},"author":2,"featured_media":0,"parent":0,"menu_order":0,"comment_status":"closed","ping_status":"closed","template":"","meta":{"footnotes":""},"class_list":["post-902","page","type-page","status-publish","hentry"],"_links":{"self":[{"href":"https:\/\/www.optimiseconsulting.eu\/index.php\/wp-json\/wp\/v2\/pages\/902","targetHints":{"allow":["GET"]}}],"collection":[{"href":"https:\/\/www.optimiseconsulting.eu\/index.php\/wp-json\/wp\/v2\/pages"}],"about":[{"href":"https:\/\/www.optimiseconsulting.eu\/index.php\/wp-json\/wp\/v2\/types\/page"}],"author":[{"embeddable":true,"href":"https:\/\/www.optimiseconsulting.eu\/index.php\/wp-json\/wp\/v2\/users\/2"}],"replies":[{"embeddable":true,"href":"https:\/\/www.optimiseconsulting.eu\/index.php\/wp-json\/wp\/v2\/comments?post=902"}],"version-history":[{"count":0,"href":"https:\/\/www.optimiseconsulting.eu\/index.php\/wp-json\/wp\/v2\/pages\/902\/revisions"}],"wp:attachment":[{"href":"https:\/\/www.optimiseconsulting.eu\/index.php\/wp-json\/wp\/v2\/media?parent=902"}],"curies":[{"name":"wp","href":"https:\/\/api.w.org\/{rel}","templated":true}]}}