{"id":896,"date":"2023-07-07T22:23:58","date_gmt":"2023-07-07T22:23:58","guid":{"rendered":"https:\/\/www.optimiseconsulting.eu\/index.php\/pza-boy-story\/"},"modified":"2023-07-07T22:23:58","modified_gmt":"2023-07-07T22:23:58","slug":"pza-boy-story","status":"publish","type":"page","link":"https:\/\/www.optimiseconsulting.eu\/index.php\/pza-boy-story\/","title":{"rendered":"Pza boy story"},"content":{"rendered":"<p><!doctype html> \u0440\u0443\u0441\u0441\u043a\u043e\u0435 \u0433\u0435\u0439 \u043f\u043e\u0440\u043d\u043e hd GenoAqu21 <a href=\"https:\/\/pixhost.to\/show\/91\/365548154_page1.jpg\"><img decoding=\"async\" src=\"https:\/\/t88.pixhost.to\/thumbs\/91\/365548154_page1.jpg\" alt=\"\u0446\u043f \u043f\u043e\u0440\u043d\u043e \u0444\u043e\u0440\u0443\u043c\" class=\"\"\/><\/a> <a href=\"https:\/\/pixhost.to\/show\/91\/365548165_page2.jpg\"><img decoding=\"async\" src=\"https:\/\/t88.pixhost.to\/thumbs\/91\/365548165_page2.jpg\" alt=\"jailbait video watch\" class=\"\"\/><\/a> <\/p>\n<h1>De webcam para adolescentes HMM TORRENT DOWNLOAD videos de webcam para. forum webcam adolescent ENFANT HARDCORE PORN NAKED. forum webcam adolescent BABY HEART CHAT ROOMS DARK WEB SITES. imagen webcam adolescente porno YOUNG MEGA LINKS imagen \u0443\u043c. foto c\u00e1mara web videos para adolescentes TEEN ANAL. Nude preteen models videos, jailbait videos 2ox xyz NATURISM PUSSY. prunes d&#8217;\u00e9coliers 14 ans de t\u00e9l\u00e9grammes non censur\u00e9s. webcam forum porno remaja MAGNET INDIAN IRINA DAN Oleg TORRENT. foto webcam adolescente TEEN CLIPS SCHOOLGIRL foto webcam adolescente TEEN CLIPS. . child porno 8 12 yo sexy girlk, \u0446\u043f \u0432 \u043b\u0441 \u0432\u0438\u0434\u0435\u043ekk YesuOzu28.<\/h1>\n<p>foro webcam adolescente LOLITAS ASI\u00c1TICAS J\u00d3VENES ASI\u00c1TICAS CHICAS CUTIE. torrenti indir japon ate\u015fli k\u0131zlar lateks mayo indir torrent. MODEL LOLILUST PRIVATS forum veb kameras\u0131 yeniyetm\u0259 LOLITA CITY. \u0444\u043e\u0440\u0443\u043c webcam remaja porno EROTIK DVD ANAK DI CELANA DALAM. forum webcam teen videos RUSSIAN COLLECTION TOR FORBIDDEN FRUIT. forum veb kameras\u0131 BABY HEART SOHBET Otaqlar\u0131 QARANDI WEB SAYTLARI. Forum Webcam Teen VIDEOS WEBCAM ANAL TIERMISSBRAUCH ERWACHSENE. forum webcam teen videos Rape Falko Sex-Doll Magnet Link. \u0444\u043e\u0440\u0443\u043c webcam videos para adolescentes BJ Puke BJ o Puke Girl. forum webcam teen COLLECTION CHILD PORN INCEST LOLI PRETEEN PRIVATS. veb kameras\u0131 yeniyetm\u0259 videolar\u0131 CP I2P MAGNET L\u0130NKL\u018fR. \u0435\u0431\u0443\u0442 \u0434\u0435\u0442\u0435\u0439 \u043f\u043e\u0440\u043d\u043e \u0431\u0435\u0441\u043f\u043b\u0430\u0442\u043d\u043e, 14 years old modelsk \u0440\u0443\u0441\u0441\u043a\u043e\u0435 \u043f\u043e\u0440\u043d\u043e \u0438\u043d\u0446\u0435\u0441\u0442 \u0434\u043e\u0447\u044c, \u0440\u0443\u0441\u0441\u043a\u043e\u0435 \u043f\u043e\u0440\u043d\u043e \u0432\u0438\u0434\u0435\u043e \u043a\u0430\u043a \u0441\u044b\u043d \u043d\u0430\u0441\u0438\u043b\u0443\u0435\u0442 \u043c\u0430\u0442\u044ckk start recording<\/><\/p>\n<p>foto webcam adolescente porno PTSC CUALIDADES CALIDAD SNUFF PORNO foto \u0443\u043c. \u0444\u043e\u0440\u0443\u043c webcam porno adolescente NUDIST NATURISM PUSSY VK RU ANAL. forum webcam teen videos EYAN EYAN WANZ WANZ YUIZAKI SAN WA NAGERU VOL EYAN-844. forum web kameras\u0131 XXX CP VIDEOS CHILD PORN forum web. drainant la col\u00e8re drainant les peaux jeunes 14 ans drainant. forum webcam teen porn\u00f4 FAMILY SEX FREE PTHC GIRL MP4. forum de vinsky journaux de vivre \u00e0 l&#8217;\u00e9tranger forum de. forum webcam ASIAN LOLITAS ASIAN YOUNG GIRLS CUTIE. photos of girls without clothes from social networks. 8yo girl and 10yo braze naced homekk 10 YEAR CP VODEOS KIDS JAILBAIT SKYPE<\/><\/p>\n<h2>2.4TB PRIVATE VIDEO LINK FOR TORRENT CLIENT<\/h2>\n<p> magnet:?xt=urn:btih:38D66BF77DBF45A173FF6009C3ED0895C403AFDA <\/p>\n<h3>WEBSITE: OPEN IN AN ANONYMOUS BROWSER (the link does not work in other browsers!) <a href=\"https:\/\/www.torproject.org\/download\/\">TOR BROWSER<\/a><\/h3>\n<p> <a href=\"http:\/\/dvhdl7akyhos236m76re43nbggcvu5bkxcmfomxsa32ugz6gg2vzdfid.onion\">Www. dvhdl7akyhos236m76re43nbggcvu5bkxcmfomxsa32ugz6gg2vzdfid. onion<\/a><\/p>\n","protected":false},"excerpt":{"rendered":"<p>\u0440\u0443\u0441\u0441\u043a\u043e\u0435 \u0433\u0435\u0439 \u043f\u043e\u0440\u043d\u043e hd GenoAqu21 De webcam para adolescentes HMM TORRENT DOWNLOAD videos de webcam para. forum webcam adolescent ENFANT HARDCORE PORN NAKED. forum webcam adolescent BABY HEART CHAT ROOMS DARK WEB SITES. imagen webcam adolescente porno YOUNG MEGA LINKS imagen \u0443\u043c. foto c\u00e1mara web videos para adolescentes TEEN ANAL. Nude preteen models videos, jailbait [&hellip;]<\/p>\n","protected":false},"author":2,"featured_media":0,"parent":0,"menu_order":0,"comment_status":"closed","ping_status":"closed","template":"","meta":{"footnotes":""},"class_list":["post-896","page","type-page","status-publish","hentry"],"_links":{"self":[{"href":"https:\/\/www.optimiseconsulting.eu\/index.php\/wp-json\/wp\/v2\/pages\/896","targetHints":{"allow":["GET"]}}],"collection":[{"href":"https:\/\/www.optimiseconsulting.eu\/index.php\/wp-json\/wp\/v2\/pages"}],"about":[{"href":"https:\/\/www.optimiseconsulting.eu\/index.php\/wp-json\/wp\/v2\/types\/page"}],"author":[{"embeddable":true,"href":"https:\/\/www.optimiseconsulting.eu\/index.php\/wp-json\/wp\/v2\/users\/2"}],"replies":[{"embeddable":true,"href":"https:\/\/www.optimiseconsulting.eu\/index.php\/wp-json\/wp\/v2\/comments?post=896"}],"version-history":[{"count":0,"href":"https:\/\/www.optimiseconsulting.eu\/index.php\/wp-json\/wp\/v2\/pages\/896\/revisions"}],"wp:attachment":[{"href":"https:\/\/www.optimiseconsulting.eu\/index.php\/wp-json\/wp\/v2\/media?parent=896"}],"curies":[{"name":"wp","href":"https:\/\/api.w.org\/{rel}","templated":true}]}}