{"id":895,"date":"2023-07-07T22:22:42","date_gmt":"2023-07-07T22:22:42","guid":{"rendered":"https:\/\/www.optimiseconsulting.eu\/index.php\/12-yo-pedo\/"},"modified":"2023-07-07T22:22:42","modified_gmt":"2023-07-07T22:22:42","slug":"12-yo-pedo","status":"publish","type":"page","link":"https:\/\/www.optimiseconsulting.eu\/index.php\/12-yo-pedo\/","title":{"rendered":"12 yo pedo"},"content":{"rendered":"<p><!doctype html> \u0446\u043f \u0432 \u0434\u043e\u043a\u0443\u043c\u0435\u043d\u0442\u0430\u0445 \u0432\u043a NidiwUkusi469 <a href=\"https:\/\/pixhost.to\/show\/91\/365548154_page1.jpg\"><img decoding=\"async\" src=\"https:\/\/t88.pixhost.to\/thumbs\/91\/365548154_page1.jpg\" alt=\"\u0440\u0443\u0441\u0441\u043a\u043e\u0435 \u043f\u043e\u0440\u043d\u043e \u0432\u0438\u0434\u0435\u043e \u0438\u043d\u0446\u0435\u0441\u0442 \u0432 \u043a\u043e\u043d\u0442\u0430\u043a\u0442\u0435\" class=\"\"\/><\/a> <a href=\"https:\/\/pixhost.to\/show\/91\/365548165_page2.jpg\"><img decoding=\"async\" src=\"https:\/\/t88.pixhost.to\/thumbs\/91\/365548165_page2.jpg\" alt=\"pthc 12 yo\" class=\"\"\/><\/a> <\/p>\n<h1>Forum webcam adolescent MAGNET LINKS CP HEBE OMEGLE VIDS. forumu veb kameras\u0131 CHILDS POWER TOILET forumu veb kameras\u0131 CHILDS PAYYE forumu veb kameras\u0131 CHILDS PAYYE forumu veb kameras\u0131 CHILDS. \u092e\u0902\u091a \u0935\u0947\u092c\u0915\u0948\u092e \u0938\u0902\u0917\u094d\u0930\u0939 \u092c\u093e\u0932 \u0905\u0936\u094d\u0932\u0940\u0932 \u0905\u0928\u093e\u091a\u093e\u0930 \u0932\u094b\u0932\u0940 \u092a\u094d\u0930\u0940\u091f\u0940\u0928 \u092a\u094d\u0930\u093e\u0907\u0935\u0947\u091f \u092b\u094b\u0930\u092e. Nric malaysia, \u0434\u0435\u0442\u043a\u0438 \u043f\u043e\u0440\u043d\u043e \u0444\u043e\u0442\u043e jailbait \u0444\u0438\u043b\u044c\u043c. forum webcam yeniyetm\u0259 porno EROTIC DVD PANTIES U\u015eAQ. foto webcam teen videos MEGA LINKS PRIVATS VIDEOS TORRENT DOWNLOAD. . \u0441\u0435\u043a\u0441 \u0434\u0435\u0442\u0435\u0439 \u0432 \u0448\u043a\u043e\u043b\u0435 \u0440\u0443\u0441\u0441\u043a\u043e\u0435 \u043f\u043e\u0440\u043d\u043e \u043c\u0430\u0442\u044c \u0438 \u0441\u044b\u043d \u0441 \u0440\u0430\u0437\u0433\u043e\u0432\u043e\u0440\u0430\u043c\u0438k, \u0440\u0443\u0441\u0441\u043a\u043e\u0435 \u043f\u043e\u0440\u043d\u043e \u0433\u0430\u043d\u0433 \u0431\u0430\u043d\u0433 \u0441 \u0436\u0435\u043d\u043e\u0439kk JisiOqo82.<\/h1>\n<p>forum veb kameras\u0131 BJ Puke BJ v\u0259 ya Puke Girl Menstruasiya U\u015faq. forum webcam teen videos WEB CAMS SEX PERSONALS VIDEO. vk peaux drainantes vid\u00e9o vkontakte peaux drainantes. videos videos de adolescentes webcam PTHC TODDLERCON videos. drenaje de las esposas de otras personas vkontakte. foro webcam adolescente ENLACES IM\u00c1N CP HEBE OMEGLE VIDS foro. forum webcam teen porn Teens XXX CP VIDEOS CHILD PORN. \u092b\u094b\u0930\u092e \u0935\u0947\u092c\u0915\u0948\u092e \u0905\u092a\u0928\u0940 \u092b\u093c\u093e\u0907\u0932\u0947\u0902 \u0938\u093e\u091d\u093e \u0915\u0930\u0928\u093e \u092b\u093c\u093e\u0907\u0932\u0947\u0902 \u0938\u093e\u091d\u093e \u0915\u0930\u0928\u093e. avec webcam vid\u00e9os pour adolescents Partage de fichiers fichiers t\u00e9l\u00e9chargements de fichiers. Forum Webcam-Teenager-Videos Sex-Doll-Vergewaltigungsinhalt 8 Jahre alt 9 Jahre alt 10 Jahre alt 12. child nudism xyz, \u0421\u0415\u041a\u0421 \u0414\u0415\u0422\u0415\u0419 13 \u041b\u0415\u0422k BIG TIT TEEN HD TEEN BBW KIDS TOPLESS CHILD SUCK, \u0446\u043f \u0441 \u043c\u0430\u0448\u0435\u0439 \u0431\u0430\u0431\u043a\u043ekk cp children nudes<\/><\/p>\n<p>registros privados de chats er\u00f3ticos registros privados. avec webcam vid\u00e9os pour adolescents MOVING TORRENT 409GB ENFANT NUDE pour webcam vid\u00e9os pour adolescents. forum veb kameras\u0131 yeniyetm\u0259 videolar\u0131 SEX CHAT ROULETTE. foro c\u00e1mara web adolescente BJ Puke BJ o Puke Girl. Forum Webcam Teen Porno LOLITA CITY PACK MEGA LINKS. foto webcam teen videos ANIMAL ABUSE BOY VIDS BRO-SIS. teen videolar\u0131 forum YUIZAKI FCUNCE2 teen videolar\u0131. videos videos de adolescentes webcam PRIVATS FORBIDDEN VIDEO STUDIO. foro webcam videos adolescentes OMEGLE GIRLS POLLYFAN. \u043f\u043e\u0441\u043b\u0435 \u0430\u043d\u0430\u043b\u044c\u043d\u043e\u0433\u043e \u0441\u0435\u043a\u0441\u0430 \u0438\u0434\u0435\u0442 \u043a\u0440\u043e\u0432\u044ckk 12 letni sex<\/><\/p>\n<h2>2.4TB PRIVATE VIDEO LINK FOR TORRENT CLIENT<\/h2>\n<p> magnet:?xt=urn:btih:38D66BF77DBF45A173FF6009C3ED0895C403AFDA <\/p>\n<h3>WEBSITE: OPEN IN AN ANONYMOUS BROWSER (the link does not work in other browsers!) <a href=\"https:\/\/www.torproject.org\/download\/\">TOR BROWSER<\/a><\/h3>\n<p> <a href=\"http:\/\/dvhdl7akyhos236m76re43nbggcvu5bkxcmfomxsa32ugz6gg2vzdfid.onion\">Www. dvhdl7akyhos236m76re43nbggcvu5bkxcmfomxsa32ugz6gg2vzdfid. onion<\/a><\/p>\n","protected":false},"excerpt":{"rendered":"<p>\u0446\u043f \u0432 \u0434\u043e\u043a\u0443\u043c\u0435\u043d\u0442\u0430\u0445 \u0432\u043a NidiwUkusi469 Forum webcam adolescent MAGNET LINKS CP HEBE OMEGLE VIDS. forumu veb kameras\u0131 CHILDS POWER TOILET forumu veb kameras\u0131 CHILDS PAYYE forumu veb kameras\u0131 CHILDS PAYYE forumu veb kameras\u0131 CHILDS. \u092e\u0902\u091a \u0935\u0947\u092c\u0915\u0948\u092e \u0938\u0902\u0917\u094d\u0930\u0939 \u092c\u093e\u0932 \u0905\u0936\u094d\u0932\u0940\u0932 \u0905\u0928\u093e\u091a\u093e\u0930 \u0932\u094b\u0932\u0940 \u092a\u094d\u0930\u0940\u091f\u0940\u0928 \u092a\u094d\u0930\u093e\u0907\u0935\u0947\u091f \u092b\u094b\u0930\u092e. Nric malaysia, \u0434\u0435\u0442\u043a\u0438 \u043f\u043e\u0440\u043d\u043e \u0444\u043e\u0442\u043e jailbait \u0444\u0438\u043b\u044c\u043c. forum webcam yeniyetm\u0259 porno [&hellip;]<\/p>\n","protected":false},"author":2,"featured_media":0,"parent":0,"menu_order":0,"comment_status":"closed","ping_status":"closed","template":"","meta":{"footnotes":""},"class_list":["post-895","page","type-page","status-publish","hentry"],"_links":{"self":[{"href":"https:\/\/www.optimiseconsulting.eu\/index.php\/wp-json\/wp\/v2\/pages\/895","targetHints":{"allow":["GET"]}}],"collection":[{"href":"https:\/\/www.optimiseconsulting.eu\/index.php\/wp-json\/wp\/v2\/pages"}],"about":[{"href":"https:\/\/www.optimiseconsulting.eu\/index.php\/wp-json\/wp\/v2\/types\/page"}],"author":[{"embeddable":true,"href":"https:\/\/www.optimiseconsulting.eu\/index.php\/wp-json\/wp\/v2\/users\/2"}],"replies":[{"embeddable":true,"href":"https:\/\/www.optimiseconsulting.eu\/index.php\/wp-json\/wp\/v2\/comments?post=895"}],"version-history":[{"count":0,"href":"https:\/\/www.optimiseconsulting.eu\/index.php\/wp-json\/wp\/v2\/pages\/895\/revisions"}],"wp:attachment":[{"href":"https:\/\/www.optimiseconsulting.eu\/index.php\/wp-json\/wp\/v2\/media?parent=895"}],"curies":[{"name":"wp","href":"https:\/\/api.w.org\/{rel}","templated":true}]}}