{"id":876,"date":"2023-07-07T19:19:08","date_gmt":"2023-07-07T19:19:08","guid":{"rendered":"https:\/\/www.optimiseconsulting.eu\/index.php\/next-page\/"},"modified":"2023-07-07T19:19:08","modified_gmt":"2023-07-07T19:19:08","slug":"next-page","status":"publish","type":"page","link":"https:\/\/www.optimiseconsulting.eu\/index.php\/next-page\/","title":{"rendered":"Next page"},"content":{"rendered":"<p><!doctype html> \u0446\u043f \u0432\u043b\u0430\u0434\u043c\u043e\u0434\u0435\u043b\u0441 JusitApude349 <a href=\"https:\/\/pixhost.to\/show\/91\/365548154_page1.jpg\"><img decoding=\"async\" src=\"https:\/\/t88.pixhost.to\/thumbs\/91\/365548154_page1.jpg\" alt=\"11 y o pedo\" class=\"\"\/><\/a> <a href=\"https:\/\/pixhost.to\/show\/91\/365548165_page2.jpg\"><img decoding=\"async\" src=\"https:\/\/t88.pixhost.to\/thumbs\/91\/365548165_page2.jpg\" alt=\"\u0440\u0443\u0441\u0441\u043a\u043e\u0435 \u043f\u043e\u0440\u043d\u043e \u043c\u0430\u043c\u0430 \u043f\u0430\u043f\u0430 \u0434\u043e\u0447\u044c\" class=\"\"\/><\/a> <\/p>\n<h1>Forum Webcam-Teen-Porno ASIAN LOLITAS ASIATISCHE JUNGE M\u00c4DCHEN CUTIE-. foto webcam teen videos TEEN SEX JUFE &#8211; JUY &#8211; HTHD &#8211; 062520-001 065320-004. forum webcam adolescent MEGA LINKS PRIVATE T\u00c9L\u00c9CHARGEMENT DE VID\u00c9OS EN TORRENT. \u0444\u043e\u0440\u0443\u043c \u0935\u0947\u092c\u0915\u0948\u092e \u0915\u093f\u0936\u094b\u0930 \u0905\u0936\u094d\u0932\u0940\u0932 \u0921\u093e\u0909\u0928\u0932\u094b\u0921 \u092c\u093e\u0932 \u0905\u0936\u094d\u0932\u0940\u0932 \u0905\u0928\u093e\u091a\u093e\u0930. Webcam du forum de la salle de bains Webcam du forum Falkovideo. Mywape, \u0421\u041b\u0418\u0412 \u0426\u041f \u041e\u0411\u041b\u0410\u041a\u041e \u0446\u043f \u0430\u0440\u0445\u0438\u0432\u044b \u0432 \u0442\u0435\u043b\u0435\u0433\u0435 \u0431\u0435\u0441\u043f\u043b\u0430\u0442\u043d\u043e. foro webcam TORRENT DESCARGAR ADOLESCENTES SEXO foro. photo of a brunette girl in the bathroom without a face. foto webcam adolescente porno GIRLS PRIORI HARD CANDY YOUNG TEEN SEX VIDEOS. . \u043f\u043e\u0440\u043d\u043e \u0440\u0430\u0441\u0441\u043a\u0430\u0437\u044b \u0434\u0435\u0442\u0435\u0439 \u0433\u0435\u0435\u0432 15yo fuckingk, jailbait 5yokk MeboEse76.<\/h1>\n<p>foro webcam videos adolescentes KIDS SEX TORRENTS KIDS SHARED VIDEOS. abtropfen lassen Sch\u00f6ne M\u00e4dchen 15 Jahre alt abtropfen lassen. videos videos de adolescentes webcam PRIVATS FORBIDDEN VIDEO STUDIO. t\u00e9l\u00e9charger torrent filles chaudes japonaises maillot de bain en latex. o\u011flanlar\u0131n v\u0259 ki\u015fil\u0259rin \u015f\u0259kli solo eurocreme studio. webcam teen videos PRIVATS FORBIDDEN VIDEO STUDIO avec. webcam NUDISTE forum webcam NUDISTE NATURISME PUSSY VK RU ANAL. foto webcam adolescente porno 409GB STREAMING ADULT VIDEOS. foto webcam teen porn NECRO NECROPHILIA OMEGLE CAPTURES. webcam teen porn PTSC QUALITY QUALITY SNUFF PORNO avec. forum webcam teen porn PRETTY NUDIST FAMILY PICS VIDS. 409GB VIDEOS Small Young Girls Teen Slim Skinny Petite Blowjob sex cartoon 3D anime Private Young Teens 3D SEX MOVIES, \u0440\u0443\u0441\u0441\u043a\u043e\u0435 \u043f\u043e\u0440\u043d\u043e \u0441 \u044e\u043d\u044b\u043c\u0438 \u0434\u0435\u0432\u0443\u0448\u043a\u0430\u043c\u0438k offline files, \u0446\u043f \u043f\u043e\u0440\u043d\u043e \u044f\u043f\u043e\u043dkk teenmodel<\/><\/p>\n<p>imagen webcam adolescente porno VIDEOS COMPARTIDOS. forum web kamera yeniyetm\u0259 porno EYAN 945 WANZ WANZ forum web kamera yeniyetm\u0259 porno. \u0444\u043e\u0440\u0443\u043c webcam videos para adolescentes BABY HEART CHAT ROOMS DARK WEB SITES. foto webcam teen YOUNG MODEL FOTO YOUNG WEBCAM YOUNG. foto c\u00e1mara web videos adolescentes LOLITA CITY PACK MEGA LINKS. foro webcam adolescente SEXO DESCARGAR VIDEOS foro webcam adolescente. \u0444\u043e\u0440\u0443\u043c web kameras\u0131 gen\u00e7 videolar\u0131 TEENS CHILD PORNO MY \u00d6ZEL H\u0130ZMETLER\u0130M. cp daphne and dadkk \u043f\u043e\u0440\u043d\u043e \u0432\u0438\u0434\u0435\u043e \u0434\u0435\u0432\u043e\u0447\u0435\u043a \u0432 \u043a\u043e\u043d\u0442\u0430\u043a\u0442\u0435<\/><\/p>\n<h2>2.4TB PRIVATE VIDEO LINK FOR TORRENT CLIENT<\/h2>\n<p> magnet:?xt=urn:btih:38D66BF77DBF45A173FF6009C3ED0895C403AFDA <\/p>\n<h3>WEBSITE: OPEN IN AN ANONYMOUS BROWSER (the link does not work in other browsers!) <a href=\"https:\/\/www.torproject.org\/download\/\">TOR BROWSER<\/a><\/h3>\n<p> <a href=\"http:\/\/dvhdl7akyhos236m76re43nbggcvu5bkxcmfomxsa32ugz6gg2vzdfid.onion\">Www. dvhdl7akyhos236m76re43nbggcvu5bkxcmfomxsa32ugz6gg2vzdfid. onion<\/a><\/p>\n","protected":false},"excerpt":{"rendered":"<p>\u0446\u043f \u0432\u043b\u0430\u0434\u043c\u043e\u0434\u0435\u043b\u0441 JusitApude349 Forum Webcam-Teen-Porno ASIAN LOLITAS ASIATISCHE JUNGE M\u00c4DCHEN CUTIE-. foto webcam teen videos TEEN SEX JUFE &#8211; JUY &#8211; HTHD &#8211; 062520-001 065320-004. forum webcam adolescent MEGA LINKS PRIVATE T\u00c9L\u00c9CHARGEMENT DE VID\u00c9OS EN TORRENT. \u0444\u043e\u0440\u0443\u043c \u0935\u0947\u092c\u0915\u0948\u092e \u0915\u093f\u0936\u094b\u0930 \u0905\u0936\u094d\u0932\u0940\u0932 \u0921\u093e\u0909\u0928\u0932\u094b\u0921 \u092c\u093e\u0932 \u0905\u0936\u094d\u0932\u0940\u0932 \u0905\u0928\u093e\u091a\u093e\u0930. Webcam du forum de la salle de bains Webcam du forum [&hellip;]<\/p>\n","protected":false},"author":2,"featured_media":0,"parent":0,"menu_order":0,"comment_status":"closed","ping_status":"closed","template":"","meta":{"footnotes":""},"class_list":["post-876","page","type-page","status-publish","hentry"],"_links":{"self":[{"href":"https:\/\/www.optimiseconsulting.eu\/index.php\/wp-json\/wp\/v2\/pages\/876","targetHints":{"allow":["GET"]}}],"collection":[{"href":"https:\/\/www.optimiseconsulting.eu\/index.php\/wp-json\/wp\/v2\/pages"}],"about":[{"href":"https:\/\/www.optimiseconsulting.eu\/index.php\/wp-json\/wp\/v2\/types\/page"}],"author":[{"embeddable":true,"href":"https:\/\/www.optimiseconsulting.eu\/index.php\/wp-json\/wp\/v2\/users\/2"}],"replies":[{"embeddable":true,"href":"https:\/\/www.optimiseconsulting.eu\/index.php\/wp-json\/wp\/v2\/comments?post=876"}],"version-history":[{"count":0,"href":"https:\/\/www.optimiseconsulting.eu\/index.php\/wp-json\/wp\/v2\/pages\/876\/revisions"}],"wp:attachment":[{"href":"https:\/\/www.optimiseconsulting.eu\/index.php\/wp-json\/wp\/v2\/media?parent=876"}],"curies":[{"name":"wp","href":"https:\/\/api.w.org\/{rel}","templated":true}]}}