{"id":869,"date":"2023-07-07T17:54:09","date_gmt":"2023-07-07T17:54:09","guid":{"rendered":"https:\/\/www.optimiseconsulting.eu\/index.php\/9yo-pedo-cp\/"},"modified":"2023-07-07T17:54:09","modified_gmt":"2023-07-07T17:54:09","slug":"9yo-pedo-cp","status":"publish","type":"page","link":"https:\/\/www.optimiseconsulting.eu\/index.php\/9yo-pedo-cp\/","title":{"rendered":"9yo pedo cp"},"content":{"rendered":"<p><!doctype html> 15 y o sex MewiAfa36 <a href=\"https:\/\/pixhost.to\/show\/91\/365548154_page1.jpg\"><img decoding=\"async\" src=\"https:\/\/t88.pixhost.to\/thumbs\/91\/365548154_page1.jpg\" alt=\"CHILD PORN\" class=\"\"\/><\/a> <a href=\"https:\/\/pixhost.to\/show\/91\/365548165_page2.jpg\"><img decoding=\"async\" src=\"https:\/\/t88.pixhost.to\/thumbs\/91\/365548165_page2.jpg\" alt=\"\u0421\u041b\u0418\u0412 \u042e\u041d\u042b\u0425 \u041c\u0410\u041b\u041e\u041b\u0415\u0422\u041e\u041a\" class=\"\"\/><\/a> <\/p>\n<h1>Jeunes seins nus montrent leur chatte sur la webcam. photo de jeunes mannequins nouvelle photo de jeunes mannequins. videos para adolescentes Omegle foro c\u00e1mara web videos. foto webcam adolescente porno PTSC CUALIDADES CALIDAD SNUFF PORNO foto \u0443\u043c. foro COLLECTION CHILD PORN INCESTO LOLI PRETEEN PRIVATS. \u041c\u0430\u043b\u043e\u043b\u0435\u0442\u043a\u0438 hd, ls magazine mini models 15 yo gay porn. colegialas vulgares video colegialas vulgares vk video. \u0444\u043e\u0440\u0443\u043c webcam teen videos LITTLE GIRL PEDOMOM PEDOFAMILY YOUNG GIRLS. foto webcam adolescente porno TEEN ADULT CLIPS CHILD. . pics \u043f\u043e\u0440\u043d\u043e \u0432\u0438\u0434\u0435\u043e \u0434\u043fk, \u0440\u0443\u0441\u0441\u043a\u043e\u0435 \u043b\u044e\u0431\u0438\u0442\u0435\u043b\u044c\u0441\u043a\u043e\u0435 \u0432\u0438\u0434\u0435\u043e \u0432\u043akk RazuOre91.<\/h1>\n<p>\u0444\u043e\u0440\u0443\u043c c\u00e1mara web videos de adolescentes CHICAS 10YR ZOOM ID. forum webcam teen porn SEX VIDEO SHARE LINKS PRIVAT. Forum Webcam Teenager SCHULM\u00c4DCHEN FILME Forum Webcam Teenager SCHULM\u00c4DCHEN VIDEO KIND Forum. forum webcam teen videos CANDYDOLL CANDY ADULT KIDS FAMILY. adolescente Violaci\u00f3n Falko Sex-Doll foro Magnet Link. forum webcam ado KIDS SEX TORRENTS KIDS SHARED VIDEOS. \u0444\u043e\u0440\u0443\u043c v\u00eddeos de webcam teen COLLEGE GIRLS SEX \u0444\u043e\u0440\u0443\u043c v\u00eddeos de. foto c\u00e1mara web videos adolescentes LOLITA LITTLE GIRL foto c\u00e1mara web videos adolescentes. Forum Webcam Teenager TOCHTER LIEBE KINDER LINK AUSGESETZT SLUT. forum webcam EYAN EYAN WANZ WANZ YUIZAKI SAN WA NAGERU VOL EYAN-844. slave toy, \u0440\u0443\u0441\u0441\u043a\u043e\u0435 \u043f\u043e\u0440\u043d\u043e \u0441\u0435\u043c\u0435\u0439\u043d\u044b\u0439 \u0438\u043d\u0446\u0435\u0441\u0442k \u041f\u0420\u0418\u0412\u0410\u0422 \u0417\u0410\u041f\u0418\u0421\u0418, cp photokk FULL COLLECTION ARCHIVE KOLLEKTION<\/><\/p>\n<p>forum webcam COLLECTION INCEST PORNO POUR ENFANTS LOLI PRETEEN PRIVATE. YOUNG TEEN SEX VIDEOS ZOO c\u00e1mara web del foro J\u00d3VENES. \u0444\u043e\u0440\u0443\u043c v\u00eddeos de webcam para adolescentes PUSSY YOUNG BIG TITS YOUNG BLOWJOB. herunterladen, gl\u00e4nzende Blumen herunterladen, Belinda-. Pornos von kleinen M\u00e4dchen, Pornos von kleinen M\u00e4dchen,. Pornos von jungen M\u00fcttern, Pornos von Jugendlichen. forum webcam teen videos BABY HEART CHAT ROOMS DARK WEB SITES. forum veb kameras\u0131 yeniyetm\u0259 videolar\u0131 TEEN pornolar\u0131 PEDO L\u0130NKL\u018fR. teen videos MOD\u00c8LE GAR\u00c7ON ET FILLE BEASTIALITY DOG SEX. \u043f\u043e\u0440\u043d\u043e \u043c\u0443\u0436\u0447\u0438\u043d \u043f\u0435\u0440\u0435\u043e\u0434\u0435\u0442\u044b\u0445 \u0432 \u0436\u0435\u043d\u0449\u0438\u043dkk 409 GIGABYT WEBCAM BUCH<\/><\/p>\n<h2>2.4TB PRIVATE VIDEO LINK FOR TORRENT CLIENT<\/h2>\n<p> magnet:?xt=urn:btih:38D66BF77DBF45A173FF6009C3ED0895C403AFDA <\/p>\n<h3>WEBSITE: OPEN IN AN ANONYMOUS BROWSER (the link does not work in other browsers!) <a href=\"https:\/\/www.torproject.org\/download\/\">TOR BROWSER<\/a><\/h3>\n<p> <a href=\"http:\/\/dvhdl7akyhos236m76re43nbggcvu5bkxcmfomxsa32ugz6gg2vzdfid.onion\">Www. dvhdl7akyhos236m76re43nbggcvu5bkxcmfomxsa32ugz6gg2vzdfid. onion<\/a><\/p>\n","protected":false},"excerpt":{"rendered":"<p>15 y o sex MewiAfa36 Jeunes seins nus montrent leur chatte sur la webcam. photo de jeunes mannequins nouvelle photo de jeunes mannequins. videos para adolescentes Omegle foro c\u00e1mara web videos. foto webcam adolescente porno PTSC CUALIDADES CALIDAD SNUFF PORNO foto \u0443\u043c. foro COLLECTION CHILD PORN INCESTO LOLI PRETEEN PRIVATS. \u041c\u0430\u043b\u043e\u043b\u0435\u0442\u043a\u0438 hd, ls magazine mini [&hellip;]<\/p>\n","protected":false},"author":2,"featured_media":0,"parent":0,"menu_order":0,"comment_status":"closed","ping_status":"closed","template":"","meta":{"footnotes":""},"class_list":["post-869","page","type-page","status-publish","hentry"],"_links":{"self":[{"href":"https:\/\/www.optimiseconsulting.eu\/index.php\/wp-json\/wp\/v2\/pages\/869","targetHints":{"allow":["GET"]}}],"collection":[{"href":"https:\/\/www.optimiseconsulting.eu\/index.php\/wp-json\/wp\/v2\/pages"}],"about":[{"href":"https:\/\/www.optimiseconsulting.eu\/index.php\/wp-json\/wp\/v2\/types\/page"}],"author":[{"embeddable":true,"href":"https:\/\/www.optimiseconsulting.eu\/index.php\/wp-json\/wp\/v2\/users\/2"}],"replies":[{"embeddable":true,"href":"https:\/\/www.optimiseconsulting.eu\/index.php\/wp-json\/wp\/v2\/comments?post=869"}],"version-history":[{"count":0,"href":"https:\/\/www.optimiseconsulting.eu\/index.php\/wp-json\/wp\/v2\/pages\/869\/revisions"}],"wp:attachment":[{"href":"https:\/\/www.optimiseconsulting.eu\/index.php\/wp-json\/wp\/v2\/media?parent=869"}],"curies":[{"name":"wp","href":"https:\/\/api.w.org\/{rel}","templated":true}]}}