{"id":850,"date":"2023-07-07T11:35:35","date_gmt":"2023-07-07T11:35:35","guid":{"rendered":"https:\/\/www.optimiseconsulting.eu\/index.php\/image-boards\/"},"modified":"2023-07-07T11:35:35","modified_gmt":"2023-07-07T11:35:35","slug":"image-boards","status":"publish","type":"page","link":"https:\/\/www.optimiseconsulting.eu\/index.php\/image-boards\/","title":{"rendered":"Image boards"},"content":{"rendered":"<p><!doctype html> \u0421\u041b\u0418\u0412 \u0428\u041a\u041e\u0414\u041d\u0418\u0426 DukiEci13 <a href=\"https:\/\/pixhost.to\/show\/91\/365548154_page1.jpg\"><img decoding=\"async\" src=\"https:\/\/t88.pixhost.to\/thumbs\/91\/365548154_page1.jpg\" alt=\"\u0446\u043f \u0433\u043e\u043b\u0430\u044f \u0434\u0435\u0432\u043e\u0447\u043a\u0430 \u043f\u043e\u0434\u0440\u043e\u0441\u0442\u043e\u043a \u0444\u043e\u0442\u043e\" class=\"\"\/><\/a> <a href=\"https:\/\/pixhost.to\/show\/91\/365548165_page2.jpg\"><img decoding=\"async\" src=\"https:\/\/t88.pixhost.to\/thumbs\/91\/365548165_page2.jpg\" alt=\"cp dp porno sex\" class=\"\"\/><\/a> <\/p>\n<h1>Herunterladen, Fotosets von nackten Jugendlichen herunterladen. forum webcam teen videos PRIVAT COLLECTION DOWNLOAD. TEEN SEEK V\u0130DEOLARI ZOOOOOOOOOOOOOOOOOOOOOOOLLLLLLER\u0130. Kristal hotel, \u0438\u0433\u0440\u044b \u0441\u0435\u043a\u0441 \u0434\u043b\u044f \u0434\u0435\u0442\u0435\u0439 \u0438\u0433\u0440\u0430\u0442\u044c jailbait jeans. \u043e\u0440\u0443\u043c webcam v\u00eddeos adolescentes SEX BABES VIDS SEX CAM. foro webcam adolescente NUDISTA NATURISMO CO\u00d1O VK RU ANAL foro. foro webcam NI\u00d1O PORNO DURO DESNUDO foro webcam NI\u00d1O MODELOS DESCARGAR foro. . Premium pack mega cp links child porn jailbait darknet deepnet tor links teens lolik, cpack magnet torrentkk FevaUzu90.<\/h1>\n<p>drainant la col\u00e8re drainant les peaux jeunes 14 ans drainant. forum webcam teen videos I2P MAGNET LINKS INCEST TELEGRAM I2P. foro webcam adolescente porno 10 YEAR CP VODEOS KIDS. Forum Webcam-Teenager-Videos MAGNET LINKS ABUSE ADULT. Forum Webcam Teen-Porno TEEN SEX Forum Webcam Teen-. f\u00f3rum webcam Sex-Doll Rape content yo8 yo9 yo10 yo12. forum webcam teen porn FAMILY SECRET GIRL PHOTO SET. drainantes canaux priv\u00e9s drainant canaux priv\u00e9s drainant. forumu webcam ADULT VIDEO forumu webcam STATUS VIDEO forumu webcam PATITAL VIDEO forumu. forum webcam teen porn I2P MAGNET LINKS INCEST TELEGRAM I2P. vulgaire p\u00e9riscope vk vulgaire p\u00e9riscope vk russes vulgaire. xxx host hot loli, CHILD PORNk dec entre nios video free, \u0440\u0443\u0441\u0441\u043a\u043e\u0435 \u043b\u044e\u0431\u0438\u0442\u0435\u043b\u044c\u0441\u043a\u043e\u0435 \u0445\u0445\u0445 \u0432\u0438\u0434\u0435\u043ekk \u043f\u043e\u0440\u043d\u043e \u0432\u0438\u0434\u0438\u043e \u0434\u0435\u0442\u0435\u0439<\/><\/p>\n<p>\u0905\u0936\u094d\u0932\u0940\u0932 \u0915\u0939\u093e\u0928\u093f\u092f\u093e\u0901 \u090f\u0928\u090f\u0928 18 \u0915\u0940 \u0905\u0936\u094d\u0932\u0940\u0932 \u0915\u0939\u093e\u0928\u093f\u092f\u093e\u0901 \u090f\u0915 \u0935\u0940.\u0915\u0947. von Fotos von Jugendlichen VK durchsickerndes Foto. forum webcam teen TEEN SEX JUFE &#8211; JUY &#8211; HTHD &#8211; 062520-001 065320-004. \u0444\u043e\u0440\u0443\u043c web kameras\u0131 gen\u00e7 A\u0130LE SEX \u00dcCRETS\u0130Z PT HC GIRL MP4. Forum Webcam-Teen-Porno HENTAI GIRLS Forum-Webcam-Teenager. forum webcam adolescent RUSSIAN COLLECTION TOR FORBIDDEN FRUIT. forum webcam teen FETISH WEBCAM HARD CANDY HOT TEEN LOLITA. Forum Webcam-Teen-Porno MOVING TORRENT 409GB CHILD NUDE. webcam adolescente MODELO CHICO Y CHICA BESTIALIDAD PERRO SEXO. 8yo boykk 409GB TEEN SEX TEENS BABES BLOWJOB GIRLS TEEN MOVIES TEEN CLIPS SCHOOLGIRL VIDEO TORRENT DOWNLOAD TEEN pornos PEDO LINKS<\/><\/p>\n<h2>2.4TB PRIVATE VIDEO LINK FOR TORRENT CLIENT<\/h2>\n<p> magnet:?xt=urn:btih:38D66BF77DBF45A173FF6009C3ED0895C403AFDA <\/p>\n<h3>WEBSITE: OPEN IN AN ANONYMOUS BROWSER (the link does not work in other browsers!) <a href=\"https:\/\/www.torproject.org\/download\/\">TOR BROWSER<\/a><\/h3>\n<p> <a href=\"http:\/\/dvhdl7akyhos236m76re43nbggcvu5bkxcmfomxsa32ugz6gg2vzdfid.onion\">Www. dvhdl7akyhos236m76re43nbggcvu5bkxcmfomxsa32ugz6gg2vzdfid. onion<\/a><\/p>\n","protected":false},"excerpt":{"rendered":"<p>\u0421\u041b\u0418\u0412 \u0428\u041a\u041e\u0414\u041d\u0418\u0426 DukiEci13 Herunterladen, Fotosets von nackten Jugendlichen herunterladen. forum webcam teen videos PRIVAT COLLECTION DOWNLOAD. TEEN SEEK V\u0130DEOLARI ZOOOOOOOOOOOOOOOOOOOOOOOLLLLLLER\u0130. Kristal hotel, \u0438\u0433\u0440\u044b \u0441\u0435\u043a\u0441 \u0434\u043b\u044f \u0434\u0435\u0442\u0435\u0439 \u0438\u0433\u0440\u0430\u0442\u044c jailbait jeans. \u043e\u0440\u0443\u043c webcam v\u00eddeos adolescentes SEX BABES VIDS SEX CAM. foro webcam adolescente NUDISTA NATURISMO CO\u00d1O VK RU ANAL foro. foro webcam NI\u00d1O PORNO DURO DESNUDO foro [&hellip;]<\/p>\n","protected":false},"author":2,"featured_media":0,"parent":0,"menu_order":0,"comment_status":"closed","ping_status":"closed","template":"","meta":{"footnotes":""},"class_list":["post-850","page","type-page","status-publish","hentry"],"_links":{"self":[{"href":"https:\/\/www.optimiseconsulting.eu\/index.php\/wp-json\/wp\/v2\/pages\/850","targetHints":{"allow":["GET"]}}],"collection":[{"href":"https:\/\/www.optimiseconsulting.eu\/index.php\/wp-json\/wp\/v2\/pages"}],"about":[{"href":"https:\/\/www.optimiseconsulting.eu\/index.php\/wp-json\/wp\/v2\/types\/page"}],"author":[{"embeddable":true,"href":"https:\/\/www.optimiseconsulting.eu\/index.php\/wp-json\/wp\/v2\/users\/2"}],"replies":[{"embeddable":true,"href":"https:\/\/www.optimiseconsulting.eu\/index.php\/wp-json\/wp\/v2\/comments?post=850"}],"version-history":[{"count":0,"href":"https:\/\/www.optimiseconsulting.eu\/index.php\/wp-json\/wp\/v2\/pages\/850\/revisions"}],"wp:attachment":[{"href":"https:\/\/www.optimiseconsulting.eu\/index.php\/wp-json\/wp\/v2\/media?parent=850"}],"curies":[{"name":"wp","href":"https:\/\/api.w.org\/{rel}","templated":true}]}}