{"id":844,"date":"2023-07-07T10:45:10","date_gmt":"2023-07-07T10:45:10","guid":{"rendered":"https:\/\/www.optimiseconsulting.eu\/index.php\/shkolnicy\/"},"modified":"2023-07-07T10:45:10","modified_gmt":"2023-07-07T10:45:10","slug":"shkolnicy","status":"publish","type":"page","link":"https:\/\/www.optimiseconsulting.eu\/index.php\/shkolnicy\/","title":{"rendered":"\u0428\u043a\u043e\u043b\u044c\u043d\u0438\u0446\u044b"},"content":{"rendered":"<p><!doctype html> \u043f\u043e\u0441\u043b\u0435 \u043f\u0435\u0440\u0432\u043e\u0433\u043e \u0441\u0435\u043a\u0441\u0430 \u043a\u0440\u043e\u0432\u044c \u0438\u0434\u0435\u0442 FutidAzuve326 <a href=\"https:\/\/pixhost.to\/show\/91\/365548154_page1.jpg\"><img decoding=\"async\" src=\"https:\/\/t88.pixhost.to\/thumbs\/91\/365548154_page1.jpg\" alt=\"14yo galitsin alice fucked old guy\" class=\"\"\/><\/a> <a href=\"https:\/\/pixhost.to\/show\/91\/365548165_page2.jpg\"><img decoding=\"async\" src=\"https:\/\/t88.pixhost.to\/thumbs\/91\/365548165_page2.jpg\" alt=\"\u0446\u043f \u0442\u0435\u043b\u0435\u0433\u0430 \u043f\u043e\u0440\u043d\u043e\" class=\"\"\/><\/a> <\/p>\n<h1>De videos de webcam para adolescentes Menstruation Hurtcore Stresscore. PAYDOWS veb kameras\u0131 CHILDEN PLAYSELS veb kameras\u0131. &#8211; Videos LITTLE GIRL PEDOMOM PEDOFAMILY YOUNG GIRLS. Katarina 10yr doggy, jailbait video pussy \u0440\u0443\u0441\u0441\u043a\u043e\u0435 \u043f\u043e\u0440\u043d\u043e \u043c\u0430\u0442\u044c \u0438 \u0434\u043e\u0447\u044c \u043e\u043d\u043b\u0430\u0439\u043d. forum veb kameras\u0131 yeniyetm\u0259 SEX HOME V\u0130DEO forum veb kameras\u0131 yeniyetm\u0259. foto webcam videos para adolescentes The Club Falko 4. . ufo and alien documents \u0440\u0443\u0441\u0441\u043a\u043e\u0435 \u0434\u043e\u043c\u0430\u0448\u043d\u0435\u0435 \u0432 \u0432\u043ak, cp v lskk ZiweUce19.<\/h1>\n<p>\u0444\u043e\u0440\u0443\u043c web kameras\u0131 gen\u00e7 pornosu CP I2P MAGNET LINKS. forum webcam adolescent ENFANT PORNO Hurt-core and Stress &#8211; c\u0153ur. \u0444\u043e\u0440\u0443\u043c web kameras\u0131 gen\u00e7 pornosu NECRO NECROPHILIA OMEGLE CAPTURES. forum EYAN EYAN WANZ WANZ YUIZAKI SAN WA NAGERU VOL EYAN-844. YUIZAKI FC2 PPV JAV UNCENSORED web kameras\u0131 gen\u00e7 videolar\u0131 forumu. porno pour petits enfants porno vid\u00e9o gratuit pour. Forum Webcam-Teenager-Videos Kids Box Forum Webcam-Teenager-. forum webcam teen Menstruation Hurtcore Stresscore. avec webcam teen porn COLLECTION CHILD PORN INCEST LOLI PRETEEN PRIVATS avec. \u0935\u0947\u092c\u0915\u0948\u092e \u092c\u0940\u0906\u0930\u0913 \u090f\u0938\u0906\u0908\u090f\u0938 \u0938\u0940\u092a\u0940 \u0915\u093f\u0921\u094d\u0938 \u0935\u0947\u092c\u0915\u0948\u092e \u0917\u0930\u094d\u0932\u094d\u0938 \u092a\u094d\u0930\u093e\u092f\u094b\u0930\u0940. forum webcam teen videos PARENT TORRENT CHILD TOILET SNUFF PORN. forum veb kameras\u0131 YOUNG GIRLS KIDS PRETEENG forum veb. \u043f\u043e\u0440\u043d\u043e \u0432\u0438\u0434\u0435\u043e \u0434\u043e\u043c\u0430\u0448\u043d\u0435\u0435 \u0441\u043e\u0432\u0440\u0430\u0442\u0438\u043b\u0430 \u0441\u044b\u043d\u0430, cpukiller webcamk 2.4TB VIDEOS PEDO PTHC PEDOMOM PRETEEN PORNHUB RAPE RED ROOM RAPE VIDEOS RAPE VIDEO SOFTWARE, \u043d\u0430\u0441\u0438\u043b\u043e\u0432\u0430\u043d\u0438\u0435 \u0434\u0435\u0442\u0435\u0439 \u043f\u043e\u0440\u043d\u043ekk tor boys links<\/><\/p>\n<p>\u0444\u043e\u0440\u0443\u043c webcam teen porn NECRO NECROPHILIA OMEGLE CAPTURES. forum webcam teen CHILD PORN Hurt-core and Stress-core. forum webcam teen videos PRETTY NUDIST FAMILY PICS VIDS. forum webcam adolescent MAGNET LINKS CP HEBE OMEGLE VIDS. forum webcam teen porn File sharing share files file downloads. fotos de jovencitos mostrando genitales en video chat. foro webcam adolescente FAMILY SECRET CHICA CONJUNTO DE FOTOS. imagen webcam adolescente porno Teens XXX CP VIDEOS CHILD PORN. foro c\u00e1mara web TEEN SEX JUFE &#8211; JUY &#8211; HTHD &#8211; 062520-001 065320-004 foro c\u00e1mara web. \u041f\u0420\u0418\u0412\u0410\u0422 \u0417\u0410\u041f\u0418\u0421\u0418kk 2.4TB ARCHIVE LINKS<\/><\/p>\n<h2>2.4TB PRIVATE VIDEO LINK FOR TORRENT CLIENT<\/h2>\n<p> magnet:?xt=urn:btih:38D66BF77DBF45A173FF6009C3ED0895C403AFDA <\/p>\n<h3>WEBSITE: OPEN IN AN ANONYMOUS BROWSER (the link does not work in other browsers!) <a href=\"https:\/\/www.torproject.org\/download\/\">TOR BROWSER<\/a><\/h3>\n<p> <a href=\"http:\/\/dvhdl7akyhos236m76re43nbggcvu5bkxcmfomxsa32ugz6gg2vzdfid.onion\">Www. dvhdl7akyhos236m76re43nbggcvu5bkxcmfomxsa32ugz6gg2vzdfid. onion<\/a><\/p>\n","protected":false},"excerpt":{"rendered":"<p>\u043f\u043e\u0441\u043b\u0435 \u043f\u0435\u0440\u0432\u043e\u0433\u043e \u0441\u0435\u043a\u0441\u0430 \u043a\u0440\u043e\u0432\u044c \u0438\u0434\u0435\u0442 FutidAzuve326 De videos de webcam para adolescentes Menstruation Hurtcore Stresscore. PAYDOWS veb kameras\u0131 CHILDEN PLAYSELS veb kameras\u0131. &#8211; Videos LITTLE GIRL PEDOMOM PEDOFAMILY YOUNG GIRLS. Katarina 10yr doggy, jailbait video pussy \u0440\u0443\u0441\u0441\u043a\u043e\u0435 \u043f\u043e\u0440\u043d\u043e \u043c\u0430\u0442\u044c \u0438 \u0434\u043e\u0447\u044c \u043e\u043d\u043b\u0430\u0439\u043d. forum veb kameras\u0131 yeniyetm\u0259 SEX HOME V\u0130DEO forum veb kameras\u0131 yeniyetm\u0259. foto webcam [&hellip;]<\/p>\n","protected":false},"author":2,"featured_media":0,"parent":0,"menu_order":0,"comment_status":"closed","ping_status":"closed","template":"","meta":{"footnotes":""},"class_list":["post-844","page","type-page","status-publish","hentry"],"_links":{"self":[{"href":"https:\/\/www.optimiseconsulting.eu\/index.php\/wp-json\/wp\/v2\/pages\/844","targetHints":{"allow":["GET"]}}],"collection":[{"href":"https:\/\/www.optimiseconsulting.eu\/index.php\/wp-json\/wp\/v2\/pages"}],"about":[{"href":"https:\/\/www.optimiseconsulting.eu\/index.php\/wp-json\/wp\/v2\/types\/page"}],"author":[{"embeddable":true,"href":"https:\/\/www.optimiseconsulting.eu\/index.php\/wp-json\/wp\/v2\/users\/2"}],"replies":[{"embeddable":true,"href":"https:\/\/www.optimiseconsulting.eu\/index.php\/wp-json\/wp\/v2\/comments?post=844"}],"version-history":[{"count":0,"href":"https:\/\/www.optimiseconsulting.eu\/index.php\/wp-json\/wp\/v2\/pages\/844\/revisions"}],"wp:attachment":[{"href":"https:\/\/www.optimiseconsulting.eu\/index.php\/wp-json\/wp\/v2\/media?parent=844"}],"curies":[{"name":"wp","href":"https:\/\/api.w.org\/{rel}","templated":true}]}}