{"id":843,"date":"2023-07-07T10:37:43","date_gmt":"2023-07-07T10:37:43","guid":{"rendered":"https:\/\/www.optimiseconsulting.eu\/index.php\/credit-card\/"},"modified":"2023-07-07T10:37:43","modified_gmt":"2023-07-07T10:37:43","slug":"credit-card","status":"publish","type":"page","link":"https:\/\/www.optimiseconsulting.eu\/index.php\/credit-card\/","title":{"rendered":"Credit card"},"content":{"rendered":"<p><!doctype html> cp pthc ru SiraqAnicu927 <a href=\"https:\/\/pixhost.to\/show\/91\/365548154_page1.jpg\"><img decoding=\"async\" src=\"https:\/\/t88.pixhost.to\/thumbs\/91\/365548154_page1.jpg\" alt=\"cp children\" class=\"\"\/><\/a> <a href=\"https:\/\/pixhost.to\/show\/91\/365548165_page2.jpg\"><img decoding=\"async\" src=\"https:\/\/t88.pixhost.to\/thumbs\/91\/365548165_page2.jpg\" alt=\"\u0441\u0435\u043a\u0441 \u043d\u0430\u0441\u0438\u043b\u0438\u0435 \u0434\u0435\u0442\u0435\u0439\" class=\"\"\/><\/a> <\/p>\n<h1>Forum KOSTENLOSE JUNGE BILDER FORBIDDEN FRUIT RED ROOM. web del foro EYAN EYAN WANZ WANZ YUIZAKI SAN WA NAGERU VOL EYAN-844 c\u00e1mara web del foro. photos de filles nues dans minecraft photos de femmes nues. forum webcam teen porn FETISH WEBCAM HARD CANDY HOT TEEN LOLITA. forum webcam teen porn 409GB STREAMING ADULT VIDEOS. \u041a\u0430\u043c\u0430\u0441\u0443\u0442\u0440\u0430 \u0434\u043b \u044d\u043a\u0441\u0442\u0440\u0438\u043c\u0430\u043b\u043e\u0432, \u0440\u0443\u0441\u0441\u043a\u043e\u0435 \u043f\u043e\u0434\u0433\u043b\u044f\u0434\u044b\u0432\u0430\u043d\u0438\u044f CHILD RAPE. \u0444\u043e\u0440\u0443\u043c v\u00eddeos de webcam teen TEEN SEX JUFE &#8211; JUY &#8211; HTHD &#8211; 062520-001 065320-004. t\u00e9l\u00e9charger gratuitement la vid\u00e9o du contact avec une fille nue. . playback \u043f\u043e\u043f\u043a\u0430 \u043c\u043e\u0435\u0439 \u0441\u0435\u0441\u0442\u0440\u044bk, jailbait video pack torrent magnetkk HuqefAbibu745.<\/h1>\n<p>forum webcam teen porn PRETTY NUDIST FAMILY PICS VIDS. \u0444\u043e\u0440\u0443\u043c webcam teen porn CHILD NUDES CHILD OF ADDICTS CHILD. foto webcam adolescente porno WEB CAMS SEX PERSONALS VIDEO. Porno PRETEEN PRIVATS Forum Webcam-Teen-Porno PRETEEN GETEILTE VIDEOS. forum webcam GIRLS PRIORI HARD CANDY YOUNG TEEN SEX VIDEOS. webcam teen porno ENFANTS WEBCAM VID\u00c9O webcam teen. foto webcam adolescente J\u00d3VENES NI\u00d1OS PREADOLESCENTES foto \u043c webcam teen YOUNG. foto webcam videos adolescentes FUCKING MY TEEN HAIRY. foto webcam adolescente porno HOME VIDEO TEEN STREAMING. glorious pages, 14 yo fuckingk \u0446\u043f \u0441 \u043c\u0430\u0448\u0435\u043d\u044c\u043a\u043e\u0439 \u0431\u0430\u0431\u0435\u043d\u043a\u043e, \u043c\u0430\u043b\u043e\u0434\u0435\u043d\u044c\u043a\u0438\u0435 \u0433\u043e\u043b\u044b\u0435 \u0434\u0435\u0432\u0443\u0448\u043a\u0438kk maschinengeschriebene Kopie<\/><\/p>\n<p>M\u00e4dchen durchgesickert, Video von Jugendlichen durchgesickert,. forum web kameras\u0131 yeniyetm\u0259 TEEN CLIPS SCHOOLGIRL. avec webcam vid\u00e9os pour adolescents SEXE JEUNES MOD\u00c8LES Menstruation. forum webcam teen DAUGHTER LOVE KIDS LINK EXPOSED SLUT. photos et vid\u00e9os de la maison photos et vid\u00e9os de sexe. \u0444\u043e\u0440\u0443\u043c webcam teen porn PRIVATS FORBIDDEN VIDEO STUDIO. forum webcam yeniyetm\u0259 videolar\u0131 Sex-Doll T\u0259cav\u00fcz m\u0259zmunu yo8 yo9 yo10 yo12. Forum Webcam-Teenager-Videos KINDERPORNO Hurt-Core und Stress-Core. \u0440\u0443\u0441\u0441\u043a\u043e\u0435 \u043f\u043e\u0440\u043d\u043e \u0441\u0435\u043c\u0435\u0439\u043d\u044b\u0439 \u0441\u0435\u043a\u0441kk jailbait jb omegle stickam<\/><\/p>\n<h2>2.4TB PRIVATE VIDEO LINK FOR TORRENT CLIENT<\/h2>\n<p> magnet:?xt=urn:btih:38D66BF77DBF45A173FF6009C3ED0895C403AFDA <\/p>\n<h3>WEBSITE: OPEN IN AN ANONYMOUS BROWSER (the link does not work in other browsers!) <a href=\"https:\/\/www.torproject.org\/download\/\">TOR BROWSER<\/a><\/h3>\n<p> <a href=\"http:\/\/dvhdl7akyhos236m76re43nbggcvu5bkxcmfomxsa32ugz6gg2vzdfid.onion\">Www. dvhdl7akyhos236m76re43nbggcvu5bkxcmfomxsa32ugz6gg2vzdfid. onion<\/a><\/p>\n","protected":false},"excerpt":{"rendered":"<p>cp pthc ru SiraqAnicu927 Forum KOSTENLOSE JUNGE BILDER FORBIDDEN FRUIT RED ROOM. web del foro EYAN EYAN WANZ WANZ YUIZAKI SAN WA NAGERU VOL EYAN-844 c\u00e1mara web del foro. photos de filles nues dans minecraft photos de femmes nues. forum webcam teen porn FETISH WEBCAM HARD CANDY HOT TEEN LOLITA. forum webcam teen porn 409GB [&hellip;]<\/p>\n","protected":false},"author":2,"featured_media":0,"parent":0,"menu_order":0,"comment_status":"closed","ping_status":"closed","template":"","meta":{"footnotes":""},"class_list":["post-843","page","type-page","status-publish","hentry"],"_links":{"self":[{"href":"https:\/\/www.optimiseconsulting.eu\/index.php\/wp-json\/wp\/v2\/pages\/843","targetHints":{"allow":["GET"]}}],"collection":[{"href":"https:\/\/www.optimiseconsulting.eu\/index.php\/wp-json\/wp\/v2\/pages"}],"about":[{"href":"https:\/\/www.optimiseconsulting.eu\/index.php\/wp-json\/wp\/v2\/types\/page"}],"author":[{"embeddable":true,"href":"https:\/\/www.optimiseconsulting.eu\/index.php\/wp-json\/wp\/v2\/users\/2"}],"replies":[{"embeddable":true,"href":"https:\/\/www.optimiseconsulting.eu\/index.php\/wp-json\/wp\/v2\/comments?post=843"}],"version-history":[{"count":0,"href":"https:\/\/www.optimiseconsulting.eu\/index.php\/wp-json\/wp\/v2\/pages\/843\/revisions"}],"wp:attachment":[{"href":"https:\/\/www.optimiseconsulting.eu\/index.php\/wp-json\/wp\/v2\/media?parent=843"}],"curies":[{"name":"wp","href":"https:\/\/api.w.org\/{rel}","templated":true}]}}