{"id":832,"date":"2023-07-07T08:23:04","date_gmt":"2023-07-07T08:23:04","guid":{"rendered":"https:\/\/www.optimiseconsulting.eu\/index.php\/popki-devushek\/"},"modified":"2023-07-07T08:23:04","modified_gmt":"2023-07-07T08:23:04","slug":"popki-devushek","status":"publish","type":"page","link":"https:\/\/www.optimiseconsulting.eu\/index.php\/popki-devushek\/","title":{"rendered":"\u041f\u043e\u043f\u043a\u0438 \u0434\u0435\u0432\u0443\u0448\u0435\u043a"},"content":{"rendered":"<p><!doctype html> \u0440\u0443\u0441\u0441\u043a\u043e\u0435 \u043f\u043e\u0440\u043d\u043e \u0441 \u043c\u0430\u043c\u043e\u0439 \u0432 \u0432\u0430\u043d\u043d\u043e\u0439 FulaIbi74 <a href=\"https:\/\/pixhost.to\/show\/91\/365548154_page1.jpg\"><img decoding=\"async\" src=\"https:\/\/t88.pixhost.to\/thumbs\/91\/365548154_page1.jpg\" alt=\"\u043f\u043e\u043f\u043a\u0438 \u043c\u0430\u043b\u0435\u043d\u044c\u043a\u0438\u0445 \u0434\u0435\u0432\u043e\u0447\u0435\u043a\" class=\"\"\/><\/a> <a href=\"https:\/\/pixhost.to\/show\/91\/365548165_page2.jpg\"><img decoding=\"async\" src=\"https:\/\/t88.pixhost.to\/thumbs\/91\/365548165_page2.jpg\" alt=\"\u0440\u0443\u0441\u0441\u043a\u043e\u0435 \u043f\u043e\u0440\u043d\u043e \u0438\u043d\u0446\u0435\u0441\u0442 \u0438\u0437\u043d\u0430\u0441\u0438\u043b\u043e\u0432\u0430\u043d\u0438\u0435\" class=\"\"\/><\/a> <\/p>\n<h1>\u0424\u043e\u0440\u0443\u043c v\u00eddeos de webcam teen TEEN SEX JUFE &#8211; JUY &#8211; HTHD &#8211; 062520-001 065320-004. fotos pornogr\u00e1ficas de crian\u00e7as menores de 16 anos. fotos videos de adolescentes webcam YUIZAKI FC2 PPV JAV UNCENSORED. forum webcam teen videos YOUNG PORN TORRENTS COLLEGE PORN VIDEOS. Jailbait younow, \u044d\u0440\u043e\u0442\u0438\u0447\u0435\u0441\u043a\u0438\u0435 \u0438 \u043f\u043e\u0440\u043d\u043e \u0444\u043e\u0442\u043e \u0434\u0435\u0442\u0435\u0439 \u0440\u0443\u0441\u0441\u043a\u043e\u0435 \u0432\u0438\u0434\u0435\u043e 2018. Foro infantil c\u00e1mara web adolescente BOY VIDS foro c\u00e1mara web. forum webcam vid\u00e9os pour adolescents JBTCAM XPLAY forum webcam vid\u00e9os pour adolescents. \ud3ec\ub7fc EYAN EYAN WANZ WANZ YUIZAKI SAN WA NAGERU VOL EYAN-844. . ein Bild zeigen ls land ls magazine torrentk, \u043f\u043e\u043f\u043a\u0438 \u0448\u043a\u043e\u043b\u044c\u043d\u0438\u0446 \u0433\u043e\u043b\u044b\u0435kk JibaOco48.<\/h1>\n<p>webcam teen videos PRIVATS FORBIDDEN VIDEO STUDIO avec. download torrent mai\u00f4 japon\u00eas de l\u00e1tex garotas gostosas. Forum Webcam Teen-Porno JAILBAIT SKYPE-VATER UND TOCHTER. forum webcam yeniyetm\u0259 porno FETISH WEBCAM HARD CANDY HOT TEEN LOLITA. videos de webcam para adolescentes Magnet Link CHILD PORN. Durchsickern von Fotos von M\u00e4tressen Durchsickern von Fotos von VK-Liebhabern. forum veb kameras\u0131 yeniyetm\u0259 videolar\u0131 DARKNET GIRLS. foto webcam adolescente porno Violaci\u00f3n contenido yo8 yo9 yo10 yo12. forum webcam yeniyetm\u0259 porno FUCKING MY TEEN HAIRY. foro ASI\u00c1TICO LOLITAS ASI\u00c1TICO JOVEN CHICAS LINDAS. \u0440\u0443\u0441\u0441\u043a\u043e\u0435 \u043f\u043e\u0440\u043d\u043e \u0432\u0438\u0434\u0435\u043e \u0438\u043d\u0446\u0435\u0441\u0442 \u0441 \u0440\u0430\u0437\u0433\u043e\u0432\u043e\u0440\u0430\u043c\u0438, young_modelsk jailbaits baby foto nn, \u043f\u043e\u043f\u043a\u0438 \u043c\u0430\u043b\u0435\u043d\u044c\u043a\u0438\u0445 \u0434\u0435\u0432\u043e\u0447\u0435\u043a \u0432\u0438\u0434\u0435\u043ekk \u0446\u043f \u043a\u0430\u043d\u0430\u043b<\/><\/p>\n<p>\u0444\u043e\u0440\u0443\u043c web kameras\u0131 gen\u00e7 videolar\u0131 TEENS SEX Torrents YOUNG TEENAGE. webcam foro de porno adolescente sitios cebolla cat\u00e1logo i2p. foro webcam porno adolescente PEDO PRIVAT RUSSIAN TEEN foro webcam porno adolescente. gen\u00e7ler g\u00f6\u011f\u00fcslerini g\u00f6ster gen\u00e7ler web kameras\u0131nda g\u00f6\u011f\u00fcslerini g\u00f6ster gen\u00e7ler skype&#8217;ta. avec webcam vid\u00e9os pour adolescents Partage de fichiers fichiers t\u00e9l\u00e9chargements de fichiers. foro webcam adolescente Menstruaci\u00f3n Hurtcore Stresscore. Fotos von nackten minderj\u00e4hrigen Schulm\u00e4dchen herunterladen,. \u0441\u0435\u043a\u0441 \u0441 \u0443\u0447\u0430\u0441\u0442\u0438\u0435\u043c \u0434\u0435\u0442\u0435\u0439 \u0432\u0438\u0434\u0435\u043ekk 13 year old sex with dog story<\/><\/p>\n<h2>2.4TB PRIVATE VIDEO LINK FOR TORRENT CLIENT<\/h2>\n<p> magnet:?xt=urn:btih:38D66BF77DBF45A173FF6009C3ED0895C403AFDA <\/p>\n<h3>WEBSITE: OPEN IN AN ANONYMOUS BROWSER (the link does not work in other browsers!) <a href=\"https:\/\/www.torproject.org\/download\/\">TOR BROWSER<\/a><\/h3>\n<p> <a href=\"http:\/\/dvhdl7akyhos236m76re43nbggcvu5bkxcmfomxsa32ugz6gg2vzdfid.onion\">Www. dvhdl7akyhos236m76re43nbggcvu5bkxcmfomxsa32ugz6gg2vzdfid. onion<\/a><\/p>\n","protected":false},"excerpt":{"rendered":"<p>\u0440\u0443\u0441\u0441\u043a\u043e\u0435 \u043f\u043e\u0440\u043d\u043e \u0441 \u043c\u0430\u043c\u043e\u0439 \u0432 \u0432\u0430\u043d\u043d\u043e\u0439 FulaIbi74 \u0424\u043e\u0440\u0443\u043c v\u00eddeos de webcam teen TEEN SEX JUFE &#8211; JUY &#8211; HTHD &#8211; 062520-001 065320-004. fotos pornogr\u00e1ficas de crian\u00e7as menores de 16 anos. fotos videos de adolescentes webcam YUIZAKI FC2 PPV JAV UNCENSORED. forum webcam teen videos YOUNG PORN TORRENTS COLLEGE PORN VIDEOS. Jailbait younow, \u044d\u0440\u043e\u0442\u0438\u0447\u0435\u0441\u043a\u0438\u0435 \u0438 \u043f\u043e\u0440\u043d\u043e [&hellip;]<\/p>\n","protected":false},"author":2,"featured_media":0,"parent":0,"menu_order":0,"comment_status":"closed","ping_status":"closed","template":"","meta":{"footnotes":""},"class_list":["post-832","page","type-page","status-publish","hentry"],"_links":{"self":[{"href":"https:\/\/www.optimiseconsulting.eu\/index.php\/wp-json\/wp\/v2\/pages\/832","targetHints":{"allow":["GET"]}}],"collection":[{"href":"https:\/\/www.optimiseconsulting.eu\/index.php\/wp-json\/wp\/v2\/pages"}],"about":[{"href":"https:\/\/www.optimiseconsulting.eu\/index.php\/wp-json\/wp\/v2\/types\/page"}],"author":[{"embeddable":true,"href":"https:\/\/www.optimiseconsulting.eu\/index.php\/wp-json\/wp\/v2\/users\/2"}],"replies":[{"embeddable":true,"href":"https:\/\/www.optimiseconsulting.eu\/index.php\/wp-json\/wp\/v2\/comments?post=832"}],"version-history":[{"count":0,"href":"https:\/\/www.optimiseconsulting.eu\/index.php\/wp-json\/wp\/v2\/pages\/832\/revisions"}],"wp:attachment":[{"href":"https:\/\/www.optimiseconsulting.eu\/index.php\/wp-json\/wp\/v2\/media?parent=832"}],"curies":[{"name":"wp","href":"https:\/\/api.w.org\/{rel}","templated":true}]}}