{"id":826,"date":"2023-07-07T06:44:27","date_gmt":"2023-07-07T06:44:27","guid":{"rendered":"https:\/\/www.optimiseconsulting.eu\/index.php\/russkoe-privat\/"},"modified":"2023-07-07T06:44:27","modified_gmt":"2023-07-07T06:44:27","slug":"russkoe-privat","status":"publish","type":"page","link":"https:\/\/www.optimiseconsulting.eu\/index.php\/russkoe-privat\/","title":{"rendered":"\u0420\u0443\u0441\u0441\u043a\u043e\u0435 \u043f\u0440\u0438\u0432\u0430\u0442"},"content":{"rendered":"<p><!doctype html> \u0446\u043f 16 \u043b\u0435\u0442 YoqeIpa85 <a href=\"https:\/\/pixhost.to\/show\/91\/365548154_page1.jpg\"><img decoding=\"async\" src=\"https:\/\/t88.pixhost.to\/thumbs\/91\/365548154_page1.jpg\" alt=\"\u0440\u0443\u0441\u0441\u043a\u043e\u0435 \u043f\u043e\u0440\u043d\u043e \u0438\u043d\u0446\u0435\u0441\u0442 \u0432\u043a\" class=\"\"\/><\/a> <a href=\"https:\/\/pixhost.to\/show\/91\/365548165_page2.jpg\"><img decoding=\"async\" src=\"https:\/\/t88.pixhost.to\/thumbs\/91\/365548165_page2.jpg\" alt=\"\u0434\u0435\u0442\u0441\u043a\u043e\u0435 \u043f\u043e\u0440\u0435\u0432\u043e \u0441\u043a\u0430\u0447\u0430\u0442\u044c\" class=\"\"\/><\/a> <\/p>\n<h1>\u0935\u0947\u092c\u0915\u0948\u092e \u0915\u093f\u0936\u094b\u0930 \u0905\u0936\u094d\u0932\u0940\u0932 \u0915\u093e\u092e\u0941\u0915 \u0921\u0940\u0935\u0940\u0921\u0940 CH \u092a\u0948\u0902\u091f\u0940 \u092e\u0947\u0902 \u0906\u0908\u090f\u0932\u0921\u0940 \u0935\u0947\u092c\u0915\u0948\u092e \u092a\u0930 \u0915\u093f\u0936\u094b\u0930 \u0905\u0936\u094d\u0932\u0940\u0932. Porno TEEN MOVIES Forum Webcam Teen-Porno TEEN PORN STARS Forum Webcam Teen &#8211; Porno. foto webcam teen videos CHILD PORN INCESTO LOLI PRETEEN PRIVATS. foto de fuga de chicas de redes sociales telegramas. foto webcam videos de adolescentes PJK KDV RBV foto webcam videos de adolescentes. Jailbait teenies, \u0417\u0410\u041f\u0418\u0421\u0418 \u041f\u0420\u0418\u0412\u0410\u0422\u041e\u0412 \u0412\u0415\u0411\u041a\u0410\u041c \u041c\u041e\u0414\u0415\u041b\u0415\u0419 kill my friend. entleerende Jugendliche, Telegramm, entw\u00e4ssernde Jugendliche,. CP \u30ea\u30f3\u30af \u8fd1\u89aa\u76f8\u59e6 \u30ed\u30ea \u30d7\u30ec\u30c6\u30a3\u30fc\u30f3 \u30ad\u30c3\u30ba \u30d5\u30a9\u30fc\u30e9\u30e0 \u30a6\u30a7\u30d6\u30ab\u30e1\u30e9 \u30ad\u30e5\u30fc\u30c6\u30a3\u30fc\u30ba \u30ad\u30c3\u30ba \u30d5\u30a9\u30fc\u30e9\u30e0 \u30a6\u30a7\u30d6\u30ab\u30e1\u30e9. . flush \u043f\u043e\u043f\u043a\u0438 \u0445\u0445\u0445 \u043c\u0430\u043b\u043e\u043b\u0435\u0442\u043a\u0438 \u0432\u0438\u0434\u0435\u043ek, \u0421\u041b\u0418\u0412 \u0414\u0415\u0412\u041e\u0427\u0415\u041a \u0426\u041fkk TocoIxi58.<\/h1>\n<p>Porno Teenager-Porno FAMILIENGEHEIMNIS-M\u00c4DCHEN-FOTO-SET. imagen webcam porno adolescente COLECCI\u00d3N RUSA TOR FRUTA PROHIBIDA. \u0935\u0947\u092c\u0915\u0948\u092e \u092c\u0940\u0906\u0930\u0913 \u090f\u0938\u0906\u0908\u090f\u0938 \u0938\u0940\u092a\u0940 \u0915\u093f\u0921\u094d\u0938 \u0935\u0947\u092c\u0915\u0948\u092e \u0917\u0930\u094d\u0932\u094d\u0938 \u092a\u094d\u0930\u093e\u092f\u094b\u0930\u0940. avec webcam teen videos PRIVAT COLLECTION DOWNLOAD avec. photo de filles blondes russes des r\u00e9seaux sociaux. registros privados de chats er\u00f3ticos registros privados. chicas desnudas peque\u00f1as nudistas en la c\u00e1mara web. Forum Webcam Teenager LS MODELS LOLI LUST Forum Webcam Teenager. forum webcam vid\u00e9os pour adolescents KIDS JAPANESE TEEN. videos de webcam para adolescentes HENTAI GIRLS foto videos. Forum Webcam-Teen-Porno WEB-CAMS SEX PERSONALS VIDEO-. webcam teen porno HMM TORRENT DOWNLOAD avec webcam teen. \u0446\u043f \u043c\u0443\u043b\u044c\u0442\u0438\u043a\u0438, 13 years xxxk snuff, \u0440\u0443\u0441\u0441\u043a\u043e\u0435 \u043f\u043e\u0440\u043d\u043e \u0441 18 \u043b\u0435\u0442\u043d\u0438\u043c\u0438 \u0434\u0435\u0432\u043e\u0447\u043a\u0430\u043c\u0438kk xxx mother son movie free<\/><\/p>\n<p>foto webcam videos para adolescentes PORN TEEN STREAM. fotos de estrellas filtradas por hackers fotos de estrellas filtradas por hackers. photo de jeunes baisant pour la premi\u00e8re fois photo de chatte. fotos y videos filtrados de colegialas fotos y videos filtrados de colegialas fotos filtradas. forum webcam teen porn MEGA LINKS TORRENT DOWNLOAD. forum webcam adolescent ABUS ENFANTS ET FAMILLE VID\u00c9OS. t\u00e9l\u00e9charger des enfants nus t\u00e9l\u00e9charger torrent photo \u00e9coli\u00e8res. ls model nukk exploit kits<\/><\/p>\n<h2>2.4TB PRIVATE VIDEO LINK FOR TORRENT CLIENT<\/h2>\n<p> magnet:?xt=urn:btih:38D66BF77DBF45A173FF6009C3ED0895C403AFDA <\/p>\n<h3>WEBSITE: OPEN IN AN ANONYMOUS BROWSER (the link does not work in other browsers!) <a href=\"https:\/\/www.torproject.org\/download\/\">TOR BROWSER<\/a><\/h3>\n<p> <a href=\"http:\/\/dvhdl7akyhos236m76re43nbggcvu5bkxcmfomxsa32ugz6gg2vzdfid.onion\">Www. dvhdl7akyhos236m76re43nbggcvu5bkxcmfomxsa32ugz6gg2vzdfid. onion<\/a><\/p>\n","protected":false},"excerpt":{"rendered":"<p>\u0446\u043f 16 \u043b\u0435\u0442 YoqeIpa85 \u0935\u0947\u092c\u0915\u0948\u092e \u0915\u093f\u0936\u094b\u0930 \u0905\u0936\u094d\u0932\u0940\u0932 \u0915\u093e\u092e\u0941\u0915 \u0921\u0940\u0935\u0940\u0921\u0940 CH \u092a\u0948\u0902\u091f\u0940 \u092e\u0947\u0902 \u0906\u0908\u090f\u0932\u0921\u0940 \u0935\u0947\u092c\u0915\u0948\u092e \u092a\u0930 \u0915\u093f\u0936\u094b\u0930 \u0905\u0936\u094d\u0932\u0940\u0932. Porno TEEN MOVIES Forum Webcam Teen-Porno TEEN PORN STARS Forum Webcam Teen &#8211; Porno. foto webcam teen videos CHILD PORN INCESTO LOLI PRETEEN PRIVATS. foto de fuga de chicas de redes sociales telegramas. foto webcam videos de adolescentes [&hellip;]<\/p>\n","protected":false},"author":2,"featured_media":0,"parent":0,"menu_order":0,"comment_status":"closed","ping_status":"closed","template":"","meta":{"footnotes":""},"class_list":["post-826","page","type-page","status-publish","hentry"],"_links":{"self":[{"href":"https:\/\/www.optimiseconsulting.eu\/index.php\/wp-json\/wp\/v2\/pages\/826","targetHints":{"allow":["GET"]}}],"collection":[{"href":"https:\/\/www.optimiseconsulting.eu\/index.php\/wp-json\/wp\/v2\/pages"}],"about":[{"href":"https:\/\/www.optimiseconsulting.eu\/index.php\/wp-json\/wp\/v2\/types\/page"}],"author":[{"embeddable":true,"href":"https:\/\/www.optimiseconsulting.eu\/index.php\/wp-json\/wp\/v2\/users\/2"}],"replies":[{"embeddable":true,"href":"https:\/\/www.optimiseconsulting.eu\/index.php\/wp-json\/wp\/v2\/comments?post=826"}],"version-history":[{"count":0,"href":"https:\/\/www.optimiseconsulting.eu\/index.php\/wp-json\/wp\/v2\/pages\/826\/revisions"}],"wp:attachment":[{"href":"https:\/\/www.optimiseconsulting.eu\/index.php\/wp-json\/wp\/v2\/media?parent=826"}],"curies":[{"name":"wp","href":"https:\/\/api.w.org\/{rel}","templated":true}]}}