{"id":824,"date":"2023-07-07T06:08:34","date_gmt":"2023-07-07T06:08:34","guid":{"rendered":"https:\/\/www.optimiseconsulting.eu\/index.php\/nudism\/"},"modified":"2023-07-07T06:08:34","modified_gmt":"2023-07-07T06:08:34","slug":"nudism","status":"publish","type":"page","link":"https:\/\/www.optimiseconsulting.eu\/index.php\/nudism\/","title":{"rendered":"Nudism"},"content":{"rendered":"<p><!doctype html> 13 yo girl KugejEpase235 <a href=\"https:\/\/pixhost.to\/show\/91\/365548154_page1.jpg\"><img decoding=\"async\" src=\"https:\/\/t88.pixhost.to\/thumbs\/91\/365548154_page1.jpg\" alt=\"cp kid pussy pics\" class=\"\"\/><\/a> <a href=\"https:\/\/pixhost.to\/show\/91\/365548165_page2.jpg\"><img decoding=\"async\" src=\"https:\/\/t88.pixhost.to\/thumbs\/91\/365548165_page2.jpg\" alt=\"\u0440\u0443\u0441\u0441\u043a\u043e\u0435 \u043f\u043e\u0440\u043d\u043e \u0441 \u0434\u0435\u0442\u044c\u043c\u0438\" class=\"\"\/><\/a> <\/p>\n<h1>Forumu GIRLS PRIORI RUSSIAN TEENS forumu HENTAI GIRLS. forum webcam remaja DVD EROTIK ANAK DI CELANA DALAM. forum webcam teen videos Menstruation Hurtcore Stresscore. GIRL WEBCAM SKYPE OMEGLE VIDS Forum-Webcam-Teenager-. \u0444\u043e\u0440\u0443\u043c webcam adolescente porn\u00f4 COLLEGE GIRLS TEEN RAPE. Jailbait sheboy, rindexx darkweb link. \u0444\u043e\u0440\u0443\u043c webcam remaja Sex-Doll Rape content yo8 yo9 yo10 yo12. foro webcam adolescente porno VIOLACI\u00d3N INCESTO foro webcam adolescente porno NI\u00d1OS DESCARGAR PORNO INFANTIL foro webcam adolescente DESCARGAR PORNO INFANTIL. . \u0440\u0443\u0441\u0441\u043a\u043e\u0435 \u043f\u043e\u0440\u043d\u043e \u0438\u043d\u0446\u0435\u0441\u0442 \u0440\u0443\u0441\u0441\u043a\u043e\u0435 \u0434\u043e\u043c\u0430\u0448\u043d\u0435\u0435 \u043f\u044c\u044f\u043d\u043e\u0435k, \u0430\u043d\u0430\u043b\u044c\u043d\u044b\u0439 \u043c\u0430\u043b\u043e\u043b\u0435\u0442\u043a\u0438kk PidiUke81.<\/h1>\n<p>foto webcam adolescente ADOLESCENTES EN CASA ASIAN TEEN. c\u00e1mara web del foro CP LINKS INCESTO LOLI PREADOLESCENTES c\u00e1mara. CO\u00d1O JOVEN TETAS GRANDES JOVEN MAMADA c\u00e1mara web del foro. \u0444\u043e\u0440\u0443\u043c v\u00eddeos de webcam teen TELEGRAM CHANNEL Teens. Forum Webcam KINDER TOILETTE Forum Webcam KINDER SPIELEN Forum. \u0444\u043e\u0440\u0443\u043c webcam adolescente DOWNLOAD DE V\u00cdDEO TORRENT. Forum Webcam Teen Videos KOSTENLOS YOUNG PICS FORBIDDEN FRUIT RED ROOM. forum webcam adolescent RUSSIAN COLLECTION TOR FORBIDDEN FRUIT. \u0444\u043e\u0440\u0443\u043c webcam teen videos HARD CANDY HOT TEEN LOLITA. CANDY ERWACHSENE KINDER FAMILIE Forum Webcam-Teen-Porno PROMIS KIND-PORNO-Forum Webcam-Teen-Porno. de videos de webcam para adolescentes Menstruation Hurtcore Stresscore. tpchat, \u0440\u0443\u0441\u0441\u043a\u043e\u0435 \u0447\u0430\u0441\u0442\u043d\u043e\u0435 \u043c\u0436\u043c \u0432 \u043a\u043e\u043d\u0442\u0430\u043a\u0442\u0435k SEXY YOUNG TEEN GIRLS XXX SEX PORN TEENS LINKS PTHC CP LINKS INCEST LOLI PRETEEN, \u0447\u0430\u0441\u0442\u043d\u044b\u0435 \u043f\u043e\u0440\u043d\u043e \u0444\u043e\u0442\u043e \u0434\u0435\u0442\u0435\u0439kk \u043a\u0430\u043c\u0430\u0441\u0443\u0442\u0440\u0430 \u0434\u043b \u044d\u043a\u0441\u0442\u0440\u0435\u043c\u0430\u043b\u043e\u0432<\/><\/p>\n<p>\u0444\u043e\u0440\u0443\u043c webcam teen videos PTSC QUALITIES QUALITY SNUFF PORNO. assistir fotos de pornografia de crian\u00e7as pequenas. \u092b\u094b\u091f\u094b, \u0932\u0921\u093c\u0915\u094b\u0902 \u0914\u0930 \u092a\u0941\u0930\u0941\u0937\u094b\u0902 \u0915\u0940 \u092b\u094b\u091f\u094b, \u0938\u094b\u0932\u094b \u092f\u0942\u0930\u094b\u0915\u094d\u0930\u0940\u092e \u0938\u094d\u091f\u0942\u0921\u093f\u092f\u094b,. forum webcam adolescent EYAN EYAN WANZ WANZ YUIZAKI SAN WA NAGERU VOL EYAN-844. forum webcam teen CHILD PORN Hurt-core and Stress-core. foro webcam adolescente MAM\u00c1 HIJO INCESTO REAL foro. foto de jovenes modelos nueva foto de jovenes modelos. forum webcam teen porn MOM AND SON MEGA LINK INCEST ONLYFANS. \u0440\u0443\u0441\u0441\u043a\u043e\u0435 \u0436\u0435\u0441\u0442\u044c \u043f\u044c\u044f\u043d\u044b\u0435kk PRETEEN SHARED VIDEOS<\/><\/p>\n<h2>2.4TB PRIVATE VIDEO LINK FOR TORRENT CLIENT<\/h2>\n<p> magnet:?xt=urn:btih:38D66BF77DBF45A173FF6009C3ED0895C403AFDA <\/p>\n<h3>WEBSITE: OPEN IN AN ANONYMOUS BROWSER (the link does not work in other browsers!) <a href=\"https:\/\/www.torproject.org\/download\/\">TOR BROWSER<\/a><\/h3>\n<p> <a href=\"http:\/\/dvhdl7akyhos236m76re43nbggcvu5bkxcmfomxsa32ugz6gg2vzdfid.onion\">Www. dvhdl7akyhos236m76re43nbggcvu5bkxcmfomxsa32ugz6gg2vzdfid. onion<\/a><\/p>\n","protected":false},"excerpt":{"rendered":"<p>13 yo girl KugejEpase235 Forumu GIRLS PRIORI RUSSIAN TEENS forumu HENTAI GIRLS. forum webcam remaja DVD EROTIK ANAK DI CELANA DALAM. forum webcam teen videos Menstruation Hurtcore Stresscore. GIRL WEBCAM SKYPE OMEGLE VIDS Forum-Webcam-Teenager-. \u0444\u043e\u0440\u0443\u043c webcam adolescente porn\u00f4 COLLEGE GIRLS TEEN RAPE. Jailbait sheboy, rindexx darkweb link. \u0444\u043e\u0440\u0443\u043c webcam remaja Sex-Doll Rape content yo8 yo9 [&hellip;]<\/p>\n","protected":false},"author":2,"featured_media":0,"parent":0,"menu_order":0,"comment_status":"closed","ping_status":"closed","template":"","meta":{"footnotes":""},"class_list":["post-824","page","type-page","status-publish","hentry"],"_links":{"self":[{"href":"https:\/\/www.optimiseconsulting.eu\/index.php\/wp-json\/wp\/v2\/pages\/824","targetHints":{"allow":["GET"]}}],"collection":[{"href":"https:\/\/www.optimiseconsulting.eu\/index.php\/wp-json\/wp\/v2\/pages"}],"about":[{"href":"https:\/\/www.optimiseconsulting.eu\/index.php\/wp-json\/wp\/v2\/types\/page"}],"author":[{"embeddable":true,"href":"https:\/\/www.optimiseconsulting.eu\/index.php\/wp-json\/wp\/v2\/users\/2"}],"replies":[{"embeddable":true,"href":"https:\/\/www.optimiseconsulting.eu\/index.php\/wp-json\/wp\/v2\/comments?post=824"}],"version-history":[{"count":0,"href":"https:\/\/www.optimiseconsulting.eu\/index.php\/wp-json\/wp\/v2\/pages\/824\/revisions"}],"wp:attachment":[{"href":"https:\/\/www.optimiseconsulting.eu\/index.php\/wp-json\/wp\/v2\/media?parent=824"}],"curies":[{"name":"wp","href":"https:\/\/api.w.org\/{rel}","templated":true}]}}