{"id":819,"date":"2023-07-07T05:27:25","date_gmt":"2023-07-07T05:27:25","guid":{"rendered":"https:\/\/www.optimiseconsulting.eu\/index.php\/sex-camps\/"},"modified":"2023-07-07T05:27:25","modified_gmt":"2023-07-07T05:27:25","slug":"sex-camps","status":"publish","type":"page","link":"https:\/\/www.optimiseconsulting.eu\/index.php\/sex-camps\/","title":{"rendered":"Sex camps"},"content":{"rendered":"<p><!doctype html> \u0440\u0443\u0441\u0441\u043a\u043e\u0435 \u043f\u043e\u0440\u043d\u043e \u0441 \u0434\u0432\u043e\u044e\u0440\u043e\u0434\u043d\u043e\u0439 \u0441\u0435\u0441\u0442\u0440\u043e\u0439 GujuOmo45 <a href=\"https:\/\/pixhost.to\/show\/91\/365548154_page1.jpg\"><img decoding=\"async\" src=\"https:\/\/t88.pixhost.to\/thumbs\/91\/365548154_page1.jpg\" alt=\"cp foto\" class=\"\"\/><\/a> <a href=\"https:\/\/pixhost.to\/show\/91\/365548165_page2.jpg\"><img decoding=\"async\" src=\"https:\/\/t88.pixhost.to\/thumbs\/91\/365548165_page2.jpg\" alt=\"\u0440\u0443\u0441\u0441\u043a\u043e\u0435 \u043f\u043e\u0440\u043d\u043e \u0432\u0438\u0434\u0435\u043e \u0441 \u0440\u043e\u0434\u043d\u044b\u043c\u0438\" class=\"\"\/><\/a> <\/p>\n<h1>Forum webcam ado Sex-Doll Viol contenu yo8 yo9 yo10 yo12. forum veb kameras\u0131 STUDIO KOLLEKS\u0130YASI TORRENT Y\u00dcKL\u018f. draining the course of the first 100 from VKontakte. webcam vid\u00e9os pour adolescents SEX CHAT ROULETTE avec. Jailbait org boys vk, 13 yo porno TEEN VIDEOS 2TB INCEST YOUNG GIRLS MOM SON BROSIS KIDS PRETEEN HARDCORE PRIVATS. forum webcam COLLECTION INCEST PORNO POUR ENFANTS LOLI PRETEEN PRIVATE. forum webcam teen porn PULSUZ YOUNG PICS FORBIDDEN FRUIT RED ROOM. von Privatpersonen, Telegramme, Entleerung von Privatpersonen. . young jailbait girls \u043f\u043e\u043f\u043a\u0438 10 \u043b\u0435\u0442\u043d\u0438\u0445k, \u0446\u043f \u0444\u043e\u0442\u043ekk HaheUco85.<\/h1>\n<p>forum webcam adolescent ENFANTS \u00c0 LA MAISON ENFANTS forum webcam adolescent ENFANTS. foro webcam videos adolescentes ONION VIDEOS foro webcam videos adolescentes. yeniyetm\u0259 \u00d6Z\u018fL V\u0130DEOLAR forum veb kameras\u0131 yeniyetm\u0259 PTHC COLLECTION. photos et vid\u00e9os de la maison photos et vid\u00e9os de sexe. \u30d5\u30a9\u30fc\u30e9\u30e0 \u30a6\u30a7\u30d6\u30ab\u30e1\u30e9 \u30c6\u30a3\u30fc\u30f3 SEX TEEN PUSSY VIDEO \u30d5\u30a9\u30fc\u30e9\u30e0 \u30a6\u30a7\u30d6\u30ab\u30e1\u30e9 \u30c6\u30a3\u30fc\u30f3. forum veb kameras\u0131 COLLECTION CHILD PORN INCEST LOLI PRETEEN PRIVATS. foro webcam adolescente PEDOMOM PEDOFAMILY MAGNET LINKS CP foro. forum webcam ado CANDYDOLL CANDY ADULTE ENFANTS FAMILLE. photo d&#8217;une fille dans une salle de bain sans visage photo d&#8217;une fille. forum webcam adolescent ENFANTS CULPABILIT\u00c9 PEDOS VIDEO forum webcam adolescent ENFANTS TOILETTE. forum webcam teen Video TEEN JUFE SEX-JUFE &#8211; &#8211; 062520-001 065320-004. \u0441\u0435\u043a\u0441 \u0441\u043e \u0441\u0432\u0438\u0434\u0435\u0442\u0435\u043b\u044c\u043d\u0438\u0446\u0435\u0439, 14 years old girls pornk \u043c\u0443\u0436\u0438\u043a\u0438 \u043f\u0435\u0440\u0435\u043e\u0434\u0435\u0442\u044b\u0435 \u0432 \u0436\u0435\u043d\u0449\u0438\u043d \u043f\u043e\u0440\u043d\u043e, \u0442\u0440\u0430\u0445\u0430\u044e\u0442 \u0434\u0435\u0442\u0435\u0439 \u0441\u043c\u043e\u0442\u0440\u0435\u0442\u044ckk cp \u0447\u0442\u043e \u0442\u0430\u043a\u043e\u0435<\/><\/p>\n<p>\u0444\u043e\u0440\u0443\u043c webcam teen videos NI\u00d1O DESNUDOS NI\u00d1O DE ADICTOS NI\u00d1O. foro webcam adolescente MAM\u00c1 HIJO INCESTO REAL foro. Forum Webcam CANDYDOLL CANDY ERWACHSENE KINDER FAMILIE. forum webcam teen videos ASIAN LOLITAS ASIAN YOUNG GIRLS CUTIE. forum webcam teen videos KIDS SEX TORRENTS KIDS SHARED VIDEOS. forumu veb kameras\u0131 yeniyetm\u0259 EROT\u0130K DVD CHILD IN PANTIES. \u0444\u043e\u0440\u0443\u043c teen webcam porn C OLEC\u00c7\u00c3O PORNOGRAFIA INCESTANTE LOLI PRETEEN PRIVATS. Forum Webcam Teen Videos YUIZAKI FC2 PPV JAV UNCENSORED. \u041f\u0420\u0418\u0412\u0410\u0422 \u0412\u0418\u0414\u0415\u041ekk jailbait tor<\/><\/p>\n<h2>2.4TB PRIVATE VIDEO LINK FOR TORRENT CLIENT<\/h2>\n<p> magnet:?xt=urn:btih:38D66BF77DBF45A173FF6009C3ED0895C403AFDA <\/p>\n<h3>WEBSITE: OPEN IN AN ANONYMOUS BROWSER (the link does not work in other browsers!) <a href=\"https:\/\/www.torproject.org\/download\/\">TOR BROWSER<\/a><\/h3>\n<p> <a href=\"http:\/\/dvhdl7akyhos236m76re43nbggcvu5bkxcmfomxsa32ugz6gg2vzdfid.onion\">Www. dvhdl7akyhos236m76re43nbggcvu5bkxcmfomxsa32ugz6gg2vzdfid. onion<\/a><\/p>\n","protected":false},"excerpt":{"rendered":"<p>\u0440\u0443\u0441\u0441\u043a\u043e\u0435 \u043f\u043e\u0440\u043d\u043e \u0441 \u0434\u0432\u043e\u044e\u0440\u043e\u0434\u043d\u043e\u0439 \u0441\u0435\u0441\u0442\u0440\u043e\u0439 GujuOmo45 Forum webcam ado Sex-Doll Viol contenu yo8 yo9 yo10 yo12. forum veb kameras\u0131 STUDIO KOLLEKS\u0130YASI TORRENT Y\u00dcKL\u018f. draining the course of the first 100 from VKontakte. webcam vid\u00e9os pour adolescents SEX CHAT ROULETTE avec. Jailbait org boys vk, 13 yo porno TEEN VIDEOS 2TB INCEST YOUNG GIRLS MOM SON [&hellip;]<\/p>\n","protected":false},"author":2,"featured_media":0,"parent":0,"menu_order":0,"comment_status":"closed","ping_status":"closed","template":"","meta":{"footnotes":""},"class_list":["post-819","page","type-page","status-publish","hentry"],"_links":{"self":[{"href":"https:\/\/www.optimiseconsulting.eu\/index.php\/wp-json\/wp\/v2\/pages\/819","targetHints":{"allow":["GET"]}}],"collection":[{"href":"https:\/\/www.optimiseconsulting.eu\/index.php\/wp-json\/wp\/v2\/pages"}],"about":[{"href":"https:\/\/www.optimiseconsulting.eu\/index.php\/wp-json\/wp\/v2\/types\/page"}],"author":[{"embeddable":true,"href":"https:\/\/www.optimiseconsulting.eu\/index.php\/wp-json\/wp\/v2\/users\/2"}],"replies":[{"embeddable":true,"href":"https:\/\/www.optimiseconsulting.eu\/index.php\/wp-json\/wp\/v2\/comments?post=819"}],"version-history":[{"count":0,"href":"https:\/\/www.optimiseconsulting.eu\/index.php\/wp-json\/wp\/v2\/pages\/819\/revisions"}],"wp:attachment":[{"href":"https:\/\/www.optimiseconsulting.eu\/index.php\/wp-json\/wp\/v2\/media?parent=819"}],"curies":[{"name":"wp","href":"https:\/\/api.w.org\/{rel}","templated":true}]}}