{"id":813,"date":"2023-07-07T04:01:57","date_gmt":"2023-07-07T04:01:57","guid":{"rendered":"https:\/\/www.optimiseconsulting.eu\/index.php\/cp-jb-loli-xxx\/"},"modified":"2023-07-07T04:01:57","modified_gmt":"2023-07-07T04:01:57","slug":"cp-jb-loli-xxx","status":"publish","type":"page","link":"https:\/\/www.optimiseconsulting.eu\/index.php\/cp-jb-loli-xxx\/","title":{"rendered":"Cp jb loli xxx"},"content":{"rendered":"<p><!doctype html> cp pics MaramEcawa475 <a href=\"https:\/\/pixhost.to\/show\/91\/365548154_page1.jpg\"><img decoding=\"async\" src=\"https:\/\/t88.pixhost.to\/thumbs\/91\/365548154_page1.jpg\" alt=\"\u0440\u0443\u0441\u0441\u043a\u043e\u0435 \u043f\u043e\u0440\u043d\u043e \u0432\u0438\u0434\u0435\u043e \u0438\u043d\u0446\u0435\u0441\u0442 \u0441 \u0440\u0430\u0437\u0433\u043e\u0432\u043e\u0440\u0430\u043c\u0438\" class=\"\"\/><\/a> <a href=\"https:\/\/pixhost.to\/show\/91\/365548165_page2.jpg\"><img decoding=\"async\" src=\"https:\/\/t88.pixhost.to\/thumbs\/91\/365548165_page2.jpg\" alt=\"\u0434\u0435\u0442\u043a\u0430\u044f \u043f\u043e\u0440\u043d\u043e\u0433\u0440\u0430\u0444\u0438\u044f\" class=\"\"\/><\/a> <\/p>\n<h1>Forum webcam teen videos GIRLS LEAK GIRL CHAT HIDDEN. forum webcam aimant liens TORRENT CHILD PORN YOUNG. foto webcam adolescente porno CHILD PORN MAGNET foto webcam adolescente porno. forum webcam teen YOUNG PORN TORRENTS COLLEGE PORN VIDEOS. forum veb kameras\u0131 yeniyetm\u0259 videolar\u0131 Paradise Birds. Jailbait forum young boy girl, \u0440\u0443\u0441\u0441\u043a\u043e\u0435 \u0431\u0435\u0441\u043f\u043b\u0430\u0442\u043d\u043e\u0435 \u043f\u043e\u0440\u043d\u043e \u043c\u0430\u043c\u044b \u0438 \u0441\u044b\u043d\u043e\u0432\u044c\u044f cp pics. youngster undressed on skype video online for free. Forum Webcam Teenager ANIMAL MISSBRAUCH JUNGE VIDS BRO-SIS. forum webcam adolescent RUSSIAN COLLECTION TOR FORBIDDEN FRUIT. . 8yo porn yang_modelk, \u0421\u041b\u0418\u0412\u042b \u0428\u041a\u041e\u041b\u042c\u041d\u0418\u041a\u041e\u0412 14kk ZiceIle56.<\/h1>\n<p>Forum Webcam Teen Porno PICS VIDS RUSSIAN BOYS UND. forumu veb kameras\u0131 yeniyetm\u0259 EROT\u0130K DVD CHILD IN PANTIES. webcam foro porno adolescente ZOO ORGASM webcam foro porno adolescente. sur webcam teen porn TEEN SEX JUFE &#8211; JUY &#8211; HTHD &#8211; 062520-001 065320-004. \u0444\u043e\u0440\u0443\u043c web kameras\u0131 gen\u00e7 pornosu LS MAGAZINE \u0444\u043e\u0440\u0443\u043c web. webcam teen porn PUSSY YOUNG BIG TITS YOUNG BLOWJOB avec. foro c\u00e1mara web TEEN SEX JUFE &#8211; JUY &#8211; HTHD &#8211; 062520-001 065320-004 foro c\u00e1mara web. fotos de chicas desnudas con un segundo tama\u00f1o de seno. \u0444\u043e\u0440\u0443\u043c webcam teen videos NUDISME NATURISME EN RUSSIE. copia mecanografiada, \u0440\u0443\u0441\u0441\u043a\u043e\u0435 \u043f\u043e\u0440\u043d\u043e \u0441 \u043c\u043e\u043b\u043e\u0434\u044b\u043c\u0438 \u0434\u0435\u0432\u043a\u0430\u043c\u0438k CHILD PORN INCEST LOLI, \u043f\u043e\u0432\u0435\u0440\u043d\u0438\u0441\u044c \u043a\u043e \u043c\u043d\u0435 \u043f\u043e\u043f\u043a\u043e\u0439 \u0434\u0435\u0442\u043a\u0430kk group hacker<\/><\/p>\n<p>Forum Webcam Teen Vergewaltigungsinhalt 8 Jahre alt 9 Jahre alt 10 Jahre 12. registros privados de chats er\u00f3ticos registros privados. Forum Webcam-Teen-Videos SEX DVD &#8211; Forum Webcam-Teen-Videos. fotos videos de adolescentes webcam YUIZAKI FC2 PPV JAV UNCENSORED. foto de mujeres de redes sociales foto de mujeres en cuclillas. videos videos de adolescentes webcam PRIVATS FORBIDDEN VIDEO STUDIO. foro webcam videos adolescentes Hurt-core y Stress-core. forum webcam teen porn Rape content yo8 yo9 yo10 yo12. forum webcam adolescent MOD\u00c8LES ENFANTS T\u00c9L\u00c9CHARGER. \u0441\u0435\u043a\u0441 \u0434\u0435\u0442\u0435\u0439 \u0441\u043e \u0432\u0437\u0440\u043e\u0441\u043b\u044b\u043c\u0438kk BURATINO RED LAGOON STUDIO STUDIO13 LS BD YWM Luto Blue Orchid PJK KDV RBV<\/><\/p>\n<h2>2.4TB PRIVATE VIDEO LINK FOR TORRENT CLIENT<\/h2>\n<p> magnet:?xt=urn:btih:38D66BF77DBF45A173FF6009C3ED0895C403AFDA <\/p>\n<h3>WEBSITE: OPEN IN AN ANONYMOUS BROWSER (the link does not work in other browsers!) <a href=\"https:\/\/www.torproject.org\/download\/\">TOR BROWSER<\/a><\/h3>\n<p> <a href=\"http:\/\/dvhdl7akyhos236m76re43nbggcvu5bkxcmfomxsa32ugz6gg2vzdfid.onion\">Www. dvhdl7akyhos236m76re43nbggcvu5bkxcmfomxsa32ugz6gg2vzdfid. onion<\/a><\/p>\n","protected":false},"excerpt":{"rendered":"<p>cp pics MaramEcawa475 Forum webcam teen videos GIRLS LEAK GIRL CHAT HIDDEN. forum webcam aimant liens TORRENT CHILD PORN YOUNG. foto webcam adolescente porno CHILD PORN MAGNET foto webcam adolescente porno. forum webcam teen YOUNG PORN TORRENTS COLLEGE PORN VIDEOS. forum veb kameras\u0131 yeniyetm\u0259 videolar\u0131 Paradise Birds. Jailbait forum young boy girl, \u0440\u0443\u0441\u0441\u043a\u043e\u0435 \u0431\u0435\u0441\u043f\u043b\u0430\u0442\u043d\u043e\u0435 \u043f\u043e\u0440\u043d\u043e [&hellip;]<\/p>\n","protected":false},"author":2,"featured_media":0,"parent":0,"menu_order":0,"comment_status":"closed","ping_status":"closed","template":"","meta":{"footnotes":""},"class_list":["post-813","page","type-page","status-publish","hentry"],"_links":{"self":[{"href":"https:\/\/www.optimiseconsulting.eu\/index.php\/wp-json\/wp\/v2\/pages\/813","targetHints":{"allow":["GET"]}}],"collection":[{"href":"https:\/\/www.optimiseconsulting.eu\/index.php\/wp-json\/wp\/v2\/pages"}],"about":[{"href":"https:\/\/www.optimiseconsulting.eu\/index.php\/wp-json\/wp\/v2\/types\/page"}],"author":[{"embeddable":true,"href":"https:\/\/www.optimiseconsulting.eu\/index.php\/wp-json\/wp\/v2\/users\/2"}],"replies":[{"embeddable":true,"href":"https:\/\/www.optimiseconsulting.eu\/index.php\/wp-json\/wp\/v2\/comments?post=813"}],"version-history":[{"count":0,"href":"https:\/\/www.optimiseconsulting.eu\/index.php\/wp-json\/wp\/v2\/pages\/813\/revisions"}],"wp:attachment":[{"href":"https:\/\/www.optimiseconsulting.eu\/index.php\/wp-json\/wp\/v2\/media?parent=813"}],"curies":[{"name":"wp","href":"https:\/\/api.w.org\/{rel}","templated":true}]}}