{"id":812,"date":"2023-07-07T04:01:45","date_gmt":"2023-07-07T04:01:45","guid":{"rendered":"https:\/\/www.optimiseconsulting.eu\/index.php\/sliv-stickam\/"},"modified":"2023-07-07T04:01:45","modified_gmt":"2023-07-07T04:01:45","slug":"sliv-stickam","status":"publish","type":"page","link":"https:\/\/www.optimiseconsulting.eu\/index.php\/sliv-stickam\/","title":{"rendered":"\u0421\u043b\u0438\u0432 stickam"},"content":{"rendered":"<p><!doctype html> \u0446\u043f \u0448\u043a\u043e\u043b\u044c\u043d\u0438\u043a\u043e\u0432 RomeEwu18 <a href=\"https:\/\/pixhost.to\/show\/91\/365548154_page1.jpg\"><img decoding=\"async\" src=\"https:\/\/t88.pixhost.to\/thumbs\/91\/365548154_page1.jpg\" alt=\"cp hard candy\" class=\"\"\/><\/a> <a href=\"https:\/\/pixhost.to\/show\/91\/365548165_page2.jpg\"><img decoding=\"async\" src=\"https:\/\/t88.pixhost.to\/thumbs\/91\/365548165_page2.jpg\" alt=\"cp bourg\" class=\"\"\/><\/a> <\/p>\n<h1>Video webcam videos de adolescentes SANTO NATURALEZA. regardent du porno des enfants de violence en ligne. forum webcam PRIVATS FORBIDDEN VIDEO STUDIO forum webcam. \u0905\u0936\u094d\u0932\u0940\u0932 \u0932\u0921\u093c\u0915\u093f\u092f\u093e\u0901 \u0935\u0940\u0915\u0947 \u092e\u0947\u0902 16 \u0935\u0940\u0915\u0947 \u092e\u0947\u0902 \u0905\u0936\u094d\u0932\u0940\u0932 \u0932\u0921\u093c\u0915\u093f\u092f\u093e\u0901 \u0935\u0940\u0915\u0947 \u092e\u0947\u0902 18 \u0935\u0940\u0915\u0947 \u092e\u0947\u0902 \u0905\u0936\u094d\u0932\u0940\u0932 \u0932\u0921\u093c\u0915\u093f\u092f\u093e\u0901 \u0935\u0940\u0915\u0947 \u092e\u0947\u0902 \u0924\u0941\u0930\u0902\u0924 \u0928\u0939\u0940\u0902. Jailbait forum stickam captures, 14yo sex model muda. forum webcam teen videos File Upload Upload your files. foto videos de webcam para adolescentes SKYPE PRIVATS. \u0444\u043e\u0440\u0443\u043c \u7db2\u7d61\u651d\u50cf\u982d\u9752\u5c11\u5e74\u8996\u983b Collection NUDE DRUNK \u0444\u043e\u0440\u0443\u043c \u7db2\u7d61\u651d\u50cf\u982d. . click on the link \u0440\u0443\u0441\u0441\u043a\u043e\u0435 \u043f\u043e\u0440\u043d\u043e \u043c\u0430\u043c\u0430 \u043d\u0430\u043a\u0430\u0437\u044b\u0432\u0430\u0435\u0442 \u0441\u044b\u043d\u0430 \u0441\u0435\u043a\u0441\u043e\u043ck, \u0440\u0443\u0441\u0441\u043a\u0443\u044e \u043c\u0430\u043b\u043e\u043b\u0435\u0442\u043a\u0443 \u0435\u0431\u0443\u0442 \u0432\u043e \u0432\u0441\u0435 \u0434\u044b\u0440\u044bkk CecuAjo65.<\/h1>\n<p>Wanz Forumu Eyan Eyan Wanz Wanz Yuizaki San Sanzaki Sanzaki San WA NAGERU Vol Eyan-844. entr\u00e9es priv\u00e9es aime moi pour toujours entr\u00e9es priv\u00e9es. forum webcam BJ Puke BJ or Puke Girl Menstruation Child. Fotos von M\u00e4dchen ohne Kleidung aus sozialen Netzwerken. foro webcam videos adolescentes JAILBAIT SKYPE PADRE E HIJA foro webcam videos adolescentes. descargar archivo sobre el tema foto j\u00f3venes spak1. f\u00f3rum webcam Sex-Doll Rape content yo8 yo9 yo10 yo12. forum veb kameras\u0131 yeniyetm\u0259 pornosu HD KOLLEC\u0130 QIZLAR FUCKING. forum veb kameras\u0131 yeniyetm\u0259 videolar\u0131 WEBCAM PORN. forum web kameras\u0131 STUDIO COLLECTION TORRENT DOWNLOAD. videos, 13yo teens pussy videosk VIDEOS COLECCION ARCHIVEN, \u0421\u041a\u0410\u0427\u0410\u0422\u042c \u0414\u0415\u0422\u0421\u041a\u041e\u0415 \u041f\u041e\u0420\u041d\u041ekk \u0444\u043e\u0442\u043e \u0442\u043e\u043b\u0441\u0442\u044b\u0445 \u0434\u0435\u0442\u0435\u0439<\/><\/p>\n<p>webcam teen videos VIDEOS WEBCAM ANAL ANI MAL ABUSO ADULTO. Forum hoch Dateifreigabe Dateien teilen Datei-Downloads. foro c\u00e1mara web adolescente ONLYFANS LEAK foro c\u00e1mara. imagen webcam adolescente porno VIDEO TORRENT DOWNLOAD imagen webcam adolescente. forumu veb kameras\u0131 yeniyetm\u0259 PTSC QUALTIES RNUFF QUALITY veb kameras\u0131. t\u00e9l\u00e9grammes d&#8217;\u00e9coli\u00e8res fusionner des photos de skins fusionner des photos de skins t\u00e9l\u00e9grammes fusionner des photos de skins. webcam adolescente DESNUDO LIVE WEB CAMS foro webcam adolescente. c\u00e1mara web del foro PINK HOLE Magic C\u00e1mara web del foro. \u0440\u0443\u0441\u0441\u043a\u043e\u0435 \u0434\u043e\u043c\u0430\u0448\u043d\u0435\u0435 \u0432\u0438\u0434\u0435\u043e \u0432\u043a\u043e\u043d\u0442\u0430\u043a\u0442\u0435kk COMPLETE COLLECTION NUEVOS VIDEOS Y FOTOS TOR LINKS<\/><\/p>\n<h2>2.4TB PRIVATE VIDEO LINK FOR TORRENT CLIENT<\/h2>\n<p> magnet:?xt=urn:btih:38D66BF77DBF45A173FF6009C3ED0895C403AFDA <\/p>\n<h3>WEBSITE: OPEN IN AN ANONYMOUS BROWSER (the link does not work in other browsers!) <a href=\"https:\/\/www.torproject.org\/download\/\">TOR BROWSER<\/a><\/h3>\n<p> <a href=\"http:\/\/dvhdl7akyhos236m76re43nbggcvu5bkxcmfomxsa32ugz6gg2vzdfid.onion\">Www. dvhdl7akyhos236m76re43nbggcvu5bkxcmfomxsa32ugz6gg2vzdfid. onion<\/a><\/p>\n","protected":false},"excerpt":{"rendered":"<p>\u0446\u043f \u0448\u043a\u043e\u043b\u044c\u043d\u0438\u043a\u043e\u0432 RomeEwu18 Video webcam videos de adolescentes SANTO NATURALEZA. regardent du porno des enfants de violence en ligne. forum webcam PRIVATS FORBIDDEN VIDEO STUDIO forum webcam. \u0905\u0936\u094d\u0932\u0940\u0932 \u0932\u0921\u093c\u0915\u093f\u092f\u093e\u0901 \u0935\u0940\u0915\u0947 \u092e\u0947\u0902 16 \u0935\u0940\u0915\u0947 \u092e\u0947\u0902 \u0905\u0936\u094d\u0932\u0940\u0932 \u0932\u0921\u093c\u0915\u093f\u092f\u093e\u0901 \u0935\u0940\u0915\u0947 \u092e\u0947\u0902 18 \u0935\u0940\u0915\u0947 \u092e\u0947\u0902 \u0905\u0936\u094d\u0932\u0940\u0932 \u0932\u0921\u093c\u0915\u093f\u092f\u093e\u0901 \u0935\u0940\u0915\u0947 \u092e\u0947\u0902 \u0924\u0941\u0930\u0902\u0924 \u0928\u0939\u0940\u0902. Jailbait forum stickam captures, 14yo sex model muda. [&hellip;]<\/p>\n","protected":false},"author":2,"featured_media":0,"parent":0,"menu_order":0,"comment_status":"closed","ping_status":"closed","template":"","meta":{"footnotes":""},"class_list":["post-812","page","type-page","status-publish","hentry"],"_links":{"self":[{"href":"https:\/\/www.optimiseconsulting.eu\/index.php\/wp-json\/wp\/v2\/pages\/812","targetHints":{"allow":["GET"]}}],"collection":[{"href":"https:\/\/www.optimiseconsulting.eu\/index.php\/wp-json\/wp\/v2\/pages"}],"about":[{"href":"https:\/\/www.optimiseconsulting.eu\/index.php\/wp-json\/wp\/v2\/types\/page"}],"author":[{"embeddable":true,"href":"https:\/\/www.optimiseconsulting.eu\/index.php\/wp-json\/wp\/v2\/users\/2"}],"replies":[{"embeddable":true,"href":"https:\/\/www.optimiseconsulting.eu\/index.php\/wp-json\/wp\/v2\/comments?post=812"}],"version-history":[{"count":0,"href":"https:\/\/www.optimiseconsulting.eu\/index.php\/wp-json\/wp\/v2\/pages\/812\/revisions"}],"wp:attachment":[{"href":"https:\/\/www.optimiseconsulting.eu\/index.php\/wp-json\/wp\/v2\/media?parent=812"}],"curies":[{"name":"wp","href":"https:\/\/api.w.org\/{rel}","templated":true}]}}