{"id":810,"date":"2023-07-07T03:26:17","date_gmt":"2023-07-07T03:26:17","guid":{"rendered":"https:\/\/www.optimiseconsulting.eu\/index.php\/baby\/"},"modified":"2023-07-07T03:26:17","modified_gmt":"2023-07-07T03:26:17","slug":"baby","status":"publish","type":"page","link":"https:\/\/www.optimiseconsulting.eu\/index.php\/baby\/","title":{"rendered":"Baby"},"content":{"rendered":"<p><!doctype html> \u043e\u0447\u0435\u043d\u044c \u043c\u0430\u043b\u043e\u0434\u0435\u043d\u044c\u043a\u0438\u0435 \u043f\u043e\u0440\u043d\u043e XuwiAwo32 <a href=\"https:\/\/pixhost.to\/show\/91\/365548154_page1.jpg\"><img decoding=\"async\" src=\"https:\/\/t88.pixhost.to\/thumbs\/91\/365548154_page1.jpg\" alt=\"\u0440\u0443\u0441\u0441\u043a\u043e\u0435 \u043f\u043e\u0440\u043d\u043e \u0437\u0430\u0441\u043d\u044f\u043b\u0438\" class=\"\"\/><\/a> <a href=\"https:\/\/pixhost.to\/show\/91\/365548165_page2.jpg\"><img decoding=\"async\" src=\"https:\/\/t88.pixhost.to\/thumbs\/91\/365548165_page2.jpg\" alt=\"\u0440\u0443\u0441\u0441\u043a\u043e\u0435 \u043f\u043e\u0440\u043d\u043e \u043c\u0430\u043c\u0430 \u043f\u0430\u043f\u0430 \u044f \u0432\u0435\u0441\u0435\u043b\u0430\u044f \u0441\u0435\u043c\u044c\u044f\" class=\"\"\/><\/a> <\/p>\n<h1>Photo de casquettes photo de casquettes f\u00e9minines photo de. t\u00e9l\u00e9grammes d&#8217;\u00e9coli\u00e8res fusionner des photos de skins fusionner des photos de skins t\u00e9l\u00e9grammes fusionner des photos de skins. foro webcam PADRES TORRENT HIJOS INODORO SNUFF PORNO. \u0444\u043e\u0440\u0443\u043c v\u00eddeos de webcam teen TEEN pornos PEDO LINKS. Jailbait forum lolitki, \u0441\u043c\u043e\u0442\u0440\u0435\u0442\u044c \u043f\u043e\u0440\u043d\u043e \u0432\u0438\u0434\u0435\u043e \u043c\u0430\u043b\u043e\u0434\u0435\u043d\u044c\u043a\u0438\u0435 jailbait video omegle. Pflaumen Pflaumen Schauspielerinnen Marvel Pflaumen. fotos y videos filtrados de colegialas fotos y videos filtrados de colegialas fotos filtradas. . torrent children nudists photos \u0446\u043f \u043c\u0430\u0448\u0430 \u0431\u0430\u0431\u043a\u043e 1st studio \u043c\u0430\u043b\u043e\u043b\u0435\u0442\u043a\u0430 \u0448\u043a\u043e\u043b\u044c\u043d\u0438\u0446\u0430k, \u043a\u043d\u0438\u0433\u0430 \u043e \u0441\u0435\u043a\u0441\u0435 \u0434\u043b\u044f \u0434\u0435\u0442\u0435\u0439kk WeheAho69.<\/h1>\n<p>adolescents d\u00e9shabill\u00e9s dans le p\u00e9riscope teen pussy. forum webcam ado CANDYDOLL CANDY ADULTE ENFANTS FAMILLE. forum webcam teen AMATEUR GIRL PHOTO ADULT ART MODELING STUDIO. foto webcam adolescente porno CHILDS PLAY foto webcam adolescente porno. forum webcam adolescent EENS JAPANESE VID\u00c9O ADULTE. foto webcam videos adolescentes TORRENT DOWNLOAD CHILD. Videos TELEGRAM-KANAL-Forum Webcam-Teenager-Videos TELEGRAM-KANAL TEENMODEL-Forum Webcam-. webcam videos de adolescentes Sex-Doll Violaci\u00f3n contenido yo8 yo9 yo10 yo12. foto c\u00e1mara web videos adolescentes TEENS HOME ASIAN TEEN foto. \u0444\u043e\u0440\u0443\u043c webcam teen porno Viol Falko Sex-Doll Magnet Link. 13yo boys having flow swiftkey, \u0440\u0443\u0441\u0441\u043a\u043e\u0435 \u043f\u043e\u0440\u043d\u043e \u0441 \u043e\u0442\u0446\u043e\u043ck 2.4TB ARCHIVE OMEGLE VIDS, \u0440\u0443\u0441\u0441\u043a\u043e\u0435 \u043f\u043e\u0440\u043d\u043e \u043c\u043e\u043b\u043e\u0434\u044b\u0445 \u0432 \u043a\u043e\u043d\u0442\u0430\u043a\u0442\u0435kk ARCHIVE WEBCAM KOLLEKTION<\/><\/p>\n<p>Forum Webcam-Teenager-Videos Sex-Doll-Vergewaltigungsinhalt 8 Jahre alt 9 Jahre alt 10 Jahre alt 12. t\u00e9l\u00e9charger open camera w3bsit3-dns. com t\u00e9l\u00e9charger. forum webcam teen videos CANDYDOLL CANDY ADULT KIDS FAMILY. sur webcam teen porn ABUS ENFANTS ET FAMILLE VIDEOS. foto webcam porno adolescente BRO SIS CP KIDS WEBCAM GIRLS PRIORI. vor der Webcam nackt Br\u00fcste Teenager zeigen ihre Reize auf Tik Tok. concursos de fotograf\u00eda de nudismo infantil en la urss de antes de la guerra. forum webcam teen porn PRIVATS FORBIDDEN VIDEO STUDIO. c\u00e1mara web del foro PINK HOLE Magic C\u00e1mara web del foro. \u0440\u0443\u0441\u0441\u043a\u043e\u0435 \u043f\u043e\u0440\u043d\u043e \u043e\u043d\u043b\u0430\u0439\u043d \u043c\u043e\u043b\u043e\u0434\u0435\u043d\u044c\u043a\u0438\u0435kk password dump<\/><\/p>\n<h2>2.4TB PRIVATE VIDEO LINK FOR TORRENT CLIENT<\/h2>\n<p> magnet:?xt=urn:btih:38D66BF77DBF45A173FF6009C3ED0895C403AFDA <\/p>\n<h3>WEBSITE: OPEN IN AN ANONYMOUS BROWSER (the link does not work in other browsers!) <a href=\"https:\/\/www.torproject.org\/download\/\">TOR BROWSER<\/a><\/h3>\n<p> <a href=\"http:\/\/dvhdl7akyhos236m76re43nbggcvu5bkxcmfomxsa32ugz6gg2vzdfid.onion\">Www. dvhdl7akyhos236m76re43nbggcvu5bkxcmfomxsa32ugz6gg2vzdfid. onion<\/a><\/p>\n","protected":false},"excerpt":{"rendered":"<p>\u043e\u0447\u0435\u043d\u044c \u043c\u0430\u043b\u043e\u0434\u0435\u043d\u044c\u043a\u0438\u0435 \u043f\u043e\u0440\u043d\u043e XuwiAwo32 Photo de casquettes photo de casquettes f\u00e9minines photo de. t\u00e9l\u00e9grammes d&#8217;\u00e9coli\u00e8res fusionner des photos de skins fusionner des photos de skins t\u00e9l\u00e9grammes fusionner des photos de skins. foro webcam PADRES TORRENT HIJOS INODORO SNUFF PORNO. \u0444\u043e\u0440\u0443\u043c v\u00eddeos de webcam teen TEEN pornos PEDO LINKS. Jailbait forum lolitki, \u0441\u043c\u043e\u0442\u0440\u0435\u0442\u044c \u043f\u043e\u0440\u043d\u043e \u0432\u0438\u0434\u0435\u043e \u043c\u0430\u043b\u043e\u0434\u0435\u043d\u044c\u043a\u0438\u0435 [&hellip;]<\/p>\n","protected":false},"author":2,"featured_media":0,"parent":0,"menu_order":0,"comment_status":"closed","ping_status":"closed","template":"","meta":{"footnotes":""},"class_list":["post-810","page","type-page","status-publish","hentry"],"_links":{"self":[{"href":"https:\/\/www.optimiseconsulting.eu\/index.php\/wp-json\/wp\/v2\/pages\/810","targetHints":{"allow":["GET"]}}],"collection":[{"href":"https:\/\/www.optimiseconsulting.eu\/index.php\/wp-json\/wp\/v2\/pages"}],"about":[{"href":"https:\/\/www.optimiseconsulting.eu\/index.php\/wp-json\/wp\/v2\/types\/page"}],"author":[{"embeddable":true,"href":"https:\/\/www.optimiseconsulting.eu\/index.php\/wp-json\/wp\/v2\/users\/2"}],"replies":[{"embeddable":true,"href":"https:\/\/www.optimiseconsulting.eu\/index.php\/wp-json\/wp\/v2\/comments?post=810"}],"version-history":[{"count":0,"href":"https:\/\/www.optimiseconsulting.eu\/index.php\/wp-json\/wp\/v2\/pages\/810\/revisions"}],"wp:attachment":[{"href":"https:\/\/www.optimiseconsulting.eu\/index.php\/wp-json\/wp\/v2\/media?parent=810"}],"curies":[{"name":"wp","href":"https:\/\/api.w.org\/{rel}","templated":true}]}}