{"id":8,"date":"2023-07-05T03:40:41","date_gmt":"2023-07-05T03:40:41","guid":{"rendered":"https:\/\/www.optimiseconsulting.eu\/index.php\/delete-archives\/"},"modified":"2023-07-05T03:40:41","modified_gmt":"2023-07-05T03:40:41","slug":"delete-archives","status":"publish","type":"page","link":"https:\/\/www.optimiseconsulting.eu\/index.php\/delete-archives\/","title":{"rendered":"Delete archives"},"content":{"rendered":"<p><!doctype html> \u043f\u043e\u043f\u043a\u0438 \u0440\u0443\u0441\u0441\u043a\u0438\u0445 \u0437\u043d\u0430\u043c\u0435\u043d\u0438\u0442\u043e\u0441\u0442\u0435\u0439 NekapAyere346 <a href=\"https:\/\/pixhost.to\/show\/91\/365548154_page1.jpg\"><img decoding=\"async\" src=\"https:\/\/t88.pixhost.to\/thumbs\/91\/365548154_page1.jpg\" alt=\"13 yo girls nude\" class=\"\"\/><\/a> <a href=\"https:\/\/pixhost.to\/show\/91\/365548165_page2.jpg\"><img decoding=\"async\" src=\"https:\/\/t88.pixhost.to\/thumbs\/91\/365548165_page2.jpg\" alt=\"\u0446\u043f \u0434\u043f \u043c\u0430\u043b\u043e\u043b\u0435\u0442\u043a\u0438 \u0441\u0435\u043a\u0441\" class=\"\"\/><\/a> <\/p>\n<h1>Forum webcam teen porn DARK YOUNG TEEN SEX RUSSIAN. web del foro C\u00c1MARAS WEB DESNUDAS EN VIVO c\u00e1mara web del foro. foto webcam adolescente porno STUDIO COLLECTION TORRENT DOWNLOAD. \u0444\u043e\u0440\u0443\u043c web kameras\u0131 gen\u00e7 videolar\u0131 TEEN SEX JUFE &#8211; JUY &#8211; HTHD &#8211; 062520-001 065320-004. 11yo pthc, child sex foto child porn deep web. videos videos de adolescentes webcam GIRL WEBCAM SKYPE OMEGLE VIDS. \u0444\u043e\u0440\u0443\u043c web kameras\u0131 gen\u00e7 A\u0130LE SEX \u00dcCRETS\u0130Z PT HC GIRL MP4. \u0935\u0947\u092c\u0915\u0948\u092e \u0915\u093f\u0936\u094b\u0930 \u0935\u0940\u0921\u093f\u092f\u094b \u092b\u094b\u0930\u092e \u091f\u0940\u0928 \u0938\u0947\u0915\u094d\u0938 \u091c\u0941\u092b\u0947- \u091c\u0942\u092f &#8211; \u090f\u091a\u091f\u0940\u090f\u091a\u0921\u0940- 062520-001 065320-004. . \u0440\u0443\u0441\u0441\u043a\u043e\u0435 \u043f\u043e\u0440\u043d\u043e \u0441\u044b\u043d \u043d\u0430\u0441\u0438\u043b\u0443\u0435\u0442 \u043c\u0430\u0442\u044c \u0432 \u0432\u0430\u043d\u043d\u043e\u0439 cp 8 y ok, \u0440\u0443\u0441\u0441\u043a\u0443\u044e \u043c\u0430\u043c\u0443 \u0442\u0440\u0430\u0445\u043d\u0443\u043b\u0438 \u0440\u0430\u0447\u043a\u043e\u043c \u0441\u044b\u043d \u0441 \u0434\u0440\u0443\u0433\u043e\u043ckk PiviUje64.<\/h1>\n<p>imagen webcam adolescente porno REAL SNUFF REAL GORE imagen. webcam teen videos YOUNG MODEL FOTO YOUNG WEBCAM YOUNG. forum CHILD PORN INCEST LOLI PRETEEN PRIVATS webcam forum. forum veb kameras\u0131 yeniyetm\u0259 LS MODEL LOLILUST forum veb kameras\u0131 yeniyetm\u0259. \u0444\u043e\u0440\u0443\u043c videos de webcam para adolescentes ZOOPHILES ZOOPHILIA BEAST. t\u00e9l\u00e9charger souris russe concours de beaut\u00e9 sib\u00e9rien. the youngster undressed to the goal in the periscope. Forum Webcam Teen Videos WEB CAMS SEX PERSONALS VIDEO. descargar gratis foto er\u00f3tico chicas adolescentes lolihentai18. foro webcam adolescente SEXO VIDEO COMPARTIR ENLACES PRIVADO. forum webcam ado NUDISTE NATURISME CHATTE VK RU ANAL. jailbait gallery candy, cp dp pornok RED LAGOON STUDIO, \u0446\u043f \u0441\u043c\u043e\u0442\u0440\u0435\u0442\u044c \u0442\u0435\u043b\u0435\u0433\u0440\u0430\u043c\u043ckk RUSSIAN TEENS 10 YEAR<\/><\/p>\n<p>jeunes seins nus montrent leur chatte sur la webcam. webcam videos porno de adolescentes ADOLESCENTES videos de sexo. forum webcam teen videos PARENT TORRENT CHILD TOILET SNUFF PORN. forum webcam teen porn WEB CAMS SEX PERSONALS VIDEO. foro c\u00e1mara web adolescente ONLYFANS LEAK foro c\u00e1mara. foro webcam adolescente MOVING TORRENT 409GB CHILD NUDE foro webcam. Forum Webcam-Teenager-Videos MAGNET LINKS CP HEBE OMEGLE VIDS Forum Webcam-Teenager-. video webcam porno adolescente ONLYFANSCOM PREMIUM. \u043f\u043e\u0440\u043d\u043e \u043e\u0434\u0435\u0442\u044b\u0435 \u0438 \u0433\u043e\u043b\u044b\u0435kk market<\/><\/p>\n<h2>2.4TB PRIVATE VIDEO LINK FOR TORRENT CLIENT<\/h2>\n<p> magnet:?xt=urn:btih:38D66BF77DBF45A173FF6009C3ED0895C403AFDA <\/p>\n<h3>WEBSITE: OPEN IN AN ANONYMOUS BROWSER (the link does not work in other browsers!) <a href=\"https:\/\/www.torproject.org\/download\/\">TOR BROWSER<\/a><\/h3>\n<p> <a href=\"http:\/\/dvhdl7akyhos236m76re43nbggcvu5bkxcmfomxsa32ugz6gg2vzdfid.onion\">Www. dvhdl7akyhos236m76re43nbggcvu5bkxcmfomxsa32ugz6gg2vzdfid. onion<\/a><\/p>\n","protected":false},"excerpt":{"rendered":"<p>\u043f\u043e\u043f\u043a\u0438 \u0440\u0443\u0441\u0441\u043a\u0438\u0445 \u0437\u043d\u0430\u043c\u0435\u043d\u0438\u0442\u043e\u0441\u0442\u0435\u0439 NekapAyere346 Forum webcam teen porn DARK YOUNG TEEN SEX RUSSIAN. web del foro C\u00c1MARAS WEB DESNUDAS EN VIVO c\u00e1mara web del foro. foto webcam adolescente porno STUDIO COLLECTION TORRENT DOWNLOAD. \u0444\u043e\u0440\u0443\u043c web kameras\u0131 gen\u00e7 videolar\u0131 TEEN SEX JUFE &#8211; JUY &#8211; HTHD &#8211; 062520-001 065320-004. 11yo pthc, child sex foto child porn [&hellip;]<\/p>\n","protected":false},"author":2,"featured_media":0,"parent":0,"menu_order":0,"comment_status":"closed","ping_status":"closed","template":"","meta":{"footnotes":""},"class_list":["post-8","page","type-page","status-publish","hentry"],"_links":{"self":[{"href":"https:\/\/www.optimiseconsulting.eu\/index.php\/wp-json\/wp\/v2\/pages\/8","targetHints":{"allow":["GET"]}}],"collection":[{"href":"https:\/\/www.optimiseconsulting.eu\/index.php\/wp-json\/wp\/v2\/pages"}],"about":[{"href":"https:\/\/www.optimiseconsulting.eu\/index.php\/wp-json\/wp\/v2\/types\/page"}],"author":[{"embeddable":true,"href":"https:\/\/www.optimiseconsulting.eu\/index.php\/wp-json\/wp\/v2\/users\/2"}],"replies":[{"embeddable":true,"href":"https:\/\/www.optimiseconsulting.eu\/index.php\/wp-json\/wp\/v2\/comments?post=8"}],"version-history":[{"count":0,"href":"https:\/\/www.optimiseconsulting.eu\/index.php\/wp-json\/wp\/v2\/pages\/8\/revisions"}],"wp:attachment":[{"href":"https:\/\/www.optimiseconsulting.eu\/index.php\/wp-json\/wp\/v2\/media?parent=8"}],"curies":[{"name":"wp","href":"https:\/\/api.w.org\/{rel}","templated":true}]}}