{"id":794,"date":"2023-07-07T00:47:38","date_gmt":"2023-07-07T00:47:38","guid":{"rendered":"https:\/\/www.optimiseconsulting.eu\/index.php\/teenmodel\/"},"modified":"2023-07-07T00:47:38","modified_gmt":"2023-07-07T00:47:38","slug":"teenmodel","status":"publish","type":"page","link":"https:\/\/www.optimiseconsulting.eu\/index.php\/teenmodel\/","title":{"rendered":"Teenmodel"},"content":{"rendered":"<p><!doctype html> \u043f\u043e\u043f\u043a\u0438 \u0448\u043a\u043e\u043b\u044c\u043d\u0438\u0446 \u0433\u043e\u043b\u044b\u0435 MekaIxe58 <a href=\"https:\/\/pixhost.to\/show\/91\/365548154_page1.jpg\"><img decoding=\"async\" src=\"https:\/\/t88.pixhost.to\/thumbs\/91\/365548154_page1.jpg\" alt=\"\u0440\u0443\u0441\u0441\u043a\u043e\u044f\u0437\u044b\u0447\u043d\u044b\u0435 \u0444\u043e\u0440\u0443\u043c\u044b \u0434\u0430\u0440\u043a\u043d\u0435\u0442\u0430\" class=\"\"\/><\/a> <a href=\"https:\/\/pixhost.to\/show\/91\/365548165_page2.jpg\"><img decoding=\"async\" src=\"https:\/\/t88.pixhost.to\/thumbs\/91\/365548165_page2.jpg\" alt=\"\u0440\u0443\u0441\u0441\u043a\u043e\u0435 \u043c\u0430\u043c\u0430 \u0447\u0430\u0441\u0442\u043d\u043e\u0435 \u0432\u043a\" class=\"\"\/><\/a> <\/p>\n<h1>Foto webcam teen YOUNG MODEL FOTO YOUNG WEBCAM YOUNG. forum webcam teen videos PRIVATS FORBIDDEN VIDEO STUDIO. t\u00e9l\u00e9charger julyjailbait omegle mrvine vine phorum. Home video, \u0440\u0443\u0441\u0441\u043a\u043e\u0435 \u0434\u043e\u043c\u0430\u0448\u043d\u0435\u0435 \u043f\u043e\u0440\u043d\u043e \u043c\u0430\u043c\u0430 \u0441 \u0434\u043e\u0447\u043a\u043e\u0439 jailbait cam sex. \u0444\u043e\u0440\u0443\u043c web kameras\u0131 gen\u00e7 Sex-Doll Tecav\u00fcz i\u00e7eri\u011fi yo8 yo9 yo10 yo12. forum webcam teen porn PUSSY YOUNG BIG TITS YOUNG BLOWJOB. f\u00f3rum webcam adolescente SEX CHATS KIDS f\u00f3rum webcam adolescente. . COMPLETE COLLECTION VIDEO NEUE VIDEOS UND FOTOS ls jailbait pornk, \u0440\u0443\u0441\u0441\u043a\u043e\u0435 \u0434\u043e\u043c\u0430\u0448\u043d\u0435\u0435 \u0436\u043c\u0436 \u0432 \u043a\u043e\u043d\u0442\u0430\u043a\u0442\u0435kk PuziIwe96.<\/h1>\n<p>imagen webcam adolescente porno SKYPE PRIVATS imagen \u043c. filtradas de esposas rusas fotos filtradas de solo fans. forum veb kameras\u0131 yeniyetm\u0259 videolar\u0131 SEX KITTY forum L\u0130NKL\u018fR PRIVAT. foto webcam adolescente porno DESCARGAR CHILD PORN INCESTO. foto webcam videos de adolescentes PJK KDV RBV foto webcam videos de adolescentes. forum webcam porno ado BABY HEART CHAT ROOMS DARK WEB SITES. V\u0130DEOLAR SEKS PAYLA\u015eIM V\u0130DEO forum web kameras\u0131 yeniyetm\u0259 V\u0130DEOLAR WEBCAM ANAL HEYVANLARIN SU\u0130-V\u0130DEOLARI forum WEBKAMERASI ANAL HEYVANLARIN SU\u0130-V\u0130DEOLARI WEB kameras\u0131. forum webcam teen DAUGHTER LOVE KIDS LINK EXPOSED SLUT. \u0444\u043e\u0440\u0443\u043c v\u00eddeos de webcam teen LOLI PRETEEN PRIVATS \u0444\u043e\u0440\u0443 \u043c. \u8ad6\u58c7\u651d\u50cf\u982d COLLECTION CHILD PORN \u4e82\u502b LOLI PRETEEN PRIVATS. COLLECTION ARCHIVOS ARCHIVEN, \u043f\u0438\u0441\u044c\u043a\u0438 \u0434\u0435\u0442\u0435\u0439 \u0444\u043e\u0442\u043ek 409 GIGABYT NUEVOS VIDEOS Y FOTOS KOLLEKTION, \u043f\u043e\u0440\u043d\u043e \u0444\u043e\u0442\u043e \u0434\u0435\u0442\u0435\u0439 \u043d\u0430\u0441\u0438\u043b\u0438\u0435kk TELEGRAM CHANNELS LINKS buzzcast<\/><\/p>\n<p>forum webcam magnet links TORRENT CHILD PORN YOUNG. descargar naturist family vacation with children video. \u092b\u094b\u091f\u094b, \u0932\u0921\u093c\u0915\u094b\u0902 \u0914\u0930 \u092a\u0941\u0930\u0941\u0937\u094b\u0902 \u0915\u0940 \u092b\u094b\u091f\u094b, \u0938\u094b\u0932\u094b \u092f\u0942\u0930\u094b\u0915\u094d\u0930\u0940\u092e \u0938\u094d\u091f\u0942\u0921\u093f\u092f\u094b,. FOTOS JOVEN GRATIS FRUTA PROHIBIDA ROJO HABITACI\u00d3N. forum webcam teen NUDIST NATURISM PUSSY VK RU ANAL. CP \u30ea\u30f3\u30af \u8fd1\u89aa\u76f8\u59e6 \u30ed\u30ea \u30d7\u30ec\u30c6\u30a3\u30fc\u30f3 \u30ad\u30c3\u30ba \u30d5\u30a9\u30fc\u30e9\u30e0 \u30a6\u30a7\u30d6\u30ab\u30e1\u30e9 \u30ad\u30e5\u30fc\u30c6\u30a3\u30fc\u30ba \u30ad\u30c3\u30ba \u30d5\u30a9\u30fc\u30e9\u30e0 \u30a6\u30a7\u30d6\u30ab\u30e1\u30e9. avec webcam vid\u00e9os pour adolescents Partage de fichiers fichiers t\u00e9l\u00e9chargements de fichiers. webcam videos de adolescentes Sex-Doll Violaci\u00f3n contenido yo8 yo9 yo10 yo12. \u0440\u0443\u0441\u0441\u043a\u043e\u0435 \u043f\u043e\u0440\u043d\u043e \u0438\u043d\u0446\u0435\u0441\u0442 \u043f\u044c\u044f\u043d\u044b\u0435kk indiana code 367255<\/><\/p>\n<h2>2.4TB PRIVATE VIDEO LINK FOR TORRENT CLIENT<\/h2>\n<p> magnet:?xt=urn:btih:38D66BF77DBF45A173FF6009C3ED0895C403AFDA <\/p>\n<h3>WEBSITE: OPEN IN AN ANONYMOUS BROWSER (the link does not work in other browsers!) <a href=\"https:\/\/www.torproject.org\/download\/\">TOR BROWSER<\/a><\/h3>\n<p> <a href=\"http:\/\/dvhdl7akyhos236m76re43nbggcvu5bkxcmfomxsa32ugz6gg2vzdfid.onion\">Www. dvhdl7akyhos236m76re43nbggcvu5bkxcmfomxsa32ugz6gg2vzdfid. onion<\/a><\/p>\n","protected":false},"excerpt":{"rendered":"<p>\u043f\u043e\u043f\u043a\u0438 \u0448\u043a\u043e\u043b\u044c\u043d\u0438\u0446 \u0433\u043e\u043b\u044b\u0435 MekaIxe58 Foto webcam teen YOUNG MODEL FOTO YOUNG WEBCAM YOUNG. forum webcam teen videos PRIVATS FORBIDDEN VIDEO STUDIO. t\u00e9l\u00e9charger julyjailbait omegle mrvine vine phorum. Home video, \u0440\u0443\u0441\u0441\u043a\u043e\u0435 \u0434\u043e\u043c\u0430\u0448\u043d\u0435\u0435 \u043f\u043e\u0440\u043d\u043e \u043c\u0430\u043c\u0430 \u0441 \u0434\u043e\u0447\u043a\u043e\u0439 jailbait cam sex. \u0444\u043e\u0440\u0443\u043c web kameras\u0131 gen\u00e7 Sex-Doll Tecav\u00fcz i\u00e7eri\u011fi yo8 yo9 yo10 yo12. forum webcam teen porn PUSSY YOUNG [&hellip;]<\/p>\n","protected":false},"author":2,"featured_media":0,"parent":0,"menu_order":0,"comment_status":"closed","ping_status":"closed","template":"","meta":{"footnotes":""},"class_list":["post-794","page","type-page","status-publish","hentry"],"_links":{"self":[{"href":"https:\/\/www.optimiseconsulting.eu\/index.php\/wp-json\/wp\/v2\/pages\/794","targetHints":{"allow":["GET"]}}],"collection":[{"href":"https:\/\/www.optimiseconsulting.eu\/index.php\/wp-json\/wp\/v2\/pages"}],"about":[{"href":"https:\/\/www.optimiseconsulting.eu\/index.php\/wp-json\/wp\/v2\/types\/page"}],"author":[{"embeddable":true,"href":"https:\/\/www.optimiseconsulting.eu\/index.php\/wp-json\/wp\/v2\/users\/2"}],"replies":[{"embeddable":true,"href":"https:\/\/www.optimiseconsulting.eu\/index.php\/wp-json\/wp\/v2\/comments?post=794"}],"version-history":[{"count":0,"href":"https:\/\/www.optimiseconsulting.eu\/index.php\/wp-json\/wp\/v2\/pages\/794\/revisions"}],"wp:attachment":[{"href":"https:\/\/www.optimiseconsulting.eu\/index.php\/wp-json\/wp\/v2\/media?parent=794"}],"curies":[{"name":"wp","href":"https:\/\/api.w.org\/{rel}","templated":true}]}}