{"id":780,"date":"2023-07-06T21:17:00","date_gmt":"2023-07-06T21:17:00","guid":{"rendered":"https:\/\/www.optimiseconsulting.eu\/index.php\/anakanak\/"},"modified":"2023-07-06T21:17:00","modified_gmt":"2023-07-06T21:17:00","slug":"anakanak","status":"publish","type":"page","link":"https:\/\/www.optimiseconsulting.eu\/index.php\/anakanak\/","title":{"rendered":"Anakanak"},"content":{"rendered":"<p><!doctype html> \u0421\u041b\u0418\u0412 \u0428\u041a\u041e\u0414\u041d\u0418\u0426 CodoOyu57 <a href=\"https:\/\/pixhost.to\/show\/91\/365548154_page1.jpg\"><img decoding=\"async\" src=\"https:\/\/t88.pixhost.to\/thumbs\/91\/365548154_page1.jpg\" alt=\"15yo pussy\" class=\"\"\/><\/a> <a href=\"https:\/\/pixhost.to\/show\/91\/365548165_page2.jpg\"><img decoding=\"async\" src=\"https:\/\/t88.pixhost.to\/thumbs\/91\/365548165_page2.jpg\" alt=\"\u0441\u0435\u043a\u0441 \u0440\u0430\u0441\u043a\u0430\u0437\u044b \u043f\u0440\u043e \u0434\u0435\u0442\u0435\u0439\" class=\"\"\/><\/a> <\/p>\n<h1>Videos DARKNET GIRLS Forum Webcam-Teenager-Videos DARKNET VIDEOS. Forum Webcam Teenager M\u00c4DCHEN PRIORI RUSSISCHE TEENS Forum Webcam. 14 a\u00f1os Drenaje de pieles j\u00f3venes Telegrama de 14 a\u00f1os. \u0444\u043e\u0440\u0443\u043c v\u00eddeos de webcam teen LITTLE GIRL PEDOMOM PEDOFAMILY YOUNG GIRLS. \u0915\u093f\u0936\u094b\u0930 \u0938\u0947\u0915\u094d\u0938-\u0921\u0949\u0932 \u092c\u0932\u093e\u0924\u094d\u0915\u093e\u0930 \u0938\u093e\u092e\u0917\u094d\u0930\u0940 yo8 yo9 yo10 yo12. \u0424\u043e\u0442\u043e \u0441\u0435\u043a\u0441\u0430 \u0434\u0435\u0442\u0435\u0439 \u0441\u043e \u0432\u0437\u0440\u043e\u0441\u043b\u044b\u043c\u0438, \u0433\u043e\u043b\u0430\u044f \u0434\u0435\u0432\u0443\u0448\u043a\u0430 \u0438\u0434\u0435\u0442 \u043f\u043e \u0433\u043e\u0440\u043e\u0434\u0443 darknet heroes league. Forum Webcam Teenagervideos VIDEOS ZIERLICHES TEEN. foto webcam adolescente porno CANDYDOLL CANDY ADULT KIDS FAMILY foto. . password julyjailbait \u043f\u043e\u043f\u043a\u0438 \u0434\u0435\u0432\u0438\u0447\u044c\u0438k, 16 years girlkk LihaIno46.<\/h1>\n<p>foto webcam teen videos FETISH WEBCAM CARAMELO DURO ADOLESCENTE CALIENTE LOLITA. \u0444\u043e\u0440\u0443\u043c web kameras\u0131 \u00e7ocuk pornosu PER\u0130SKOP JK JAPON. videos webcam teen videos VIDEOS TORRENT CHILD videos. web adolescente ONLYFANSCOM PREMIUM foro c\u00e1mara web adolescente. forum webcam teen MOM AND SON MEGA LINK INCEST ONLYFANS. Forum Webcam Teen-Porno TEENS SEX TORRENTS YOUNG TEENAGE. o\u00f9 t\u00e9l\u00e9charger de la pornographie avec des enfants. forum web kamera yeniyetm\u0259 porno TEENS SEX TORRENTS YOUNG TEENAGE. suivre suivre le chantier de la F\u00e9d\u00e9ration de Russie. kamera yeniyetm\u0259 porno KOLLEC QIZLAR forum web kamera yeniyetm\u0259 porno KOLLEC QIZLAR YEN\u0130YY\u018fT. foto c\u00e1mara web videos adolescentes RAPING LITTLE foto c\u00e1mara web videos adolescentes. forum models girls, cp free downloadk COMPLETE COLLECTION WEBCAM LINKS, \u043f\u0435\u0440\u0432\u044b\u0439 \u0441\u0435\u043a\u0441 \u0443 \u0434\u0435\u0442\u0435\u0439kk NEW VIDEO AND PHOTO LIBRO DARKNET VIDEOS<\/><\/p>\n<p>forum CHILD PORN INCEST LOLI PRETEEN PRIVATS webcam forum. descargar torrent webcam fiesta joven descargar torrent. c\u00e1mara web videos para adolescentes OPVA VIDEOS foro c\u00e1mara web. forum veb kameras\u0131 yeniyetm\u0259 videolar\u0131 TELEGRAM KANALI. \u0444\u043e\u0440\u0443\u043c c\u00e1mara web videos de adolescentes J\u00d3VENES ADOLESCENTES. foto webcam adolescente porno GIRLS PRIORI HARD CANDY YOUNG TEEN SEX VIDEOS. forum webcam teen videos TORRENT DOWNLOAD JAILBAIT. forum webcam teen videos FREE YOUNG PICS FORBIDDEN FRUIT RED ROOM. lolita picskk jailbait nude tube<\/><\/p>\n<h2>2.4TB PRIVATE VIDEO LINK FOR TORRENT CLIENT<\/h2>\n<p> magnet:?xt=urn:btih:38D66BF77DBF45A173FF6009C3ED0895C403AFDA <\/p>\n<h3>WEBSITE: OPEN IN AN ANONYMOUS BROWSER (the link does not work in other browsers!) <a href=\"https:\/\/www.torproject.org\/download\/\">TOR BROWSER<\/a><\/h3>\n<p> <a href=\"http:\/\/dvhdl7akyhos236m76re43nbggcvu5bkxcmfomxsa32ugz6gg2vzdfid.onion\">Www. dvhdl7akyhos236m76re43nbggcvu5bkxcmfomxsa32ugz6gg2vzdfid. onion<\/a><\/p>\n","protected":false},"excerpt":{"rendered":"<p>\u0421\u041b\u0418\u0412 \u0428\u041a\u041e\u0414\u041d\u0418\u0426 CodoOyu57 Videos DARKNET GIRLS Forum Webcam-Teenager-Videos DARKNET VIDEOS. Forum Webcam Teenager M\u00c4DCHEN PRIORI RUSSISCHE TEENS Forum Webcam. 14 a\u00f1os Drenaje de pieles j\u00f3venes Telegrama de 14 a\u00f1os. \u0444\u043e\u0440\u0443\u043c v\u00eddeos de webcam teen LITTLE GIRL PEDOMOM PEDOFAMILY YOUNG GIRLS. \u0915\u093f\u0936\u094b\u0930 \u0938\u0947\u0915\u094d\u0938-\u0921\u0949\u0932 \u092c\u0932\u093e\u0924\u094d\u0915\u093e\u0930 \u0938\u093e\u092e\u0917\u094d\u0930\u0940 yo8 yo9 yo10 yo12. \u0424\u043e\u0442\u043e \u0441\u0435\u043a\u0441\u0430 \u0434\u0435\u0442\u0435\u0439 \u0441\u043e \u0432\u0437\u0440\u043e\u0441\u043b\u044b\u043c\u0438, \u0433\u043e\u043b\u0430\u044f \u0434\u0435\u0432\u0443\u0448\u043a\u0430 [&hellip;]<\/p>\n","protected":false},"author":2,"featured_media":0,"parent":0,"menu_order":0,"comment_status":"closed","ping_status":"closed","template":"","meta":{"footnotes":""},"class_list":["post-780","page","type-page","status-publish","hentry"],"_links":{"self":[{"href":"https:\/\/www.optimiseconsulting.eu\/index.php\/wp-json\/wp\/v2\/pages\/780","targetHints":{"allow":["GET"]}}],"collection":[{"href":"https:\/\/www.optimiseconsulting.eu\/index.php\/wp-json\/wp\/v2\/pages"}],"about":[{"href":"https:\/\/www.optimiseconsulting.eu\/index.php\/wp-json\/wp\/v2\/types\/page"}],"author":[{"embeddable":true,"href":"https:\/\/www.optimiseconsulting.eu\/index.php\/wp-json\/wp\/v2\/users\/2"}],"replies":[{"embeddable":true,"href":"https:\/\/www.optimiseconsulting.eu\/index.php\/wp-json\/wp\/v2\/comments?post=780"}],"version-history":[{"count":0,"href":"https:\/\/www.optimiseconsulting.eu\/index.php\/wp-json\/wp\/v2\/pages\/780\/revisions"}],"wp:attachment":[{"href":"https:\/\/www.optimiseconsulting.eu\/index.php\/wp-json\/wp\/v2\/media?parent=780"}],"curies":[{"name":"wp","href":"https:\/\/api.w.org\/{rel}","templated":true}]}}