{"id":771,"date":"2023-07-06T20:17:58","date_gmt":"2023-07-06T20:17:58","guid":{"rendered":"https:\/\/www.optimiseconsulting.eu\/index.php\/jb\/"},"modified":"2023-07-06T20:17:58","modified_gmt":"2023-07-06T20:17:58","slug":"jb","status":"publish","type":"page","link":"https:\/\/www.optimiseconsulting.eu\/index.php\/jb\/","title":{"rendered":"Jb"},"content":{"rendered":"<p><!doctype html> \u0446\u043f \u0434\u043f \u0433\u043e\u043b\u044b\u0435 NifubEviwe345 <a href=\"https:\/\/pixhost.to\/show\/91\/365548154_page1.jpg\"><img decoding=\"async\" src=\"https:\/\/t88.pixhost.to\/thumbs\/91\/365548154_page1.jpg\" alt=\"16 models\" class=\"\"\/><\/a> <a href=\"https:\/\/pixhost.to\/show\/91\/365548165_page2.jpg\"><img decoding=\"async\" src=\"https:\/\/t88.pixhost.to\/thumbs\/91\/365548165_page2.jpg\" alt=\"\u0446\u043f \u0444\u043e\u0442\u043e\u0430\u0440\u0445\u0438\u0432 \u0434\u0432\u0430\u0447\" class=\"\"\/><\/a> <\/p>\n<h1>Forum webcam teen porn PRETTY NUDIST FAMILY PICS VIDS. yeniyetm\u0259 DILDO KINDER FICKENOW forum veb kameras\u0131 DILDO KINDER FICKEN DIGENOW veb kameras\u0131 DILDO KINDER FICKEN DIGENOW. forum de vinsky journaux de vivre \u00e0 l&#8217;\u00e9tranger forum de. Forum Webcam-Teenager-Videos SCHULM\u00c4DCHEN-FILME Forum. porno videolari porno videolari nece usaqlar zorlanir. EYAN 945 WANZ WANZ YUIZAKI FC2 PPV JAV UNCENSORED JAV UNCENSORED HD STARS, \u0446\u043f \u0444\u043e\u0442\u043e \u0432 \u0442\u0435\u043b\u0435\u0433\u0440\u0430\u043c \u0440\u0443\u0441\u0441\u043a\u043e\u0435 \u0434\u043e\u043c\u0430\u0448\u043d\u0435\u0435 \u0432\u0438\u0434\u0435\u043e \u0434\u0435\u0432\u0443\u0448\u0435\u043a. del foro PTSC CUALIDADES CALIDAD SNUFF PORNO c\u00e1mara web del foro. forum webcam teen videos TELEGRAM CHANNEL TEENMODEL. . paypal transfer btc wallet \u0446\u043f 14 \u043b\u0435\u0442\u043d\u0438\u0445k, \u0440\u0443\u0441\u0441\u043a\u043e\u0435 \u043f\u043e\u0440\u043d\u043e \u043f\u0440\u0438\u0441\u0443\u043d\u0443\u043b \u043c\u0430\u043c\u043a\u0435kk PimarAyegi235.<\/h1>\n<p>forum webcam vid\u00e9os pour adolescents KIDS EROTIC VIDEOS. forum webcam teen porn DAUGHTER LOVE KIDS LINK EXPOSED SLUT. \u0444\u043e\u0440\u0443\u043c c\u00e1mara web videos de adolescentes FREE YOUNG FIRST STUDIOS. \u0444\u043e\u0440\u0443\u043c webcam adolescente porno SEXO J\u00d3VENES MODELOS Menstruaci\u00f3n. forum webcam teen I2P MAGNET LINKS INCEST TELEGRAM I2P. videos videos de adolescentes webcam PTHC TODDLERCON videos. foro webcam videos adolescentes KIDS SEX TORRENTS KIDS SHARED VIDEOS. foto webcam teen videos SEX VIDEO PRETEEN BANTIES foto \u0440\u0443\u043c webcam videos de adolescentes. \u0440\u0443\u0441\u0441\u043a\u043e\u0435 \u0434\u043e\u043c\u0430\u0448\u043d\u0435\u0435 \u043f\u043e\u0440\u043d\u043e \u043c\u0430\u043c\u0430 \u0438 \u0441\u044b\u043d, \u043f\u043e\u043f\u043a\u0438 \u0448\u043a\u043e\u043b\u044c\u043d\u0438\u0446 \u0441\u043b\u0438\u0432k young girls, \u0440\u0443\u0441\u0441\u043a\u043e\u0435 \u043f\u043e\u0440\u043d\u043e \u0438\u043d\u0446\u0435\u0441kk PRIVATS FORBIDDEN VIDEO STUDIO MAGNET LINKS CP HEBE OMEGLE VIDS<\/><\/p>\n<p>foto\u011fraflar\u0131 unisex k\u0131zlar foto\u011fraf\u0131 ev yap\u0131m\u0131 g\u00f6r\u00fcn\u00fcm k\u0131zlar. fotos de mujeres maduras en shorts fotos de mujeres maduras. foto webcam teen YOUNG PORN TORRENTS COLLEGE PORN VIDEOS. Forum Webcam Teenager HARD CANDY HEISSES TEEN LOLITA. Fotos von M\u00e4dchen in Transporth\u00f6schen sind zu sehen. foro webcam adolescente SEXO DESCARGAR VIDEOS foro webcam adolescente. foto c\u00e1mara web videos para adolescentes TEEN BIG BOOBS WEBCAM VIDEO. durchgesickertes Video von Schulm\u00e4dchen, Telegramm,. 16 y o sexkk free<\/><\/p>\n<h2>2.4TB PRIVATE VIDEO LINK FOR TORRENT CLIENT<\/h2>\n<p> magnet:?xt=urn:btih:38D66BF77DBF45A173FF6009C3ED0895C403AFDA <\/p>\n<h3>WEBSITE: OPEN IN AN ANONYMOUS BROWSER (the link does not work in other browsers!) <a href=\"https:\/\/www.torproject.org\/download\/\">TOR BROWSER<\/a><\/h3>\n<p> <a href=\"http:\/\/dvhdl7akyhos236m76re43nbggcvu5bkxcmfomxsa32ugz6gg2vzdfid.onion\">Www. dvhdl7akyhos236m76re43nbggcvu5bkxcmfomxsa32ugz6gg2vzdfid. onion<\/a><\/p>\n","protected":false},"excerpt":{"rendered":"<p>\u0446\u043f \u0434\u043f \u0433\u043e\u043b\u044b\u0435 NifubEviwe345 Forum webcam teen porn PRETTY NUDIST FAMILY PICS VIDS. yeniyetm\u0259 DILDO KINDER FICKENOW forum veb kameras\u0131 DILDO KINDER FICKEN DIGENOW veb kameras\u0131 DILDO KINDER FICKEN DIGENOW. forum de vinsky journaux de vivre \u00e0 l&#8217;\u00e9tranger forum de. Forum Webcam-Teenager-Videos SCHULM\u00c4DCHEN-FILME Forum. porno videolari porno videolari nece usaqlar zorlanir. EYAN 945 WANZ WANZ [&hellip;]<\/p>\n","protected":false},"author":2,"featured_media":0,"parent":0,"menu_order":0,"comment_status":"closed","ping_status":"closed","template":"","meta":{"footnotes":""},"class_list":["post-771","page","type-page","status-publish","hentry"],"_links":{"self":[{"href":"https:\/\/www.optimiseconsulting.eu\/index.php\/wp-json\/wp\/v2\/pages\/771","targetHints":{"allow":["GET"]}}],"collection":[{"href":"https:\/\/www.optimiseconsulting.eu\/index.php\/wp-json\/wp\/v2\/pages"}],"about":[{"href":"https:\/\/www.optimiseconsulting.eu\/index.php\/wp-json\/wp\/v2\/types\/page"}],"author":[{"embeddable":true,"href":"https:\/\/www.optimiseconsulting.eu\/index.php\/wp-json\/wp\/v2\/users\/2"}],"replies":[{"embeddable":true,"href":"https:\/\/www.optimiseconsulting.eu\/index.php\/wp-json\/wp\/v2\/comments?post=771"}],"version-history":[{"count":0,"href":"https:\/\/www.optimiseconsulting.eu\/index.php\/wp-json\/wp\/v2\/pages\/771\/revisions"}],"wp:attachment":[{"href":"https:\/\/www.optimiseconsulting.eu\/index.php\/wp-json\/wp\/v2\/media?parent=771"}],"curies":[{"name":"wp","href":"https:\/\/api.w.org\/{rel}","templated":true}]}}