{"id":764,"date":"2023-07-06T18:15:52","date_gmt":"2023-07-06T18:15:52","guid":{"rendered":"https:\/\/www.optimiseconsulting.eu\/index.php\/hentai-girls\/"},"modified":"2023-07-06T18:15:52","modified_gmt":"2023-07-06T18:15:52","slug":"hentai-girls","status":"publish","type":"page","link":"https:\/\/www.optimiseconsulting.eu\/index.php\/hentai-girls\/","title":{"rendered":"Hentai girls"},"content":{"rendered":"<p><!doctype html> cp onion links DobiIza23 <a href=\"https:\/\/pixhost.to\/show\/91\/365548154_page1.jpg\"><img decoding=\"async\" src=\"https:\/\/t88.pixhost.to\/thumbs\/91\/365548154_page1.jpg\" alt=\"\u0434\u0430\u0440\u0432\u0438\u043b\u043b \u0434\u0435\u0442\u044f\u043c \u043e \u0441\u0435\u043a\u0441\u0435\" class=\"\"\/><\/a> <a href=\"https:\/\/pixhost.to\/show\/91\/365548165_page2.jpg\"><img decoding=\"async\" src=\"https:\/\/t88.pixhost.to\/thumbs\/91\/365548165_page2.jpg\" alt=\"\u0440\u0443\u0441\u0441\u043a\u043e\u0435 \u0434\u043e\u043c\u0430\u0448\u043d\u0435\u0435 \u0433\u0435\u0439 \u043f\u043e\u0440\u043d\u043e \u0432\u043a\" class=\"\"\/><\/a> <\/p>\n<h1>Veb kameras\u0131 yeniyetm\u0259 videolar\u0131 Vichatter forum web kameras\u0131 yeniyetm\u0259 videolar\u0131 WEB KAMS SEKS\u0130 \u015e\u018fXS V\u0130DEO. foro webcam TEENS SEX TORRENTS YOUNG TEENAGE foro webcam. \u0935\u0947\u092c\u0915\u0948\u092e \u0915\u093f\u0936\u094b\u0930 \u0935\u0940\u0921\u093f\u092f\u094b \u092b\u094b\u0930\u092e \u091f\u0940\u0928 \u092a\u094b\u0930\u094d\u0928\u094b \u092a\u0947\u0921\u094b \u0932\u093f\u0902\u0915\u094d\u0938 \u0935\u0947\u092c\u0915\u0948\u092e \u0915\u093f\u0936\u094b\u0930. foro webcam adolescente TEENS SEX TORRENTS YOUNG TEENAGE foro. Easy suicide methods, \u0446\u043f \u0434\u043f \u043f\u043e\u0440\u043d\u043e \u043a\u0438\u0442\u0430\u0439\u0441\u043a\u0438\u0439 \u0441\u0430\u0439\u0442 \u043e\u0440\u0433\u0430\u043d\u0438\u0437\u0430\u0446\u0438\u044f \u0434\u043e\u0441\u0443\u0433\u0430 \u0434\u0435\u0442\u0435\u0439 \u0434\u043e\u043c\u0430. forum webcam teen porn TORRENT RUSSIAN WEBCAM BABES. forum CHILD PORN INCEST LOLI PRETEEN PRIVATS webcam forum. foro webcam videos adolescentes OPVA TOR ENLACES OSCURO foro. . TEEN BIG TITS WEBCAM PORN SEX SCENE HENTAI GIRLS CHILD HARDCORE PORN NAKED cp imageboardk, \u0446\u043f \u0434\u043f vkkk NizeUcu73.<\/h1>\n<p>webcam PRETEEN PRIVATS forum webcam PRETEEN VID\u00c9OS PARTAG\u00c9ES. forum webcam teen videos EYAN EYAN WANZ WANZ YUIZAKI SAN WA NAGERU VOL EYAN-844. forum webcam remaja DVD EROTIK ANAK DI CELANA DALAM. Forum Webcam Teenager TEEN BIG BOOBS WEBCAM VIDEO Forum Webcam. descargue la foto de colegialas menores de edad desnudas descargue. foto webcam adolescente TEEN CLIPS SCHOOLGIRL foto webcam adolescente TEEN CLIPS. foro webcam adolescente porno 10 YEAR CP VODEOS KIDS. forum Partage de fichiers partage de fichiers t\u00e9l\u00e9chargements de fichiers. jailbait fap time, cp pack incest downloadk 13 yo boy, cp 8 y okk upload webpage fb<\/><\/p>\n<p>Forum YOUNG MODEL FOTO YOUNG WEBCAM YOUNG MODEL FOTO YOUNG WEBCAM YOUNG. foro webcam porno adolescente LOLICON SHOTACON SHOTA. foro webcam adolescente Porno NI\u00d1OS JAPON\u00c9S ADOLESCENTE. forum webcam teen videos EENS JAPANESE ADULT VIDEO. Forum Webcam Teen-Porno SAMMLUNG KINDERPORNO INZEST LOLI PRETEEN PRIVATS Forum Webcam Teen-Porno. Forum Webcam Teen Videos WEB CAMS SEX PERSONALS VIDEO. foto webcam adolescente porno HD COLLEGE GIRLS FUCKING foto webcam adolescente. forum webcam teen videos Rape content yo8 yo9 yo10 yo12. Forum EYAN EYAN WANZ WANZ YUIZAKI SAN WA NAGERU VOL EYAN-844. \u043f\u043e\u043f\u043a\u0430 \u043c\u043e\u0435\u0439 \u043c\u0430\u043c\u044bkk cp pedo orgasm<\/><\/p>\n<h2>2.4TB PRIVATE VIDEO LINK FOR TORRENT CLIENT<\/h2>\n<p> magnet:?xt=urn:btih:38D66BF77DBF45A173FF6009C3ED0895C403AFDA <\/p>\n<h3>WEBSITE: OPEN IN AN ANONYMOUS BROWSER (the link does not work in other browsers!) <a href=\"https:\/\/www.torproject.org\/download\/\">TOR BROWSER<\/a><\/h3>\n<p> <a href=\"http:\/\/dvhdl7akyhos236m76re43nbggcvu5bkxcmfomxsa32ugz6gg2vzdfid.onion\">Www. dvhdl7akyhos236m76re43nbggcvu5bkxcmfomxsa32ugz6gg2vzdfid. onion<\/a><\/p>\n","protected":false},"excerpt":{"rendered":"<p>cp onion links DobiIza23 Veb kameras\u0131 yeniyetm\u0259 videolar\u0131 Vichatter forum web kameras\u0131 yeniyetm\u0259 videolar\u0131 WEB KAMS SEKS\u0130 \u015e\u018fXS V\u0130DEO. foro webcam TEENS SEX TORRENTS YOUNG TEENAGE foro webcam. \u0935\u0947\u092c\u0915\u0948\u092e \u0915\u093f\u0936\u094b\u0930 \u0935\u0940\u0921\u093f\u092f\u094b \u092b\u094b\u0930\u092e \u091f\u0940\u0928 \u092a\u094b\u0930\u094d\u0928\u094b \u092a\u0947\u0921\u094b \u0932\u093f\u0902\u0915\u094d\u0938 \u0935\u0947\u092c\u0915\u0948\u092e \u0915\u093f\u0936\u094b\u0930. foro webcam adolescente TEENS SEX TORRENTS YOUNG TEENAGE foro. Easy suicide methods, \u0446\u043f \u0434\u043f \u043f\u043e\u0440\u043d\u043e \u043a\u0438\u0442\u0430\u0439\u0441\u043a\u0438\u0439 \u0441\u0430\u0439\u0442 [&hellip;]<\/p>\n","protected":false},"author":2,"featured_media":0,"parent":0,"menu_order":0,"comment_status":"closed","ping_status":"closed","template":"","meta":{"footnotes":""},"class_list":["post-764","page","type-page","status-publish","hentry"],"_links":{"self":[{"href":"https:\/\/www.optimiseconsulting.eu\/index.php\/wp-json\/wp\/v2\/pages\/764","targetHints":{"allow":["GET"]}}],"collection":[{"href":"https:\/\/www.optimiseconsulting.eu\/index.php\/wp-json\/wp\/v2\/pages"}],"about":[{"href":"https:\/\/www.optimiseconsulting.eu\/index.php\/wp-json\/wp\/v2\/types\/page"}],"author":[{"embeddable":true,"href":"https:\/\/www.optimiseconsulting.eu\/index.php\/wp-json\/wp\/v2\/users\/2"}],"replies":[{"embeddable":true,"href":"https:\/\/www.optimiseconsulting.eu\/index.php\/wp-json\/wp\/v2\/comments?post=764"}],"version-history":[{"count":0,"href":"https:\/\/www.optimiseconsulting.eu\/index.php\/wp-json\/wp\/v2\/pages\/764\/revisions"}],"wp:attachment":[{"href":"https:\/\/www.optimiseconsulting.eu\/index.php\/wp-json\/wp\/v2\/media?parent=764"}],"curies":[{"name":"wp","href":"https:\/\/api.w.org\/{rel}","templated":true}]}}