{"id":759,"date":"2023-07-06T17:12:39","date_gmt":"2023-07-06T17:12:39","guid":{"rendered":"https:\/\/www.optimiseconsulting.eu\/index.php\/fotos-anstarren\/"},"modified":"2023-07-06T17:12:39","modified_gmt":"2023-07-06T17:12:39","slug":"fotos-anstarren","status":"publish","type":"page","link":"https:\/\/www.optimiseconsulting.eu\/index.php\/fotos-anstarren\/","title":{"rendered":"Fotos anstarren"},"content":{"rendered":"<p><!doctype html> \u0440\u0443\u0441\u0441\u043a\u043e\u0435 \u043f\u043e\u0440\u043d\u043e \u0432\u0438\u0434\u0435\u043e \u0441 \u0440\u043e\u0434\u043d\u043e\u0439 \u0441\u0435\u0441\u0442\u0440\u043e\u0439 XaliEbe81 <a href=\"https:\/\/pixhost.to\/show\/91\/365548154_page1.jpg\"><img decoding=\"async\" src=\"https:\/\/t88.pixhost.to\/thumbs\/91\/365548154_page1.jpg\" alt=\"\u0440\u0443\u0441\u0441\u043a\u043e\u0435 \u043f\u043e\u0440\u043d\u043e \u0434\u0435\u0432\u043e\u0447\u043a\u0438 \u0432 \u043f\u0435\u0440\u0432\u044b\u0439 \u0440\u0430\u0437\" class=\"\"\/><\/a> <a href=\"https:\/\/pixhost.to\/show\/91\/365548165_page2.jpg\"><img decoding=\"async\" src=\"https:\/\/t88.pixhost.to\/thumbs\/91\/365548165_page2.jpg\" alt=\"\u0446\u043f \u0433\u043e\u043b\u0430\u044f\" class=\"\"\/><\/a> <\/p>\n<h1>Foro webcam porno adolescente MAGNET INDIAN IRINA AND OLEG TORRENT. t\u00e9l\u00e9grammes d&#8217;\u00e9coli\u00e8res fusionner des photos de skins fusionner des photos de skins t\u00e9l\u00e9grammes fusionner des photos de skins. webcam teen porn COLLECTION DOWNLOAD avec webcam teen porn. forumu GIRLS PRIORI RUSSIAN TEENS forumu HENTAI GIRLS. forumu SCHOOLGIRL VIDEO CHILD forumu SEXKIRL V\u0130DEO CHILD forumu SEXDSKIRL VIDEO CHILD forumu SEXDSKIRL VIDEO CHILD. Darknets list, 9yo sucking Russian archive. t\u00e9l\u00e9grammes d&#8217;\u00e9coli\u00e8res fusionner des photos de skins fusionner des photos de skins t\u00e9l\u00e9grammes fusionner des photos de skins. forum webcam teen videos magnet links TORRENT CHILD PORN YOUNG. forum webcam teen videos TEENS SEX TORRENTS YOUNG TEENAGE. . COMPLETE COLLECTION VIDEO LINKS \u0438\u0433\u0440\u044b \u0441\u0435\u043a\u0441 \u0434\u043b\u044f \u0434\u0435\u0442\u0435\u0439 \u0438\u0433\u0440\u0430\u0442\u044ck, \u0440\u0443\u0441\u0441\u043a\u043e\u0435 \u043f\u043e\u0440\u043d\u043e \u043c\u0430\u0442\u044c \u0441\u043e\u0432\u0440\u0430\u0449\u0430\u0435\u0442 \u0441\u044b\u043d\u0430kk RoxeAmo12.<\/h1>\n<p>f\u00f3rum webcam adolescente SEX JAV CHILD CHILD INCEST. webcam teen ZOO CANDYDOLL CANDY f\u00f3rum de v\u00eddeos de webcam teen ZOOFILIA VIDEOS ALICE IN WONDERLAND f\u00f3rum. c\u00e1mara web del foro CUTIES KIDS c\u00e1mara web del foro. forum webcam ado CANDYDOLL CANDY ADULTE ENFANTS FAMILLE. foro webcam videos adolescentes ONION VIDEOS foro webcam videos adolescentes. foro webcam adolescente im\u00e1n enlaces TORRENT CHILD PORN JOVEN foro. foto webcam adolescente porno TORRENT CP foto webcam adolescente porno. forum webcam teen videos CP LINKS INCEST LOLI PRETEEN KIDS. forum webcam vid\u00e9os teen AMATEUR GIRL PHOTO ADULT ART MODELING STUDIO. Forum Webcam Teen Porno PICS VIDS RUSSIAN BOYS UND. \u0444\u043e\u0440\u0443\u043c webcam T\u00c9L\u00c9CHARGER des vid\u00e9os pour adolescents. \u0444\u043e\u0440\u0443\u043c Webcam videos de adolescentes MUJER VIEJA NI\u00d1O CHICO XXX. tear off the recordings, \u0421\u041b\u0418\u0412 \u041c\u0410\u041b\u041e\u041b\u0415\u0422\u041e\u041ak 409 GIGABYT ARCHIVOS YOUNG MODELS, ls modelskk 14 years old porn video<\/><\/p>\n<p>drenaje de las esposas de otras personas vkontakte. forum webcam BABY HEART CHAT CHAMBRES DARK WEB SITES. forum webcam teen porn GIRL WEBCAM SKYPE OMEGLE VIDS. forum veb kameras\u0131 yeniyetm\u0259 videolar\u0131 DARKNET GIRLS. forum webcam teen SEX VIDEO PARTAGER LIENS PRIVATE. c\u00e1mara web del foro PEDOMOM PEDOFAMILY MAGNET LINKS. par webcam vid\u00e9os pour adolescents CP I2P MAGNET LINKS. \u0440\u0443\u0441\u0441\u043a\u043e\u0435 \u043f\u043e\u0440\u043d\u043e \u0442\u0440\u0430\u0445 \u0441 \u043c\u0430\u043b\u043e\u043b\u0435\u0442\u043a\u043e\u0439kk \u0433\u043e\u043b\u044b\u0435 \u043f\u043e\u043f\u043a\u0438 \u0434\u0435\u0442\u0435\u0439<\/><\/p>\n<h2>2.4TB PRIVATE VIDEO LINK FOR TORRENT CLIENT<\/h2>\n<p> magnet:?xt=urn:btih:38D66BF77DBF45A173FF6009C3ED0895C403AFDA <\/p>\n<h3>WEBSITE: OPEN IN AN ANONYMOUS BROWSER (the link does not work in other browsers!) <a href=\"https:\/\/www.torproject.org\/download\/\">TOR BROWSER<\/a><\/h3>\n<p> <a href=\"http:\/\/dvhdl7akyhos236m76re43nbggcvu5bkxcmfomxsa32ugz6gg2vzdfid.onion\">Www. dvhdl7akyhos236m76re43nbggcvu5bkxcmfomxsa32ugz6gg2vzdfid. onion<\/a><\/p>\n","protected":false},"excerpt":{"rendered":"<p>\u0440\u0443\u0441\u0441\u043a\u043e\u0435 \u043f\u043e\u0440\u043d\u043e \u0432\u0438\u0434\u0435\u043e \u0441 \u0440\u043e\u0434\u043d\u043e\u0439 \u0441\u0435\u0441\u0442\u0440\u043e\u0439 XaliEbe81 Foro webcam porno adolescente MAGNET INDIAN IRINA AND OLEG TORRENT. t\u00e9l\u00e9grammes d&#8217;\u00e9coli\u00e8res fusionner des photos de skins fusionner des photos de skins t\u00e9l\u00e9grammes fusionner des photos de skins. webcam teen porn COLLECTION DOWNLOAD avec webcam teen porn. forumu GIRLS PRIORI RUSSIAN TEENS forumu HENTAI GIRLS. forumu SCHOOLGIRL VIDEO [&hellip;]<\/p>\n","protected":false},"author":2,"featured_media":0,"parent":0,"menu_order":0,"comment_status":"closed","ping_status":"closed","template":"","meta":{"footnotes":""},"class_list":["post-759","page","type-page","status-publish","hentry"],"_links":{"self":[{"href":"https:\/\/www.optimiseconsulting.eu\/index.php\/wp-json\/wp\/v2\/pages\/759","targetHints":{"allow":["GET"]}}],"collection":[{"href":"https:\/\/www.optimiseconsulting.eu\/index.php\/wp-json\/wp\/v2\/pages"}],"about":[{"href":"https:\/\/www.optimiseconsulting.eu\/index.php\/wp-json\/wp\/v2\/types\/page"}],"author":[{"embeddable":true,"href":"https:\/\/www.optimiseconsulting.eu\/index.php\/wp-json\/wp\/v2\/users\/2"}],"replies":[{"embeddable":true,"href":"https:\/\/www.optimiseconsulting.eu\/index.php\/wp-json\/wp\/v2\/comments?post=759"}],"version-history":[{"count":0,"href":"https:\/\/www.optimiseconsulting.eu\/index.php\/wp-json\/wp\/v2\/pages\/759\/revisions"}],"wp:attachment":[{"href":"https:\/\/www.optimiseconsulting.eu\/index.php\/wp-json\/wp\/v2\/media?parent=759"}],"curies":[{"name":"wp","href":"https:\/\/api.w.org\/{rel}","templated":true}]}}