{"id":745,"date":"2023-07-06T15:13:14","date_gmt":"2023-07-06T15:13:14","guid":{"rendered":"https:\/\/www.optimiseconsulting.eu\/index.php\/kid-bin-beta\/"},"modified":"2023-07-06T15:13:14","modified_gmt":"2023-07-06T15:13:14","slug":"kid-bin-beta","status":"publish","type":"page","link":"https:\/\/www.optimiseconsulting.eu\/index.php\/kid-bin-beta\/","title":{"rendered":"Kid bin beta"},"content":{"rendered":"<p><!doctype html> \u043f\u043e\u043f\u043a\u0438 \u0434\u0435\u0432\u043e\u0447\u0435\u043a 12 13 \u043b\u0435\u0442 \u043f\u043e\u0448\u043b\u044b\u0435 \u0432\u0438\u0434\u0435\u043e XijipUxaja967 <a href=\"https:\/\/pixhost.to\/show\/91\/365548154_page1.jpg\"><img decoding=\"async\" src=\"https:\/\/t88.pixhost.to\/thumbs\/91\/365548154_page1.jpg\" alt=\"download kinderporno\" class=\"\"\/><\/a> <a href=\"https:\/\/pixhost.to\/show\/91\/365548165_page2.jpg\"><img decoding=\"async\" src=\"https:\/\/t88.pixhost.to\/thumbs\/91\/365548165_page2.jpg\" alt=\"\u0421\u041b\u0418\u0422\u042b\u0415 \u0412\u0418\u0414\u0415\u041e \u0421\u0422\u0420\u0418\u041c\u0415\u0420\u041e\u0412\" class=\"\"\/><\/a> <\/p>\n<h1>Forum webcam teen MAGNET INDIAN IRINA AND OLEG TORRENT. avec webcam teen porn SEX VIDEO PRETEEN PANTIES avec. forum webcam teen porn MEGA LINKS PRIVATS VIDEOS TORRENT DOWNLOAD. foto videos de webcam para adolescentes SPYCAM LOLI VIDEO. \u0426\u043f surly, 14 gay boys 12 y photo 11 \u0440\u0443\u0441\u0441\u043a\u043e\u0435 \u0441\u0435\u043a\u0441\u0443\u0430\u043b\u043d\u044b\u0439 \u043a\u0438\u043d\u043e \u0441\u044b\u043d \u0438 \u043c\u0430\u0442\u044c. forum webcam teen porn TORRENT RUSSIAN WEBCAM BABES. Videos KINDER-PORNO-INZEST Forum Webcam-Teenager-Videos KINDER-PORNO-INZEST LOLI PRETEEN PRIVATS Forum Webcam-Teenager-Videos KINDER-PORNO-. c\u00e1mara web adolescente videos ADOLESCENTE CALIENTE DESNUDA. . ls model torrent cp 14 yok, \u0440\u0443\u0441\u0441\u043a\u043e\u0435 \u043f\u043e\u0440\u043d\u043e \u043c\u0430\u0442\u044c \u0443\u0447\u0438\u0442 \u0441\u044b\u043d\u0430kk PuwaIno84.<\/h1>\n<p>\u0444\u043e\u0440\u0443\u043c web kameras\u0131 gen\u00e7 videolar SEX JAV \u00c7OCUK PORNOSU ENSS. forumu yeniyetm\u0259 veb kameras\u0131 Y\u00dcKL\u018f U\u015eAQ PORNASI INCEST. forum webcam teen LITTLE GIRL PEDOMOM PEDOFAMILY YOUNG GIRLS. \u0444\u043e\u0440\u0443\u043c web kameras\u0131 gen\u00e7 pornosu PICS VIDS RUSSIAN BOYS AND. descargar archivo sobre el tema foto j\u00f3venes spak1. \u092a\u0930 \u0935\u0947\u092c\u0915\u0948\u092e \u0915\u093f\u0936\u094b\u0930 \u0905\u0936\u094d\u0932\u0940\u0932 \u0928\u0947\u0915\u094d\u0930\u094b \u0928\u0947\u0915\u094d\u0930\u094b\u092b\u093f\u0932\u093f\u092f\u093e \u0913\u092e\u0947\u0917\u0932 \u0928\u0947. forum webcam ados vid\u00e9os I2P MAGNET LINKS INCEST TELEGRAM I2P. forum web kameras\u0131 YOUNG GIRLS KIDS PRETEEN forum web kameras\u0131. forum webcam teen videos Menstruation Hurtcore Stresscore. videos de adolescentes XXX CP VIDEOS CHILD PORNOGRAF\u00cdA. web adolescente ZOOFILIA VIDEOS ALICE IN WONDERLAND foro c\u00e1mara web adolescente. c\u00e1mara web del foro BJ Puke BJ o Puke Girl Menstruation Child c\u00e1mara web del foro. FULL COLLECTION COLECCION YOUNG MODELS, \u0441\u043c\u043e\u0442\u0440\u0435\u0442\u044c \u043f\u043e\u0440\u043d\u043e \u0440\u043e\u043b\u0438\u043a\u0438 \u043c\u0430\u043b\u0435\u043d\u044c\u043a\u0438\u0445 \u0434\u0435\u0442\u0435\u0439k 14yo nn, \u0440\u0443\u0441\u0441\u043a\u043e\u0435 \u043f\u043e\u0440\u043d\u043e \u043e\u043d\u043b\u0430\u0439\u043d \u0442\u0435\u0442\u043a\u0438 \u0438\u043d\u0446\u0435\u0441\u0442kk \u0440\u0443\u0441\u0441\u043a\u043e\u0435 \u0432\u0438\u043d\u0442\u0430\u0436\u043d\u043e\u0435<\/><\/p>\n<p>forum webcam teen TEEN SEX JUFE &#8211; JUY &#8211; HTHD &#8211; 062520-001 065320-004. \u0444\u043e\u0440\u0443\u043c webcam teen porn PRIVAT COLLECTION T\u00c9L\u00c9CHARGEMENT. forum webcam teen videos PTSC QUALITIES QUALITY SNUFF PORNO. videos para adolescentes con c\u00e1mara web PEDO PRIVATE RUSSIAN TEEN. forum webcam teen PUSSY YOUNG BIG TITS YOUNG BLOWJOB. forum webcam teen porn NECRO NECROPHILIA OMEGLE CAPTURES. fotos videos de webcam para adolescentes HELIOS NATURA videos. f\u00f3rum webcam Compartilhe seus arquivos de compartilhamento de arquivos. jailbait 12yokk gorgeous teen<\/><\/p>\n<h2>2.4TB PRIVATE VIDEO LINK FOR TORRENT CLIENT<\/h2>\n<p> magnet:?xt=urn:btih:38D66BF77DBF45A173FF6009C3ED0895C403AFDA <\/p>\n<h3>WEBSITE: OPEN IN AN ANONYMOUS BROWSER (the link does not work in other browsers!) <a href=\"https:\/\/www.torproject.org\/download\/\">TOR BROWSER<\/a><\/h3>\n<p> <a href=\"http:\/\/dvhdl7akyhos236m76re43nbggcvu5bkxcmfomxsa32ugz6gg2vzdfid.onion\">Www. dvhdl7akyhos236m76re43nbggcvu5bkxcmfomxsa32ugz6gg2vzdfid. onion<\/a><\/p>\n","protected":false},"excerpt":{"rendered":"<p>\u043f\u043e\u043f\u043a\u0438 \u0434\u0435\u0432\u043e\u0447\u0435\u043a 12 13 \u043b\u0435\u0442 \u043f\u043e\u0448\u043b\u044b\u0435 \u0432\u0438\u0434\u0435\u043e XijipUxaja967 Forum webcam teen MAGNET INDIAN IRINA AND OLEG TORRENT. avec webcam teen porn SEX VIDEO PRETEEN PANTIES avec. forum webcam teen porn MEGA LINKS PRIVATS VIDEOS TORRENT DOWNLOAD. foto videos de webcam para adolescentes SPYCAM LOLI VIDEO. \u0426\u043f surly, 14 gay boys 12 y photo 11 \u0440\u0443\u0441\u0441\u043a\u043e\u0435 [&hellip;]<\/p>\n","protected":false},"author":2,"featured_media":0,"parent":0,"menu_order":0,"comment_status":"closed","ping_status":"closed","template":"","meta":{"footnotes":""},"class_list":["post-745","page","type-page","status-publish","hentry"],"_links":{"self":[{"href":"https:\/\/www.optimiseconsulting.eu\/index.php\/wp-json\/wp\/v2\/pages\/745","targetHints":{"allow":["GET"]}}],"collection":[{"href":"https:\/\/www.optimiseconsulting.eu\/index.php\/wp-json\/wp\/v2\/pages"}],"about":[{"href":"https:\/\/www.optimiseconsulting.eu\/index.php\/wp-json\/wp\/v2\/types\/page"}],"author":[{"embeddable":true,"href":"https:\/\/www.optimiseconsulting.eu\/index.php\/wp-json\/wp\/v2\/users\/2"}],"replies":[{"embeddable":true,"href":"https:\/\/www.optimiseconsulting.eu\/index.php\/wp-json\/wp\/v2\/comments?post=745"}],"version-history":[{"count":0,"href":"https:\/\/www.optimiseconsulting.eu\/index.php\/wp-json\/wp\/v2\/pages\/745\/revisions"}],"wp:attachment":[{"href":"https:\/\/www.optimiseconsulting.eu\/index.php\/wp-json\/wp\/v2\/media?parent=745"}],"curies":[{"name":"wp","href":"https:\/\/api.w.org\/{rel}","templated":true}]}}