{"id":744,"date":"2023-07-06T14:59:07","date_gmt":"2023-07-06T14:59:07","guid":{"rendered":"https:\/\/www.optimiseconsulting.eu\/index.php\/12-yo-nn\/"},"modified":"2023-07-06T14:59:07","modified_gmt":"2023-07-06T14:59:07","slug":"12-yo-nn","status":"publish","type":"page","link":"https:\/\/www.optimiseconsulting.eu\/index.php\/12-yo-nn\/","title":{"rendered":"12 yo nn"},"content":{"rendered":"<p><!doctype html> 9yo jenny blows dad and dog3gp GuwiOci17 <a href=\"https:\/\/pixhost.to\/show\/91\/365548154_page1.jpg\"><img decoding=\"async\" src=\"https:\/\/t88.pixhost.to\/thumbs\/91\/365548154_page1.jpg\" alt=\"\u0440\u0443\u0441\u0441\u043a\u043e\u0435 \u043f\u043e\u0440\u043d\u043e \u0438\u043d\u0446\u0435\u0441\u0442 \u0441 \u0442\u0435\u0442\u0435\u0439\" class=\"\"\/><\/a> <a href=\"https:\/\/pixhost.to\/show\/91\/365548165_page2.jpg\"><img decoding=\"async\" src=\"https:\/\/t88.pixhost.to\/thumbs\/91\/365548165_page2.jpg\" alt=\"\u0440\u0443\u0441\u0441\u043a\u043e\u0435 \u0434\u043e\u043c\u0430\u0448\u043d\u0435\u0435 \u0442\u0435\u043b\u0435\u0433\u0440\u0430\u043c\u043c\" class=\"\"\/><\/a> <\/p>\n<h1>Forum Webcam Teenager LS MODELS LOLI LUST Forum Webcam Teenager. \u0444\u043e\u0440\u0443\u043c v\u00eddeos de webcam teen TELEGRAM CHANNEL Teens. foro webcam adolescente Violaci\u00f3n Falko Sex-Doll foro webcam. UNIVERSITARIOS foro ADOLESCENTES J\u00d3VENES VIDEOS DE SEXO PARA ADOLESCENTES J\u00d3VENES Foro de ADOLESCENTES RUSOS VIDEOS DE SEXO PARA ADOLESCENTES. foto \u0440\u0443\u043c c\u00e1mara web porno adolescente I2P MAGNET ENLACES INCESTO TELEGRAM I2P. \u0426\u043f \u0448\u043a\u043e\u043b\u044c\u043d\u0438\u0446 \u0442\u0433, 14 years old girl porn preview a file. forum webcam remaja Pemerkosaan konten yo8 yo9 yo10 yo12. sur webcam vid\u00e9os pour adolescents TOPLESS CHILD SUCK. Webcam Teenager M\u00c4DCHEN PRIORI HARD CANDY JUNGES TEEN SEX VIDEOS. . TEEN BIG TITS WEBCAM PORN SEX SCENE HENTAI GIRLS CHILD HARDCORE PORN NAKED CELEBS CHILD PORN CLIPS PORN STREAM COLLEGE GIRLS SEX pthc creampiek, \u0440\u0443\u0441\u0441\u043a\u043e\u0435 \u043f\u043e\u0440\u043d\u043e \u0432\u0438\u0434\u0435\u043e \u0441\u0435\u043a\u0441 \u0441\u0442\u0443\u0434\u0435\u043d\u0442\u043a\u0438kk SifiIhe19.<\/h1>\n<p>forum webcam teen File sharing share files file downloads. imagen webcam adolescente porno SEXUAL KIDS STREAMING. forum web kamera yeniyetm\u0259 porno TEENS SEX TORRENTS YOUNG TEENAGE. forum HD webcam vid\u00e9os ados BJ Puke BJ ou Puke Girl. forum web kameras\u0131 YOUNG PORN TORRENTS COLLEGE PORN VIDEOS. forum webcam teen porn GIRLS PRIORI HARD CANDY YOUNG TEEN SEX VIDEOS. foro webcam adolescente ESCENAS LESBIANA foro webcam. adamlar\u0131n ve erkeklerin foto\u011fraf\u0131 solo st\u00fcdyolar eurocreme. forum webcam teen videos MOM AND SON MEGA LINK INCEST ONLYFANS. webcam teen porno ZOOFILIA VIDEOS ALICE AU PAYS DES MERVEILLES avec webcam. Download Youngvideomodels-Datei herunterladen Youngvideomodels Hitfile. fotos de celebridades publicadas por piratas inform\u00e1ticos fotos originales. child porn download, \u043f\u043e\u043f\u043a\u0438 \u0434\u0435\u0432\u043e\u0447\u0435\u043a \u0447\u0430\u0441\u0442\u043d\u043e\u0435k 9yo torrent, \u0440\u0443\u0441\u0441\u043a\u0443\u044e \u043c\u043e\u043b\u043e\u0434\u0443\u044e \u0434\u0435\u0432\u043e\u0447\u043a\u0443kk cp video hd 2019 pthc loli<\/><\/p>\n<p>filtradas de esposas rusas fotos filtradas de solo fans. durchgesickerte Fotos von Yulia Gavrilina, durchgesickerte Fotos. avec webcam teen videos Vichatter \u0444\u043e\u0440 \u0443\u043c webcam teen videos. forum webcam ado NUDISTE NATURISME CHATTE VK RU ANAL. forum webcam teen YOUNG PORN TORRENTS COLLEGE PORN VIDEOS. Forum Webcam Teenager HARD CANDY HEISSES TEEN LOLITA. webcam adolescente JAILBAIT SKYPE PADRE E HIJA foro webcam adolescente. Foto von russischen M\u00e4dchen von Blondinen aus sozialen Netzwerken. jeune a montr\u00e9 des seins sur webcam jeune a montr\u00e9. \u0440\u0443\u0441\u0441\u043a\u043e\u0435 \u043f\u043e\u0440\u043d\u043e \u043c\u0430\u0442\u044c \u0442 \u0441\u044b\u043dkk cp dp model<\/><\/p>\n<h2>2.4TB PRIVATE VIDEO LINK FOR TORRENT CLIENT<\/h2>\n<p> magnet:?xt=urn:btih:38D66BF77DBF45A173FF6009C3ED0895C403AFDA <\/p>\n<h3>WEBSITE: OPEN IN AN ANONYMOUS BROWSER (the link does not work in other browsers!) <a href=\"https:\/\/www.torproject.org\/download\/\">TOR BROWSER<\/a><\/h3>\n<p> <a href=\"http:\/\/dvhdl7akyhos236m76re43nbggcvu5bkxcmfomxsa32ugz6gg2vzdfid.onion\">Www. dvhdl7akyhos236m76re43nbggcvu5bkxcmfomxsa32ugz6gg2vzdfid. onion<\/a><\/p>\n","protected":false},"excerpt":{"rendered":"<p>9yo jenny blows dad and dog3gp GuwiOci17 Forum Webcam Teenager LS MODELS LOLI LUST Forum Webcam Teenager. \u0444\u043e\u0440\u0443\u043c v\u00eddeos de webcam teen TELEGRAM CHANNEL Teens. foro webcam adolescente Violaci\u00f3n Falko Sex-Doll foro webcam. UNIVERSITARIOS foro ADOLESCENTES J\u00d3VENES VIDEOS DE SEXO PARA ADOLESCENTES J\u00d3VENES Foro de ADOLESCENTES RUSOS VIDEOS DE SEXO PARA ADOLESCENTES. foto \u0440\u0443\u043c c\u00e1mara [&hellip;]<\/p>\n","protected":false},"author":2,"featured_media":0,"parent":0,"menu_order":0,"comment_status":"closed","ping_status":"closed","template":"","meta":{"footnotes":""},"class_list":["post-744","page","type-page","status-publish","hentry"],"_links":{"self":[{"href":"https:\/\/www.optimiseconsulting.eu\/index.php\/wp-json\/wp\/v2\/pages\/744","targetHints":{"allow":["GET"]}}],"collection":[{"href":"https:\/\/www.optimiseconsulting.eu\/index.php\/wp-json\/wp\/v2\/pages"}],"about":[{"href":"https:\/\/www.optimiseconsulting.eu\/index.php\/wp-json\/wp\/v2\/types\/page"}],"author":[{"embeddable":true,"href":"https:\/\/www.optimiseconsulting.eu\/index.php\/wp-json\/wp\/v2\/users\/2"}],"replies":[{"embeddable":true,"href":"https:\/\/www.optimiseconsulting.eu\/index.php\/wp-json\/wp\/v2\/comments?post=744"}],"version-history":[{"count":0,"href":"https:\/\/www.optimiseconsulting.eu\/index.php\/wp-json\/wp\/v2\/pages\/744\/revisions"}],"wp:attachment":[{"href":"https:\/\/www.optimiseconsulting.eu\/index.php\/wp-json\/wp\/v2\/media?parent=744"}],"curies":[{"name":"wp","href":"https:\/\/api.w.org\/{rel}","templated":true}]}}