{"id":732,"date":"2023-07-06T12:45:39","date_gmt":"2023-07-06T12:45:39","guid":{"rendered":"https:\/\/www.optimiseconsulting.eu\/index.php\/video-jailbait\/"},"modified":"2023-07-06T12:45:39","modified_gmt":"2023-07-06T12:45:39","slug":"video-jailbait","status":"publish","type":"page","link":"https:\/\/www.optimiseconsulting.eu\/index.php\/video-jailbait\/","title":{"rendered":"Video jailbait"},"content":{"rendered":"<p><!doctype html> \u0421\u041b\u0418\u0412 \u0414\u0415\u0412\u041e\u0427\u0415\u041a 15 ZavaAvi97 <a href=\"https:\/\/pixhost.to\/show\/91\/365548154_page1.jpg\"><img decoding=\"async\" src=\"https:\/\/t88.pixhost.to\/thumbs\/91\/365548154_page1.jpg\" alt=\"10yo pedo\" class=\"\"\/><\/a> <a href=\"https:\/\/pixhost.to\/show\/91\/365548165_page2.jpg\"><img decoding=\"async\" src=\"https:\/\/t88.pixhost.to\/thumbs\/91\/365548165_page2.jpg\" alt=\"12 13 yo girls\" class=\"\"\/><\/a> <\/p>\n<h1>\u0424\u043e\u0440\u0443\u043c webcam ASIAN LOLITAS ASIAN YOUNG GIRLS CUTIE BOY VIDS BRO-. youngster undressed schoolgirl in periscope periscope 18. \u0444\u043e\u0440\u0443\u043c web kameras\u0131 gen\u00e7 pornosu CP I2P MAGNET LINKS. Cp kids nude naked boys bibcam, \u0417\u0410\u041f\u0420\u0415\u0429\u0415\u041d\u041d\u041e\u0415 \u041f\u041e\u0420\u041d\u041e \u0412\u0418\u0414\u0415\u041e 8 9 10 yo models. \u0444\u043e\u0440\u0443\u043c webcam teen porn PRIVATS FORBIDDEN VIDEO STUDIO. Forum Webcam Teenager ANIMAL MISSBRAUCH JUNGE VIDS BRO-SIS. . go out of archives \u0440\u0443\u0441\u0441\u043a\u043e\u0435 \u043f\u043e\u0440\u043d\u043e \u0441 \u0440\u043e\u0434\u043d\u044b\u043c\u0438k, 16 yo blowjobkk XuxejUzuji537.<\/h1>\n<p>Fotos von M\u00e4dchen mit Tieren, 18 Fotos zum kostenlosen Download von. \u092b\u094b\u0930\u092e \u0935\u0947\u092c\u0915\u0948\u092e \u092c\u0940\u091c\u0947 \u092a\u094d\u092f\u0942\u0915 \u092c\u0940\u091c\u0947 \u092f\u093e \u092a\u094d\u092f\u0942\u0915 \u0917\u0930\u094d\u0932 \u092e\u093e\u0938\u093f\u0915 \u0927\u0930\u094d\u092e \u092c\u093e\u0932 \u092b\u094b\u0930\u092e \u0935\u0947\u092c\u0915\u0948\u092e \u092c\u0949\u092f \u0935\u0940\u0906\u0908\u0921\u0940\u090f\u0938. forum webcam teen FETISH WEBCAM HARD CANDY HOT TEEN LOLITA. forum webcam teen porn PULSUZ YOUNG PICS FORBIDDEN FRUIT RED ROOM. Videos TEEN FUCKED Forum Webcam-Teenager-Videos TEEN. forum webcam teen videos CHILD PORN Hurt-core and Stress-core. Forum Webcam Teen Porno LOLITA CITY PACK MEGA LINKS. \u0444\u043e\u0440\u0443\u043c webcam videos para adolescentes BIG TIT TEEN HD. forum veb kameras\u0131 yeniyetm\u0259 videolar\u0131 TELEGRAM KANALI. \u0444\u043e\u0440\u0443\u043c\u7db2\u7d61\u651d\u50cf\u982d\u9752\u5c11\u5e74\u8996\u983b TEEN SEX JUFE &#8211; JUY &#8211; HTHD &#8211; 062520-001 065320-004. forum webcam yeniyetm\u0259 porno NECRO NECROPHILIA OMEGLE CAPTURES. musicalyly, nudistk 2.4TB ARCHIVE BUCH, 15 year old nudeskk \u0440\u0443\u0441\u0441\u043a\u043e\u0435 \u043f\u043e\u0440\u043d\u043e \u043c\u0430\u0442\u044c \u0443\u0447\u0438\u0442 \u0441\u044b\u043d\u0430<\/><\/p>\n<p>gen\u00e7 videolar\u0131 TEEN FUCKED \u0444\u043e\u0440\u0443\u043c web kameras\u0131 gen\u00e7 videolar\u0131 TEEN PORN STARS. pornogr\u00e1ficas de sexo infantil fotos de bucetas nuas de crian\u00e7as fotos de. Forum Webcam Teenager SCHULM\u00c4DCHEN FILME Forum Webcam Teenager SCHULM\u00c4DCHEN VIDEO KIND Forum. \u0444\u043e\u0440\u0443\u043c \u0935\u0947\u092c\u0915\u0948\u092e \u0915\u093f\u0936\u094b\u0930 \u0935\u0940\u0921\u093f\u092f\u094b \u0938\u0947\u0915\u094d\u0938 \u0921\u0940\u0935\u0940\u0921\u0940 \u0444\u043e\u0440\u0443\u043c \u0935\u0947\u092c\u0915\u0948\u092e \u0915\u093f\u0936\u094b\u0930 \u0935\u0940\u0921\u093f\u092f\u094b. forum webcam teen videos ZOOFILIA VIDEOS ALICE IN WONDERLAND. forum veb kameras\u0131 yeniyetm\u0259 videolar\u0131 SEX HOME V\u0130DEO. Forum Webcam Teen Porno AMATEUR M\u00c4DCHEN FOTO ERWACHSENE ART MODELING STUDIO. \u0446\u043f \u043c\u0430\u043b\u043e\u043b\u0435\u0442\u043a\u0438 \u0441\u043a\u0430\u0447\u0430\u0442\u044ckk cutiegardenorg<\/><\/p>\n<h2>2.4TB PRIVATE VIDEO LINK FOR TORRENT CLIENT<\/h2>\n<p> magnet:?xt=urn:btih:38D66BF77DBF45A173FF6009C3ED0895C403AFDA <\/p>\n<h3>WEBSITE: OPEN IN AN ANONYMOUS BROWSER (the link does not work in other browsers!) <a href=\"https:\/\/www.torproject.org\/download\/\">TOR BROWSER<\/a><\/h3>\n<p> <a href=\"http:\/\/dvhdl7akyhos236m76re43nbggcvu5bkxcmfomxsa32ugz6gg2vzdfid.onion\">Www. dvhdl7akyhos236m76re43nbggcvu5bkxcmfomxsa32ugz6gg2vzdfid. onion<\/a><\/p>\n","protected":false},"excerpt":{"rendered":"<p>\u0421\u041b\u0418\u0412 \u0414\u0415\u0412\u041e\u0427\u0415\u041a 15 ZavaAvi97 \u0424\u043e\u0440\u0443\u043c webcam ASIAN LOLITAS ASIAN YOUNG GIRLS CUTIE BOY VIDS BRO-. youngster undressed schoolgirl in periscope periscope 18. \u0444\u043e\u0440\u0443\u043c web kameras\u0131 gen\u00e7 pornosu CP I2P MAGNET LINKS. Cp kids nude naked boys bibcam, \u0417\u0410\u041f\u0420\u0415\u0429\u0415\u041d\u041d\u041e\u0415 \u041f\u041e\u0420\u041d\u041e \u0412\u0418\u0414\u0415\u041e 8 9 10 yo models. \u0444\u043e\u0440\u0443\u043c webcam teen porn PRIVATS FORBIDDEN VIDEO STUDIO. Forum Webcam [&hellip;]<\/p>\n","protected":false},"author":2,"featured_media":0,"parent":0,"menu_order":0,"comment_status":"closed","ping_status":"closed","template":"","meta":{"footnotes":""},"class_list":["post-732","page","type-page","status-publish","hentry"],"_links":{"self":[{"href":"https:\/\/www.optimiseconsulting.eu\/index.php\/wp-json\/wp\/v2\/pages\/732","targetHints":{"allow":["GET"]}}],"collection":[{"href":"https:\/\/www.optimiseconsulting.eu\/index.php\/wp-json\/wp\/v2\/pages"}],"about":[{"href":"https:\/\/www.optimiseconsulting.eu\/index.php\/wp-json\/wp\/v2\/types\/page"}],"author":[{"embeddable":true,"href":"https:\/\/www.optimiseconsulting.eu\/index.php\/wp-json\/wp\/v2\/users\/2"}],"replies":[{"embeddable":true,"href":"https:\/\/www.optimiseconsulting.eu\/index.php\/wp-json\/wp\/v2\/comments?post=732"}],"version-history":[{"count":0,"href":"https:\/\/www.optimiseconsulting.eu\/index.php\/wp-json\/wp\/v2\/pages\/732\/revisions"}],"wp:attachment":[{"href":"https:\/\/www.optimiseconsulting.eu\/index.php\/wp-json\/wp\/v2\/media?parent=732"}],"curies":[{"name":"wp","href":"https:\/\/api.w.org\/{rel}","templated":true}]}}