{"id":731,"date":"2023-07-06T12:30:54","date_gmt":"2023-07-06T12:30:54","guid":{"rendered":"https:\/\/www.optimiseconsulting.eu\/index.php\/young-jb-girls\/"},"modified":"2023-07-06T12:30:54","modified_gmt":"2023-07-06T12:30:54","slug":"young-jb-girls","status":"publish","type":"page","link":"https:\/\/www.optimiseconsulting.eu\/index.php\/young-jb-girls\/","title":{"rendered":"Young jb girls"},"content":{"rendered":"<p><!doctype html> \u0440\u0443\u0441\u0441\u043a\u0443\u044e \u0434\u0435\u0432\u0443\u0448\u043a\u0443 \u0432\u0434\u0432\u043e\u0435\u043c VokuAre96 <a href=\"https:\/\/pixhost.to\/show\/91\/365548154_page1.jpg\"><img decoding=\"async\" src=\"https:\/\/t88.pixhost.to\/thumbs\/91\/365548154_page1.jpg\" alt=\"\u0440\u0443\u0441\u0441\u043a\u043e\u0435 \u043f\u043e\u0440\u043d\u043e \u043c\u0430\u0442\u044c \u0441\u044b\u043d \u0438 \u0442\u0435\u0442\u044f\" class=\"\"\/><\/a> <a href=\"https:\/\/pixhost.to\/show\/91\/365548165_page2.jpg\"><img decoding=\"async\" src=\"https:\/\/t88.pixhost.to\/thumbs\/91\/365548165_page2.jpg\" alt=\"\u0440\u0443\u0441\u0441\u043a\u043e\u0435 \u043f\u043e\u0440\u043d\u043e \u043c\u0430\u0442\u044c \u0438 \u0441\u044b\u043d \u0440\u0435\u0430\u043b\" class=\"\"\/><\/a> <\/p>\n<h1>Forum webcam ado CANDYDOLL CANDY ADULTE ENFANTS FAMILLE. porno videolari porno videolari nece usaqlar zorlanir. adolescentes chicas desnudas en skype foto porno adolescentes. \u0426\u043f \u0433\u043e\u043b\u044b\u0435 \u0434\u0435\u0432\u043e\u0447\u043a\u0438 8 13 \u043b\u0435\u0442, \u043f\u043e\u0440\u043d\u043e \u0438\u0441\u0442\u043e\u0440\u0438\u0438 \u0434\u0435\u0442\u0441\u0442\u0432\u043e 409 GIGABYT LIBRO ARCHIVEN. \u0444\u043e\u0440\u0443\u043c v\u00eddeos de webcam teen LITTLE GIRL PEDOMOM PEDOFAMILY YOUNG GIRLS. \u0444\u043e\u0440\u0443\u043c web kameras\u0131 gen\u00e7 videolar\u0131 Koleksiyon NUDE DRUNK \u0444\u043e\u0440\u0443\u043c web kameras\u0131 gen\u00e7 videolar\u0131. . YOUNG TEENAGE GIRLS FUCKING VIRGIN PUSSY VIDEOS DOWNLOAD BIG TIT TEEN PORN TEEN FUCKED loli videok, \u0440\u0443\u0441\u0441\u043a\u043e\u0435 \u0430\u043d\u0430\u043b\u044c\u043d\u043e\u0435 \u043f\u043e\u0440\u043d\u043e \u043c\u0430\u043b\u043e\u043b\u0435\u0442\u043e\u043akk JiteEva25.<\/h1>\n<p>download torrent mai\u00f4 japon\u00eas de l\u00e1tex garotas gostosas. c\u00e1mara web videos para adolescentes OPVA VIDEOS foro c\u00e1mara web. \u0444\u043e\u0440\u0443\u043c web kameras\u0131 gen\u00e7 videolar\u0131 SEX TEEN PUSSY VIDEO. t\u00e9l\u00e9charger gratuitement la vid\u00e9o du contact avec une fille nue. \u0444\u043e\u0440\u0443\u043c webcam vid\u00e9os pour adolescents TEEN SEX MEGA LINKS. photo d&#8217;une fille en soutien-gorge \u00e0 la maison sans visage. foto webcam porno adolescente VIDEOS WEBCAM ANAL ABUSO ANIMAL ADULTO. \u0444\u043e\u0440\u0443\u043c webcam Adolescente porno DVD ER\u00d3TICO NI\u00d1O EN BRAGAS. foto \u0440\u0443\u043c c\u00e1mara web porno adolescente SEXO J\u00d3VENES MODELOS. foro webcam videos adolescentes I2P MAGNET LINKS INCESTO TELEGRAM I2P foro. &#8211; PORNO INZEST Forum Webcam-Teen-Porno KINDER-PORNO-INZEST LOLI PRETEEN PRIVATS Forum Webcam-Teen-Porno KIND-PORNO-. foro webcam adolescente porno 10 YEAR CP VODEOS KIDS. source file, \u043f\u043e\u043f\u043a\u0438 \u043f\u0438\u0441\u044c\u043a\u0438 \u043c\u0430\u043b\u043e\u043b\u0435\u0442\u043e\u043ak cp dp pedo pthc ls video foto, omegle girlskk 14 yo teen<\/><\/p>\n<p>descargar video porno con flores brillantes belinda. foto webcam teen videos PREADOLESCENTES VIDEOS COMPARTIDOS. webcam TOPLESS CHILD SUCK foto \u0443\u043c webcam teen videos. foto webcam teen videos CHILDREN GUILT PEDOS VIDEO. forum webcam teen videos PUSSY YOUNG BIG TITS YOUNG BLOWJOB. avec webcam teen videos magnet links TORRENT CHILD PORN YOUNG. c\u00e1mara web del foro Facebook HOT y SEXY cuentas infantiles. porno BABES BLOWJOB GIRLS foto webcam adolescente porno. lsmodelskk buy credit card malaysia<\/><\/p>\n<h2>2.4TB PRIVATE VIDEO LINK FOR TORRENT CLIENT<\/h2>\n<p> magnet:?xt=urn:btih:38D66BF77DBF45A173FF6009C3ED0895C403AFDA <\/p>\n<h3>WEBSITE: OPEN IN AN ANONYMOUS BROWSER (the link does not work in other browsers!) <a href=\"https:\/\/www.torproject.org\/download\/\">TOR BROWSER<\/a><\/h3>\n<p> <a href=\"http:\/\/dvhdl7akyhos236m76re43nbggcvu5bkxcmfomxsa32ugz6gg2vzdfid.onion\">Www. dvhdl7akyhos236m76re43nbggcvu5bkxcmfomxsa32ugz6gg2vzdfid. onion<\/a><\/p>\n","protected":false},"excerpt":{"rendered":"<p>\u0440\u0443\u0441\u0441\u043a\u0443\u044e \u0434\u0435\u0432\u0443\u0448\u043a\u0443 \u0432\u0434\u0432\u043e\u0435\u043c VokuAre96 Forum webcam ado CANDYDOLL CANDY ADULTE ENFANTS FAMILLE. porno videolari porno videolari nece usaqlar zorlanir. adolescentes chicas desnudas en skype foto porno adolescentes. \u0426\u043f \u0433\u043e\u043b\u044b\u0435 \u0434\u0435\u0432\u043e\u0447\u043a\u0438 8 13 \u043b\u0435\u0442, \u043f\u043e\u0440\u043d\u043e \u0438\u0441\u0442\u043e\u0440\u0438\u0438 \u0434\u0435\u0442\u0441\u0442\u0432\u043e 409 GIGABYT LIBRO ARCHIVEN. \u0444\u043e\u0440\u0443\u043c v\u00eddeos de webcam teen LITTLE GIRL PEDOMOM PEDOFAMILY YOUNG GIRLS. \u0444\u043e\u0440\u0443\u043c web kameras\u0131 gen\u00e7 [&hellip;]<\/p>\n","protected":false},"author":2,"featured_media":0,"parent":0,"menu_order":0,"comment_status":"closed","ping_status":"closed","template":"","meta":{"footnotes":""},"class_list":["post-731","page","type-page","status-publish","hentry"],"_links":{"self":[{"href":"https:\/\/www.optimiseconsulting.eu\/index.php\/wp-json\/wp\/v2\/pages\/731","targetHints":{"allow":["GET"]}}],"collection":[{"href":"https:\/\/www.optimiseconsulting.eu\/index.php\/wp-json\/wp\/v2\/pages"}],"about":[{"href":"https:\/\/www.optimiseconsulting.eu\/index.php\/wp-json\/wp\/v2\/types\/page"}],"author":[{"embeddable":true,"href":"https:\/\/www.optimiseconsulting.eu\/index.php\/wp-json\/wp\/v2\/users\/2"}],"replies":[{"embeddable":true,"href":"https:\/\/www.optimiseconsulting.eu\/index.php\/wp-json\/wp\/v2\/comments?post=731"}],"version-history":[{"count":0,"href":"https:\/\/www.optimiseconsulting.eu\/index.php\/wp-json\/wp\/v2\/pages\/731\/revisions"}],"wp:attachment":[{"href":"https:\/\/www.optimiseconsulting.eu\/index.php\/wp-json\/wp\/v2\/media?parent=731"}],"curies":[{"name":"wp","href":"https:\/\/api.w.org\/{rel}","templated":true}]}}