{"id":715,"date":"2023-07-06T08:26:39","date_gmt":"2023-07-06T08:26:39","guid":{"rendered":"https:\/\/www.optimiseconsulting.eu\/index.php\/make-money\/"},"modified":"2023-07-06T08:26:39","modified_gmt":"2023-07-06T08:26:39","slug":"make-money","status":"publish","type":"page","link":"https:\/\/www.optimiseconsulting.eu\/index.php\/make-money\/","title":{"rendered":"Make money"},"content":{"rendered":"<p><!doctype html> \u0440\u0443\u0441\u0441\u043a\u043e\u0435 \u043a\u0438\u043d\u043e \u043f\u0430\u043f\u0430 \u0438 \u0434\u043e\u0447\u044c xxx 18 WafeOfe65 <a href=\"https:\/\/pixhost.to\/show\/91\/365548154_page1.jpg\"><img decoding=\"async\" src=\"https:\/\/t88.pixhost.to\/thumbs\/91\/365548154_page1.jpg\" alt=\"cp loli\" class=\"\"\/><\/a> <a href=\"https:\/\/pixhost.to\/show\/91\/365548165_page2.jpg\"><img decoding=\"async\" src=\"https:\/\/t88.pixhost.to\/thumbs\/91\/365548165_page2.jpg\" alt=\"15yo girls porn video \u0441\u043a\u0430\u0447\u0430\u0442\u044c\" class=\"\"\/><\/a> <\/p>\n<h1>Par webcam teen YOUNG PORN TORRENTS COLLEGE PORN VIDEOS par. foro webcam Contenido de violaci\u00f3n yo8 yo9 yo10 yo12. , durchgesickerte Fotos von Bella Porch, durchgesickerte Fotos von Bloggern,. foro webcam adolescente ENLACES IM\u00c1N CP HEBE OMEGLE VIDS foro. foro webcam adolescente Menstruaci\u00f3n Ni\u00f1o Sex-Doll. COMPLETE COLLECTION WEBCAM NEUE VIDEOS UND FOTOS, \u043f\u043e\u0440\u043d\u043e \u0444\u043e\u0442\u043e \u043c\u0430\u043b\u043e\u0434\u0435\u043d\u044c\u043a\u0438\u0445 \u0434\u0435\u0432\u043e\u0447\u0435\u043a children tv list. foro Facebook HOT and SEXY foro de cuentas infantiles Foro de. forum webcam teen porn Rape Falko Sex-Doll Magnet Link. forum webcam teen porn PRETTY NUDIST FAMILY PICS VIDS. . COLLEGE GIRLS TEEN RAPE \u043f\u043e\u0440\u043d\u043e \u0434\u0435\u0442\u0435\u0439 \u0438 \u0443\u0447\u0438\u0442\u0435\u043b\u0435\u0439k, \u0446\u043f \u043f\u043e\u0440\u043d\u043e \u0441\u043c\u043e\u0442\u0440\u0435\u0442\u044ckk MageExa54.<\/h1>\n<p>Teen-Porno MODEL JUNGE UND M\u00c4DCHEN BEASTIALITY DOG SEX. forum webcam teen MEGA LINKS PRIVATS VIDEOS TORRENT DOWNLOAD. \u0444\u043e\u0440\u0443\u043c v\u00eddeos de webcam teen LITTLE GIRL PEDOMOM PEDOFAMILY YOUNG GIRLS. forum webcam teen porn MOVING TORRENT 409GB CHILD NUDE. Forum-Webcam DOWNLOAD BIG TIT TEEN PORN Forum-Webcam. Forum Webcam Teenager MAGNET INDIAN IRINA UND OLEG TORRENT. Videos OPVA TOR LINKS DARK Forum Webcam-Teen-Videos OPVA. Forum Webcam Teen SEX TEEN PUSSY VIDEO Forum Webcam. \u0434\u043e\u0441\u0443\u0433 \u0434\u0435\u0442\u0435\u0439 \u0432 \u043b\u0430\u0433\u0435\u0440\u0435, \u0447\u0430\u0441\u0442\u043d\u044b\u0435 \u043f\u043e\u0440\u043d\u043e \u0444\u043e\u0442\u043e \u0434\u0435\u0442\u0435\u0439k FULL COLLECTION ARCHIVOS YOUNG MODELS, \u0440\u0443\u0441\u0441\u043a\u043e\u0435 \u043f\u043e\u0440\u043d\u043e \u043c\u0430\u0442\u044c \u0441 \u0441\u044b\u043d\u043e\u043c \u0441 \u0440\u0430\u0437\u0433\u043e\u0432\u043e\u0440\u0430\u043c\u0438kk xxx passwords<\/><\/p>\n<p>forum webcam teen videos MODEL BOY AND GIRL BEASTIALITY DOG SEX. Forum Webcam-Teen-Videos TEENS SEX TORRENTS YOUNG TEENAGE. t\u00e9l\u00e9grammes d&#8217;\u00e9coli\u00e8res fusionner des photos de skins fusionner des photos de skins t\u00e9l\u00e9grammes fusionner des photos de skins. foto webcam videos adolescentes TORRENT DOWNLOAD TEENS SEX. fotos videos de webcam para adolescentes STUDIO13 foto \u043c. GIRL WEBCAM SKYPE OMEGLE VIDS Forum-Webcam-Teenager-. f\u00f3rum webcam JOVENS PORN TORRENTS FACULDADE V\u00cdDEOS PORN\u00d3TICOS. Forum Webcam Teen Videos ZOOFILIA VIDEOS ALICE IN WONDERLAND. par webcam vid\u00e9os pour adolescents CP I2P MAGNET LINKS. \u0440\u0443\u0441\u0441\u043a\u043e\u0435 \u043f\u043e\u0440\u043d\u043e \u0441 \u043d\u0430\u0442\u0430\u0448\u043a\u043e\u0439kk nepi stories<\/><\/p>\n<h2>2.4TB PRIVATE VIDEO LINK FOR TORRENT CLIENT<\/h2>\n<p> magnet:?xt=urn:btih:38D66BF77DBF45A173FF6009C3ED0895C403AFDA <\/p>\n<h3>WEBSITE: OPEN IN AN ANONYMOUS BROWSER (the link does not work in other browsers!) <a href=\"https:\/\/www.torproject.org\/download\/\">TOR BROWSER<\/a><\/h3>\n<p> <a href=\"http:\/\/dvhdl7akyhos236m76re43nbggcvu5bkxcmfomxsa32ugz6gg2vzdfid.onion\">Www. dvhdl7akyhos236m76re43nbggcvu5bkxcmfomxsa32ugz6gg2vzdfid. onion<\/a><\/p>\n","protected":false},"excerpt":{"rendered":"<p>\u0440\u0443\u0441\u0441\u043a\u043e\u0435 \u043a\u0438\u043d\u043e \u043f\u0430\u043f\u0430 \u0438 \u0434\u043e\u0447\u044c xxx 18 WafeOfe65 Par webcam teen YOUNG PORN TORRENTS COLLEGE PORN VIDEOS par. foro webcam Contenido de violaci\u00f3n yo8 yo9 yo10 yo12. , durchgesickerte Fotos von Bella Porch, durchgesickerte Fotos von Bloggern,. foro webcam adolescente ENLACES IM\u00c1N CP HEBE OMEGLE VIDS foro. foro webcam adolescente Menstruaci\u00f3n Ni\u00f1o Sex-Doll. COMPLETE COLLECTION [&hellip;]<\/p>\n","protected":false},"author":2,"featured_media":0,"parent":0,"menu_order":0,"comment_status":"closed","ping_status":"closed","template":"","meta":{"footnotes":""},"class_list":["post-715","page","type-page","status-publish","hentry"],"_links":{"self":[{"href":"https:\/\/www.optimiseconsulting.eu\/index.php\/wp-json\/wp\/v2\/pages\/715","targetHints":{"allow":["GET"]}}],"collection":[{"href":"https:\/\/www.optimiseconsulting.eu\/index.php\/wp-json\/wp\/v2\/pages"}],"about":[{"href":"https:\/\/www.optimiseconsulting.eu\/index.php\/wp-json\/wp\/v2\/types\/page"}],"author":[{"embeddable":true,"href":"https:\/\/www.optimiseconsulting.eu\/index.php\/wp-json\/wp\/v2\/users\/2"}],"replies":[{"embeddable":true,"href":"https:\/\/www.optimiseconsulting.eu\/index.php\/wp-json\/wp\/v2\/comments?post=715"}],"version-history":[{"count":0,"href":"https:\/\/www.optimiseconsulting.eu\/index.php\/wp-json\/wp\/v2\/pages\/715\/revisions"}],"wp:attachment":[{"href":"https:\/\/www.optimiseconsulting.eu\/index.php\/wp-json\/wp\/v2\/media?parent=715"}],"curies":[{"name":"wp","href":"https:\/\/api.w.org\/{rel}","templated":true}]}}