{"id":713,"date":"2023-07-06T07:50:34","date_gmt":"2023-07-06T07:50:34","guid":{"rendered":"https:\/\/www.optimiseconsulting.eu\/index.php\/cp-magnet\/"},"modified":"2023-07-06T07:50:34","modified_gmt":"2023-07-06T07:50:34","slug":"cp-magnet","status":"publish","type":"page","link":"https:\/\/www.optimiseconsulting.eu\/index.php\/cp-magnet\/","title":{"rendered":"Cp magnet"},"content":{"rendered":"<p><!doctype html> 12 year old girl model MifiUza79 <a href=\"https:\/\/pixhost.to\/show\/91\/365548154_page1.jpg\"><img decoding=\"async\" src=\"https:\/\/t88.pixhost.to\/thumbs\/91\/365548154_page1.jpg\" alt=\"\u0440\u0443\u0441\u0441\u043a\u043e\u0435 \u043f\u043e\u0440\u043d\u043e \u0440\u0430\u0437\u0432\u043e\u0434 \u043c\u0430\u043b\u043e\u043b\u0435\u0442\u043e\u043a\" class=\"\"\/><\/a> <a href=\"https:\/\/pixhost.to\/show\/91\/365548165_page2.jpg\"><img decoding=\"async\" src=\"https:\/\/t88.pixhost.to\/thumbs\/91\/365548165_page2.jpg\" alt=\"LS BD\" class=\"\"\/><\/a> <\/p>\n<h1>Forum webcam teen porn SEX VIDEO SHARE LINKS PRIVAT. jeunes seins nus montrent leur chatte sur la webcam. forum webcam adolescent GIRLS LEAK GIRL CHAT HIDDEN. forum webcam teen porn GIRLS PRIORI HARD CANDY YOUNG TEEN SEX VIDEOS. fotos videos de adolescentes webcam Fantasia Models. COMPLETE COLLECTION NEW VIDEO AND PHOTO OMEGLE VIDS, \u0440\u0443\u0441\u0441\u043a\u043e\u0435 \u043f\u043e\u0440\u043d\u043e my18teens \u0421\u041b\u0418\u0412 \u041c\u0410\u041b\u041e\u041b\u0415\u0422\u041e\u041a \u0412\u041a\u041e\u041d\u0422\u0410\u041a\u0422\u0415. foto de um vibrador foto das mais belas ciganas magras nuas foto de sara jay foto de swing foto. Forum Webcam Teenager AMATEUR M\u00c4DCHEN FOTO ERWACHSENE KUNST MODELING STUDIO. imagen webcam adolescente porno SEX EXTREME PORN imagen \u043c. . jailbait webcam sex movies \u043f\u043e\u043a\u0430 \u0434\u0435\u0442\u0435\u0439 \u0434\u043e\u043c\u0430 \u043d\u0435\u0442 \u043f\u043e\u0440\u043d\u043ek, \u0446\u043f \u0442\u043e\u0440kk WefaAxo95.<\/h1>\n<p>forum veb kameras\u0131 YOUNG GIRLS KIDS PRETEENG forum veb. forum webcam ado STUDIO COLLECTION T\u00c9L\u00c9CHARGEMENT TORREN. forum webcam TEEN SEX JUFE &#8211; JUY &#8211; HTHD &#8211; 062520-001 065320-004. forum webcam teen YOUNG PORN TORRENTS COLLEGE PORN VIDEOS. M\u00e4dchen durchgesickert, Video von Jugendlichen durchgesickert,. \u0444\u043e\u0440\u0443\u043c v\u00eddeos de webcam teen TEENS CHILD PORNO MEUS PRIVATS. forum veb kameras\u0131 yeniyetm\u0259 videolar\u0131 TEENS CHILD PORNO MY PRIVATS forum web kameras\u0131. Forum hoch Dateifreigabe Dateien teilen Datei-Downloads. foto videos de webcam para adolescentes HOME VIDEO TEEN STREAMING ver. \u0441\u0435\u043a\u0441 \u043c\u0430\u043b\u0435\u043d\u044c\u043a\u0438\u0445 \u0434\u0435\u0442\u0435\u0439 \u043a\u0430\u0440\u0442\u0438\u043d\u043a\u0438, \u043f\u043e\u0440\u043d\u043e \u0433\u0435\u0438 \u043f\u0435\u0440\u0435\u043e\u0434\u0435\u0442\u044b\u0435k DOWNLOAD CHILD PORN INCEST LOLI PRETEEN PRIVATS Tor links 2023 onion sites catalog i2p magnet links, \u0440\u0443\u0441\u0441\u043a\u043e\u0435 \u0434\u043e\u043c\u0430\u0448\u043d\u0435\u0435 \u043c\u043e\u043b\u043e\u0434\u044b\u0435kk \u0446\u043f \u0434\u043f vk<\/><\/p>\n<p>adolescents d\u00e9shabill\u00e9s dans le p\u00e9riscope teen pussy. chicas desnudas peque\u00f1as en la c\u00e1mara web telegrama. forum web kameras\u0131 yeniyetm\u0259 videolar\u0131 SEX JAV U\u015eAQ PORNASI INCEST. webcam Facebook HOT and SEXY des comptes d&#8217;enfants webcam. forum webcam teen porn Teens XXX CP VIDEOS CHILD PORN. v\u00eddeos de webcam f\u00f3rum YUIZAKI FC2 PPV JAV UNCENSORED. foro webcam adolescente im\u00e1n enlaces TORRENT CHILD PORN JOVEN foro. forum webcam teen ASIAN LOLITAS ASIAN YOUNG GIRLS CUTIE. \u0446\u043f \u0438 \u0434\u043f \u0442\u0435\u043b\u0435\u0433\u0440\u0430\u043ckk \u0440\u0443\u0441\u0441\u043a\u043e\u0435 \u0445\u043e\u0443\u043c \u0432\u0438\u0434\u0435\u043e \u0438\u043d\u0446\u0435\u0441\u0442\u0430<\/><\/p>\n<h2>2.4TB PRIVATE VIDEO LINK FOR TORRENT CLIENT<\/h2>\n<p> magnet:?xt=urn:btih:38D66BF77DBF45A173FF6009C3ED0895C403AFDA <\/p>\n<h3>WEBSITE: OPEN IN AN ANONYMOUS BROWSER (the link does not work in other browsers!) <a href=\"https:\/\/www.torproject.org\/download\/\">TOR BROWSER<\/a><\/h3>\n<p> <a href=\"http:\/\/dvhdl7akyhos236m76re43nbggcvu5bkxcmfomxsa32ugz6gg2vzdfid.onion\">Www. dvhdl7akyhos236m76re43nbggcvu5bkxcmfomxsa32ugz6gg2vzdfid. onion<\/a><\/p>\n","protected":false},"excerpt":{"rendered":"<p>12 year old girl model MifiUza79 Forum webcam teen porn SEX VIDEO SHARE LINKS PRIVAT. jeunes seins nus montrent leur chatte sur la webcam. forum webcam adolescent GIRLS LEAK GIRL CHAT HIDDEN. forum webcam teen porn GIRLS PRIORI HARD CANDY YOUNG TEEN SEX VIDEOS. fotos videos de adolescentes webcam Fantasia Models. COMPLETE COLLECTION NEW VIDEO [&hellip;]<\/p>\n","protected":false},"author":2,"featured_media":0,"parent":0,"menu_order":0,"comment_status":"closed","ping_status":"closed","template":"","meta":{"footnotes":""},"class_list":["post-713","page","type-page","status-publish","hentry"],"_links":{"self":[{"href":"https:\/\/www.optimiseconsulting.eu\/index.php\/wp-json\/wp\/v2\/pages\/713","targetHints":{"allow":["GET"]}}],"collection":[{"href":"https:\/\/www.optimiseconsulting.eu\/index.php\/wp-json\/wp\/v2\/pages"}],"about":[{"href":"https:\/\/www.optimiseconsulting.eu\/index.php\/wp-json\/wp\/v2\/types\/page"}],"author":[{"embeddable":true,"href":"https:\/\/www.optimiseconsulting.eu\/index.php\/wp-json\/wp\/v2\/users\/2"}],"replies":[{"embeddable":true,"href":"https:\/\/www.optimiseconsulting.eu\/index.php\/wp-json\/wp\/v2\/comments?post=713"}],"version-history":[{"count":0,"href":"https:\/\/www.optimiseconsulting.eu\/index.php\/wp-json\/wp\/v2\/pages\/713\/revisions"}],"wp:attachment":[{"href":"https:\/\/www.optimiseconsulting.eu\/index.php\/wp-json\/wp\/v2\/media?parent=713"}],"curies":[{"name":"wp","href":"https:\/\/api.w.org\/{rel}","templated":true}]}}