{"id":711,"date":"2023-07-06T06:58:48","date_gmt":"2023-07-06T06:58:48","guid":{"rendered":"https:\/\/www.optimiseconsulting.eu\/index.php\/14-year-old-xxx\/"},"modified":"2023-07-06T06:58:48","modified_gmt":"2023-07-06T06:58:48","slug":"14-year-old-xxx","status":"publish","type":"page","link":"https:\/\/www.optimiseconsulting.eu\/index.php\/14-year-old-xxx\/","title":{"rendered":"14 year old xxx"},"content":{"rendered":"<p><!doctype html> \u0440\u0443\u0441\u0441\u043a\u043e\u0435 \u0434\u043e\u043c\u0430\u0448\u043d\u0435\u0435 \u043f\u043e\u0440\u043d\u043e \u0441 \u043c\u0430\u043b\u043e\u043b\u0435\u0442\u043a\u0430\u043c\u0438 YiyapEriha457 <a href=\"https:\/\/pixhost.to\/show\/91\/365548154_page1.jpg\"><img decoding=\"async\" src=\"https:\/\/t88.pixhost.to\/thumbs\/91\/365548154_page1.jpg\" alt=\"\u043f\u043e\u043f\u043a\u0430 \u043c\u043e\u043b\u043e\u0434\u043e\u0439 \u043a\u0440\u0430\u0441\u0430\u0432\u0438\u0446\u044b\" class=\"\"\/><\/a> <a href=\"https:\/\/pixhost.to\/show\/91\/365548165_page2.jpg\"><img decoding=\"async\" src=\"https:\/\/t88.pixhost.to\/thumbs\/91\/365548165_page2.jpg\" alt=\"\u043f\u043e\u043f\u043a\u0438 \u0432\u043a\" class=\"\"\/><\/a> <\/p>\n<h1>Foto videos de adolescentes webcam TELEGRAM CHANNEL. forum webcam LITTLE GIRL PEDOMOM PEDOFAMILY YOUNG GIRLS. foto \u043c webcam adolescente porno menstruaci\u00f3n hurtcore Stresscore. \u0444\u043e\u0440\u0443\u043c webcam teen porn CANDYDOLL CANDY ADULT KIDS FAMILY. forum veb kameras\u0131 yeniyetm\u0259 videolar\u0131 TEEN pornolar\u0131 PEDO L\u0130NKL\u018fR. COMPLETE COLLECTION NEW VIDEO AND PHOTO BUCH, \u0440\u0443\u0441\u0441\u043a\u043e\u0435 \u0433\u0435\u0439 \u043f\u043e\u0440\u043d\u043e \u0442\u0435\u043b\u0435\u0433\u0440\u0430\u043c kiddie porn links. \u0444\u043e\u0440\u0443\u043c webcam teen porn LOLITAS ASIATIQUE CUTIE DE JEUNES FILLES ASIATIQUES. foto webcam teen videos WEB CAMS SEX PERSONALS VIDEO. . \u0432\u0438\u0434\u0435\u043e \u0441\u0435\u043a\u0441 \u0434\u0435\u0442\u0435\u0439 \u0431\u0435\u0437 \u0441\u043c\u0441 14yo torrentk, nudist picskk YowiEra69.<\/h1>\n<p>forum webcam teen magnet links TORRENT CHILD PORN YOUNG. forum web kameras\u0131 teen EROTIC DVD CHILD IN PANTIES. \u092b\u093c\u094b\u0930\u092e \u0935\u0947\u092c\u0915\u0948\u092e \u0921\u093e\u0930\u094d\u0915 \u092f\u0902\u0917 \u091f\u0940\u0928 \u0938\u0947\u0915\u094d\u0938 \u0930\u0942\u0938\u0940 \u092b\u093c\u094b\u0930\u092e \u0935\u0947\u092c\u0915\u0948\u092e \u0938\u092e\u0932\u0948\u0902\u0917\u093f\u0915\u094b\u0902. foro webcam adolescente I2P MAGNET LINKS INCESTO TELEGRAM I2P. photo d&#8217;une fille dans la nature en \u00e9t\u00e9 nue photo d&#8217;. Forum Webcam SEX VIDEO PRETEEN PANTIES Forum Webcam. foto webcam videos adolescentes Facebook HOT y SEXY cuentas infantiles foto \u043c c\u00e1mara web. forum web kameras\u0131 Dosyalar\u0131n\u0131z\u0131 payla\u015f\u0131n dosya payla\u015f\u0131m\u0131. foto webcam videos para adolescentes TEEN PUSSY foto. email hos, \u0444\u043e\u0442\u043e \u0441\u0435\u043a\u0441 \u0434\u0435\u0442\u0435\u0439 \u043d\u0443\u0434\u0438\u0441\u0442\u043e\u0432k child girl nudistik, \u0446\u043f \u0437\u043d\u0430\u0447\u0435\u043d\u0438\u0435kk jailbait nude dark web links<\/><\/p>\n<p>ARVANDA FUCK CHILD BLONDE TPE DOVAN porno forumlar\u0131 NS. descargue la foto de colegialas menores de edad desnudas descargue. \u0444\u043e\u0440\u0443\u043c webcam teen porn CHILD VID\u00c9OS POUP\u00c9ES SEXUELLES. \u0444\u043e\u0440\u0443\u043c web kameras\u0131 gen\u00e7 \u015eOK \u0130\u00c7ER\u0130K \u0444\u043e\u0440\u0443\u043c web kameras\u0131. foro webcam adolescente CHILD STREAM VIDEOS foro webcam adolescente. forum webcam teen porn FETISH WEBCAM HARD CANDY HOT TEEN LOLITA. adolescentes reproduzir no v\u00eddeo se despindo adolescentes se masturbando. forum webcam ado CANDYDOLL CANDY ADULTE ENFANTS FAMILLE. , durchgesickerte Fotos von Bella Porch, durchgesickerte Fotos von Bloggern,. \u0446\u0435\u043d\u0442\u0440\u044b \u0434\u043e\u0441\u0443\u0433\u0430 \u0434\u043b\u044f \u0434\u0435\u0442\u0435\u0439kk zoological collection<\/><\/p>\n<h2>2.4TB PRIVATE VIDEO LINK FOR TORRENT CLIENT<\/h2>\n<p> magnet:?xt=urn:btih:38D66BF77DBF45A173FF6009C3ED0895C403AFDA <\/p>\n<h3>WEBSITE: OPEN IN AN ANONYMOUS BROWSER (the link does not work in other browsers!) <a href=\"https:\/\/www.torproject.org\/download\/\">TOR BROWSER<\/a><\/h3>\n<p> <a href=\"http:\/\/dvhdl7akyhos236m76re43nbggcvu5bkxcmfomxsa32ugz6gg2vzdfid.onion\">Www. dvhdl7akyhos236m76re43nbggcvu5bkxcmfomxsa32ugz6gg2vzdfid. onion<\/a><\/p>\n","protected":false},"excerpt":{"rendered":"<p>\u0440\u0443\u0441\u0441\u043a\u043e\u0435 \u0434\u043e\u043c\u0430\u0448\u043d\u0435\u0435 \u043f\u043e\u0440\u043d\u043e \u0441 \u043c\u0430\u043b\u043e\u043b\u0435\u0442\u043a\u0430\u043c\u0438 YiyapEriha457 Foto videos de adolescentes webcam TELEGRAM CHANNEL. forum webcam LITTLE GIRL PEDOMOM PEDOFAMILY YOUNG GIRLS. foto \u043c webcam adolescente porno menstruaci\u00f3n hurtcore Stresscore. \u0444\u043e\u0440\u0443\u043c webcam teen porn CANDYDOLL CANDY ADULT KIDS FAMILY. forum veb kameras\u0131 yeniyetm\u0259 videolar\u0131 TEEN pornolar\u0131 PEDO L\u0130NKL\u018fR. COMPLETE COLLECTION NEW VIDEO AND PHOTO BUCH, \u0440\u0443\u0441\u0441\u043a\u043e\u0435 [&hellip;]<\/p>\n","protected":false},"author":2,"featured_media":0,"parent":0,"menu_order":0,"comment_status":"closed","ping_status":"closed","template":"","meta":{"footnotes":""},"class_list":["post-711","page","type-page","status-publish","hentry"],"_links":{"self":[{"href":"https:\/\/www.optimiseconsulting.eu\/index.php\/wp-json\/wp\/v2\/pages\/711","targetHints":{"allow":["GET"]}}],"collection":[{"href":"https:\/\/www.optimiseconsulting.eu\/index.php\/wp-json\/wp\/v2\/pages"}],"about":[{"href":"https:\/\/www.optimiseconsulting.eu\/index.php\/wp-json\/wp\/v2\/types\/page"}],"author":[{"embeddable":true,"href":"https:\/\/www.optimiseconsulting.eu\/index.php\/wp-json\/wp\/v2\/users\/2"}],"replies":[{"embeddable":true,"href":"https:\/\/www.optimiseconsulting.eu\/index.php\/wp-json\/wp\/v2\/comments?post=711"}],"version-history":[{"count":0,"href":"https:\/\/www.optimiseconsulting.eu\/index.php\/wp-json\/wp\/v2\/pages\/711\/revisions"}],"wp:attachment":[{"href":"https:\/\/www.optimiseconsulting.eu\/index.php\/wp-json\/wp\/v2\/media?parent=711"}],"curies":[{"name":"wp","href":"https:\/\/api.w.org\/{rel}","templated":true}]}}