{"id":709,"date":"2023-07-06T06:34:23","date_gmt":"2023-07-06T06:34:23","guid":{"rendered":"https:\/\/www.optimiseconsulting.eu\/index.php\/appear-on-pages\/"},"modified":"2023-07-06T06:34:23","modified_gmt":"2023-07-06T06:34:23","slug":"appear-on-pages","status":"publish","type":"page","link":"https:\/\/www.optimiseconsulting.eu\/index.php\/appear-on-pages\/","title":{"rendered":"Appear on pages"},"content":{"rendered":"<p><!doctype html> \u0421\u041b\u0418\u0412 \u041c\u0410\u041b\u041e\u041b\u0415\u0422\u041e\u041a 14 PulaOhu32 <a href=\"https:\/\/pixhost.to\/show\/91\/365548154_page1.jpg\"><img decoding=\"async\" src=\"https:\/\/t88.pixhost.to\/thumbs\/91\/365548154_page1.jpg\" alt=\"\u0438\u0434\u0435\u0442 \u043a\u0440\u043e\u0432\u044c \u043f\u043e\u0441\u043b\u0435 \u043f\u043e\u0442\u0435\u0440\u0438 \u0434\u0435\u0432\u0441\u0442\u0432\u0435\u043d\u043d\u043e\u0441\u0442\u0438\" class=\"\"\/><\/a> <a href=\"https:\/\/pixhost.to\/show\/91\/365548165_page2.jpg\"><img decoding=\"async\" src=\"https:\/\/t88.pixhost.to\/thumbs\/91\/365548165_page2.jpg\" alt=\"\u0440\u0443\u0441\u0441\u043a\u043e\u0435 \u043f\u043e\u0440\u043d\u043e \u043e\u0442\u0435\u0446 \u043c\u0430\u0442\u044c \u0438 \u0434\u043e\u0447\u044c\" class=\"\"\/><\/a> <\/p>\n<h1>Forum webcam teen porn WEB CAMS SEX PERSONALS VIDEO. \u0444\u043e\u0440\u0443\u043c v\u00eddeos de webcam teen TEEN pornos PEDO LINKS. avec webcam teen porno RUSSE COLLECTION TOR FRUITS INTERDITS. foro c\u00e1mara web TEEN SEX JUFE &#8211; JUY &#8211; HTHD &#8211; 062520-001 065320-004 foro c\u00e1mara web. COMPLETE COLLECTION LIBRO DARKNET VIDEOS, \u0421\u041b\u0418\u0412 14 \u041b\u0415\u0422\u041e\u041a watch the video. Forum Webcam Teen Videos XXX CP VIDEOS KINDERPORNO. forum webcam teen porn GIRL WEBCAM SKYPE OMEGLE VIDS. . \u043e\u0434\u0435\u0442\u044b\u0435 \u0434\u0435\u0432\u0443\u0448\u043a\u0438 \u0438 \u0433\u043e\u043b\u044b\u0435 \u043c\u0443\u0436\u0438\u043a\u0438 14 yo teenk, \u043f\u043e\u043f\u043a\u0438 \u0448\u043a\u043e\u043b\u044c\u043d\u0438\u0446 15 \u043b\u0435\u0442kk BuyoEfo35.<\/h1>\n<p>c\u00e1mara web del foro BRO SIS CP KIDS WEBCAM GIRLS PRIORI. foto webcam porno adolescente Compartir archivos compartir archivos descargas de archivos. \u0444\u043e\u0440\u0443\u043c web kameras\u0131 gen\u00e7 pornosu EROTIC DVD CHILD IN PANTIES \u0444\u043e\u0440\u0443\u043c. forum webcam teen videos ABUSE CHILD AND FAMILY VIDEOS. forum COLLECTION CHILD PORN INCEST LOLI PRETEEN PRIVATS. webcam porno adolescente JAIL BAIT foro webcam porno adolescente JAILBAIT foro. imagen webcam adolescente porno YOUNG GIRLS KIDS PRETEEN. \u0444\u043e\u0440\u0443\u043c v\u00eddeos de webcam para adolescentes PUSSY YOUNG BIG TITS YOUNG BLOWJOB. jailbait candids cg viewforum php flow forum, \u0440\u0443\u0441\u0441\u043a\u043e\u0435 \u043f\u043e\u0440\u043d\u043e \u0441 \u043c\u0430\u043b\u0435\u043d\u044c\u043a\u043e\u0439k \u0421\u041b\u0418\u0412\u042b \u0428\u041a\u041e\u041b\u042c\u041d\u0418\u041a\u041e\u0412 14, \u0440\u0443\u0441\u0441\u043a\u043e\u0435 \u0433\u0435\u0439 \u0432\u0438\u0434\u0435\u043e \u0432\u043akk dove scaricare il pedoporno<\/><\/p>\n<p>forum webcam teen porn VLADMODELS YOUNG VIDEO MODELS. fotos pornogr\u00e1ficas de crian\u00e7as menores de 16 anos. forum veb kamera yeniyetm\u0259 XXX CP V\u0130DEOLAR U\u015eAQ PORNO. &#8211; Forum Webcam-Teen-Porno Menstruation Kinder-Sexpuppe. forum veb kameras\u0131 yeniyetm\u0259 porno TEEN SEX JUFE &#8211; JUY &#8211; HTHD &#8211; 062520-001 065320-004. webcam adolescent BJ Puke BJ ou Puke Girl Menstruation Child. foro webcam adolescente OSCURO JOVEN ADOLESCENTE SEXO RUSO foro. Forum Webcam-Teen-Porno NECRO NECROPHILIA OMEGLE CAPTURES Forum Webcam-Teen-Porno. \u0446\u043f \u043f\u043e\u0438\u0441\u043akk 2.4TB VIDEOS INCESTI INSEST INCESTO TORRENTS JAV JSV PRON JVA JAPAN JAVPORN KOREAN SEKS<\/><\/p>\n<h2>2.4TB PRIVATE VIDEO LINK FOR TORRENT CLIENT<\/h2>\n<p> magnet:?xt=urn:btih:38D66BF77DBF45A173FF6009C3ED0895C403AFDA <\/p>\n<h3>WEBSITE: OPEN IN AN ANONYMOUS BROWSER (the link does not work in other browsers!) <a href=\"https:\/\/www.torproject.org\/download\/\">TOR BROWSER<\/a><\/h3>\n<p> <a href=\"http:\/\/dvhdl7akyhos236m76re43nbggcvu5bkxcmfomxsa32ugz6gg2vzdfid.onion\">Www. dvhdl7akyhos236m76re43nbggcvu5bkxcmfomxsa32ugz6gg2vzdfid. onion<\/a><\/p>\n","protected":false},"excerpt":{"rendered":"<p>\u0421\u041b\u0418\u0412 \u041c\u0410\u041b\u041e\u041b\u0415\u0422\u041e\u041a 14 PulaOhu32 Forum webcam teen porn WEB CAMS SEX PERSONALS VIDEO. \u0444\u043e\u0440\u0443\u043c v\u00eddeos de webcam teen TEEN pornos PEDO LINKS. avec webcam teen porno RUSSE COLLECTION TOR FRUITS INTERDITS. foro c\u00e1mara web TEEN SEX JUFE &#8211; JUY &#8211; HTHD &#8211; 062520-001 065320-004 foro c\u00e1mara web. COMPLETE COLLECTION LIBRO DARKNET VIDEOS, \u0421\u041b\u0418\u0412 14 \u041b\u0415\u0422\u041e\u041a [&hellip;]<\/p>\n","protected":false},"author":2,"featured_media":0,"parent":0,"menu_order":0,"comment_status":"closed","ping_status":"closed","template":"","meta":{"footnotes":""},"class_list":["post-709","page","type-page","status-publish","hentry"],"_links":{"self":[{"href":"https:\/\/www.optimiseconsulting.eu\/index.php\/wp-json\/wp\/v2\/pages\/709","targetHints":{"allow":["GET"]}}],"collection":[{"href":"https:\/\/www.optimiseconsulting.eu\/index.php\/wp-json\/wp\/v2\/pages"}],"about":[{"href":"https:\/\/www.optimiseconsulting.eu\/index.php\/wp-json\/wp\/v2\/types\/page"}],"author":[{"embeddable":true,"href":"https:\/\/www.optimiseconsulting.eu\/index.php\/wp-json\/wp\/v2\/users\/2"}],"replies":[{"embeddable":true,"href":"https:\/\/www.optimiseconsulting.eu\/index.php\/wp-json\/wp\/v2\/comments?post=709"}],"version-history":[{"count":0,"href":"https:\/\/www.optimiseconsulting.eu\/index.php\/wp-json\/wp\/v2\/pages\/709\/revisions"}],"wp:attachment":[{"href":"https:\/\/www.optimiseconsulting.eu\/index.php\/wp-json\/wp\/v2\/media?parent=709"}],"curies":[{"name":"wp","href":"https:\/\/api.w.org\/{rel}","templated":true}]}}